{"id":79423,"date":"2023-10-18T09:51:03","date_gmt":"2023-10-18T07:51:03","guid":{"rendered":"https:\/\/galicianparts.com\/shop\/producto\/950024-latiguillo-freno-720x35mm-fiat-citroen-nuevo-original\/"},"modified":"2023-10-18T09:53:10","modified_gmt":"2023-10-18T07:53:10","slug":"950024-latiguillo-freno-720x35mm-fiat-citroen-nuevo-original","status":"publish","type":"product","link":"https:\/\/galicianparts.com\/shop\/producto\/950024-latiguillo-freno-720x35mm-fiat-citroen-nuevo-original\/","title":{"rendered":"950024 Latiguillo freno 720&#215;3,5mm Fiat \/Citro\u00ebn NUEVO ORIGINAL"},"content":{"rendered":"<p>Tubo de freno de Fiat y Citro\u00ebn.<br \/>\nM\u00e9trica: 8<br \/>\nLargo: 720 mm<br \/>\nDi\u00e1metro: 3,5 mm <\/p>\n<p>LA PIEZA ES NUEVA Y ORIGINAL.<\/p>\n","protected":false},"excerpt":{"rendered":"<p>Tubo de freno de Fiat y Citro\u00ebn. M\u00e9trica: 8 Largo: 720 mm Di\u00e1metro: 3,5 mm LA PIEZA ES NUEVA Y ORIGINAL.<\/p>\n","protected":false},"featured_media":79426,"template":"","meta":{"_seopress_robots_primary_cat":"","_seopress_titles_title":"","_seopress_titles_desc":"","_seopress_robots_index":""},"product_cat":[23,20],"product_tag":[],"class_list":{"0":"post-79423","1":"product","2":"type-product","3":"status-publish","4":"has-post-thumbnail","6":"product_cat-recambios-citroen","7":"product_cat-recambios-fiat","9":"first","10":"instock","11":"taxable","12":"shipping-taxable","13":"purchasable","14":"product-type-simple"},"_links":{"self":[{"href":"https:\/\/galicianparts.com\/shop\/wp-json\/wp\/v2\/product\/79423"}],"collection":[{"href":"https:\/\/galicianparts.com\/shop\/wp-json\/wp\/v2\/product"}],"about":[{"href":"https:\/\/galicianparts.com\/shop\/wp-json\/wp\/v2\/types\/product"}],"wp:featuredmedia":[{"embeddable":true,"href":"https:\/\/galicianparts.com\/shop\/wp-json\/wp\/v2\/media\/79426"}],"wp:attachment":[{"href":"https:\/\/galicianparts.com\/shop\/wp-json\/wp\/v2\/media?parent=79423"}],"wp:term":[{"taxonomy":"product_cat","embeddable":true,"href":"https:\/\/galicianparts.com\/shop\/wp-json\/wp\/v2\/product_cat?post=79423"},{"taxonomy":"product_tag","embeddable":true,"href":"https:\/\/galicianparts.com\/shop\/wp-json\/wp\/v2\/product_tag?post=79423"}],"curies":[{"name":"wp","href":"https:\/\/api.w.org\/{rel}","templated":true}]}}