{"id":79497,"date":"2023-10-19T12:33:01","date_gmt":"2023-10-19T10:33:01","guid":{"rendered":"https:\/\/galicianparts.com\/shop\/producto\/ft-4781-filtro-aceite-fiat-lancia-alfa-romeo-peugeot-seat-original-fiaam\/"},"modified":"2024-11-21T22:53:03","modified_gmt":"2024-11-21T20:53:03","slug":"ft-4781-filtro-aceite-fiat-lancia-alfa-romeo-peugeot-seat-original-fiaam","status":"publish","type":"product","link":"https:\/\/galicianparts.com\/shop\/producto\/ft-4781-filtro-aceite-fiat-lancia-alfa-romeo-peugeot-seat-original-fiaam\/","title":{"rendered":"FT 4781 Filtro aceite Fiat \/Lancia \/Alfa Romeo \/Peugeot \/Seat ORIGINAL FIAAM"},"content":{"rendered":"<p>4397165 Filtro de aceite FIAAM FT 4781 del motor de:<br \/>\nM\u00e9trica: 18<br \/>\nDi\u00e1metro: 108 mm<br \/>\nAltura: 112 mm<\/p>\n<p>FIAT Regata (138)<br \/>\n1.3 70, A\u00f1o 09.1983 &#8211; 07.1989, 1301 ccm, 65 cv<br \/>\n1.3 70, A\u00f1o 09.1983 &#8211; 07.1986, 1301 ccm, 68 cv<br \/>\n1.5 75, A\u00f1o 12.1983 &#8211; 07.1989, 1498 ccm, 75 cv<br \/>\n1.5 85, A\u00f1o 05.1985 &#8211; 12.1987, 1498 ccm, 79 cv<br \/>\n1.5 Super 85, A\u00f1o 09.1983 &#8211; 04.1985, 1498 ccm, 82 cv<br \/>\nFIAT X 1\/9 (128)<br \/>\n1.3, A\u00f1o 10.1975 &#8211; 06.1978, 1290 ccm, 73 cv<br \/>\n1.3, A\u00f1o 05.1973 &#8211; 12.1979, 1290 ccm, 75 cv<br \/>\n1.5, A\u00f1o 06.1985 &#8211; 12.1989, 1499 ccm, 76 cv<br \/>\n1.5 (128AS1_), A\u00f1o 11.1978 &#8211; 12.1989, 1498 ccm, 85 cv<br \/>\nFIAT Ritmo I Cabrio<br \/>\n50 1.3, A\u00f1o 10.1985 &#8211; 12.1987, 1302 ccm, 68 cv<br \/>\n1.5 80, A\u00f1o 03.1983 &#8211; 12.1986, 1498 ccm, 82 cv<br \/>\n1.5 80, A\u00f1o 01.1980 &#8211; 07.1989, 1498 ccm, 86 cv<br \/>\nFIAT Ritmo I Hatchback (138)<br \/>\n1.0, A\u00f1o 09.1978 &#8211; 09.1982, 1049 ccm, 60 cv<br \/>\n1.1, A\u00f1o 10.1982 &#8211; 12.1987, 1116 ccm, 55 cv<br \/>\n1.1, A\u00f1o 04.1985 &#8211; 12.1987, 1116 ccm, 58 cv<br \/>\n1.1, A\u00f1o 08.1980 &#8211; 08.1988, 1116 ccm, 60 cv<br \/>\n1.3, A\u00f1o 01.1978 &#8211; 08.1985, 1301 ccm, 65 cv<br \/>\n1.3, A\u00f1o 01.1983 &#8211; 04.1985, 1301 ccm, 68 cv<br \/>\n1.3, A\u00f1o 01.1981 &#8211; 09.1982, 1301 ccm, 75 cv<br \/>\n1.5, A\u00f1o 01.1978 &#8211; 12.1988, 1498 ccm, 75 cv<br \/>\n1.5, A\u00f1o 08.1985 &#8211; 05.1987, 1498 ccm, 79 cv<br \/>\n1.5, A\u00f1o 01.1983 &#8211; 12.1987, 1498 ccm, 82 cv<br \/>\n1.5, A\u00f1o 01.1981 &#8211; 05.1987, 1498 ccm, 85 cv<br \/>\nFIAT 124 Sport Spider (124)<br \/>\n1500 Sport (BS), A\u00f1o 01.1966 &#8211; 12.1972, 1438 ccm, 90 cv<br \/>\nFIAT 127 Hatchback (127)<br \/>\n1.0 Sport, A\u00f1o 07.1978 &#8211; 02.1982, 1049 ccm, 70 cv<br \/>\n1.3 Sport, A\u00f1o 12.1981 &#8211; 05.1983, 1301 ccm, 75 cv<br \/>\nFIAT 128 Coup\u00e9 (128)<br \/>\n1.1, A\u00f1o 03.1972 &#8211; 02.1981, 1116 ccm, 64 cv<br \/>\n1.1, A\u00f1o 08.1975 &#8211; 02.1981, 1116 ccm, 65 cv<br \/>\n1.3, A\u00f1o 03.1972 &#8211; 12.1979, 1290 ccm, 75 cv<br \/>\n1.3 Berlinetta, A\u00f1o 06.1975 &#8211; 12.1979, 1290 ccm, 73 cv<br \/>\nFIAT 128 Berlina (128)<br \/>\n1.1, A\u00f1o 02.1975 &#8211; 09.1981, 1116 ccm, 45 cv<br \/>\n1.1 (128A), A\u00f1o 03.1969 &#8211; 12.1984, 1116 ccm, 55 cv<br \/>\n1.3 (128A), A\u00f1o 08.1974 &#8211; 12.1984, 1290 ccm, 60 cv<br \/>\n1.3 Rally (128A), A\u00f1o 07.1971 &#8211; 02.1976, 1290 ccm, 67 cv<br \/>\nFIAT Tempra (159)<br \/>\n1.4 i.e. (159.AA), A\u00f1o 03.1991 &#8211; 08.1996, 1372 ccm, 78 cv<br \/>\n1.4 i.e., A\u00f1o 04.1990 &#8211; 08.1996, 1372 ccm, 69 cv<br \/>\n1.6 (159.AD), A\u00f1o 03.1990 &#8211; 04.1994, 1581 ccm, 86 cv<br \/>\n1.6 i.e., A\u00f1o 06.1990 &#8211; 07.1992, 1581 ccm, 78 cv<br \/>\n1.6 i.e., A\u00f1o 06.1994 &#8211; 08.1996, 1581 ccm, 87 cv<br \/>\n1.6 i.e., A\u00f1o 06.1994 &#8211; 08.1996, 1581 ccm, 90 cv<br \/>\n1.6 i.e., A\u00f1o 06.1992 &#8211; 08.1996, 1581 ccm, 75 cv<br \/>\nFIAT Panda I Hatchback (141)<br \/>\n1.3 D, A\u00f1o 04.1986 &#8211; 12.1992, 1302 ccm, 37 cv<br \/>\nFIAT Tipo Hatchback (160)<br \/>\n1.4, A\u00f1o 07.1987 &#8211; 12.1989, 1372 ccm, 71 cv<br \/>\n1.4 i.e., A\u00f1o 05.1989 &#8211; 04.1995, 1372 ccm, 78 cv<br \/>\n1.4 i.e., A\u00f1o 05.1989 &#8211; 04.1995, 1372 ccm, 70 cv<br \/>\n1.6, A\u00f1o 01.1988 &#8211; 10.1991, 1581 ccm, 83 cv<br \/>\n1.6 i.e., A\u00f1o 02.1988 &#8211; 05.1991, 1595 ccm, 90 cv<br \/>\n1.6 i.e., A\u00f1o 10.1992 &#8211; 04.1995, 1581 ccm, 75 cv<br \/>\n1.6 i.e., A\u00f1o 07.1990 &#8211; 01.1993, 1581 ccm, 78 cv<br \/>\n1.6 SX DGT, A\u00f1o 05.1989 &#8211; 10.1995, 1581 ccm, 90 cv<br \/>\nFIAT Fiorino Furg\u00f3n (127)<br \/>\n1.0, A\u00f1o 01.1980 &#8211; 12.1987, 1049 ccm, 50 cv<br \/>\nFIAT Fiorino II Furg\u00f3n (146)<br \/>\n60 1.1, A\u00f1o 05.1988 &#8211; 12.1993, 1116 ccm, 54 cv<br \/>\n70 1.3, A\u00f1o 01.1988 &#8211; 12.1994, 1301 ccm, 67 cv<br \/>\n70 i.e. 1.4, A\u00f1o 05.1994 &#8211; 05.2001, 1372 ccm, 67 cv<br \/>\n75 i.e. 1.5, A\u00f1o 05.1988 &#8211; 12.1993, 1498 ccm, 75 cv<br \/>\n75 i.e. 1.6, A\u00f1o 10.1993 &#8211; 05.2001, 1581 ccm, 75 cv<br \/>\nFIAT Fiorino I Furg\u00f3n (147)<br \/>\n1.0, A\u00f1o 01.1980 &#8211; 12.1987, 1049 ccm, 50 cv<br \/>\n1.0, A\u00f1o 12.1986 &#8211; 04.1988, 1049 ccm, 56 cv<br \/>\n1.1 60, A\u00f1o 11.1986 &#8211; 04.1988, 1116 ccm, 55 cv<br \/>\n1.3, A\u00f1o 12.1987 &#8211; 08.1993, 1301 ccm, 67 cv<br \/>\nFIAT Punto I Hatchback (176)<br \/>\n1.4 GT Turbo (176AD_), A\u00f1o 10.1993 &#8211; 03.1997, 1372 ccm, 133 cv<br \/>\n1.4 GT Turbo (176AS_), A\u00f1o 09.1996 &#8211; 07.1999, 1372 ccm, 131 cv<br \/>\n1.6, A\u00f1o 01.1994 &#8211; 04.1997, 1581 ccm, 88 cv<br \/>\nFIAT Punto I Cabrio (176)<br \/>\n1.6 90, A\u00f1o 04.1994 &#8211; 04.1997, 1581 ccm, 88 cv<br \/>\nFIAT Uno Hatchback (146)<br \/>\n1.1, A\u00f1o 10.1988 &#8211; 06.2006, 1108 ccm, 58 cv<br \/>\n1.3 Turbo i.e., A\u00f1o 01.1987 &#8211; 12.1987, 1301 ccm, 99 cv<br \/>\n1.3 Turbo i.e., A\u00f1o 09.1989 &#8211; 03.1991, 1301 ccm, 101 cv<br \/>\n1.3 Turbo i.e., A\u00f1o 04.1985 &#8211; 08.1989, 1301 ccm, 105 cv<br \/>\n1.4 Turbo i.e., A\u00f1o 09.1989 &#8211; 09.1993, 1372 ccm, 112 cv<br \/>\n1.4 Turbo i.e., A\u00f1o 12.1989 &#8211; 12.1996, 1372 ccm, 118 cv<br \/>\n1.6, A\u00f1o 12.1989 &#8211; 04.1993, 1581 ccm, 88 cv<br \/>\n1.1 55, A\u00f1o 01.1983 &#8211; 08.1989, 1116 ccm, 54 cv<br \/>\n1.1 60, A\u00f1o 04.1989 &#8211; 12.1992, 1108 ccm, 57 cv<br \/>\n1.3 70, A\u00f1o 05.1985 &#8211; 08.1989, 1302 ccm, 65 cv<br \/>\n1.3 70, A\u00f1o 01.1983 &#8211; 04.1985, 1302 ccm, 68 cv<br \/>\n1.4 i.e. 70, A\u00f1o 09.1989 &#8211; 07.1996, 1372 ccm, 70 cv<br \/>\n1.4 i.e. 70, A\u00f1o 09.1989 &#8211; 12.1993, 1372 ccm, 72 cv<br \/>\n1.4 S 70, A\u00f1o 10.1988 &#8211; 06.2006, 1372 ccm, 71 cv<br \/>\n75 i.e. 1.5, A\u00f1o 10.1985 &#8211; 12.1993, 1498 ccm, 75 cv<br \/>\nFIAT 238-Serie Bus<br \/>\n1.4, A\u00f1o 10.1967 &#8211; 06.1982, 1440 ccm, 52 cv<br \/>\nFIAT 124 Berlina (124)<br \/>\n1400 Special, A\u00f1o 12.1968 &#8211; 12.1972, 1438 ccm, 70 cv<br \/>\n1400 Special (124A), A\u00f1o 01.1971 &#8211; 07.1975, 1438 ccm, 75 cv<br \/>\n1600 Special T (124A), A\u00f1o 01.1973 &#8211; 07.1975, 1592 ccm, 95 cv<br \/>\nFIAT 124 Coup\u00e9 (124)<br \/>\n1.4 Sport, A\u00f1o 06.1967 &#8211; 10.1972, 1438 ccm, 90 cv<br \/>\n1.6, A\u00f1o 11.1971 &#8211; 10.1973, 1608 ccm, 100 cv<br \/>\n1.6, A\u00f1o 04.1970 &#8211; 10.1973, 1608 ccm, 110 cv<br \/>\n1.8 Sport, A\u00f1o 01.1973 &#8211; 02.1976, 1756 ccm, 118 cv<br \/>\nFIAT 128 Familiare (128)<br \/>\n1.1, A\u00f1o 02.1975 &#8211; 02.1981, 1116 ccm, 45 cv<br \/>\n1.1, A\u00f1o 10.1969 &#8211; 10.1982, 1116 ccm, 55 cv<br \/>\n1.3, A\u00f1o 12.1974 &#8211; 10.1982, 1290 ccm, 60 cv<br \/>\nFIAT Duna (146)<br \/>\n60 1.1, A\u00f1o 01.1987 &#8211; 12.1991, 1116 ccm, 58 cv<br \/>\n70 1.3, A\u00f1o 01.1987 &#8211; 12.1991, 1301 ccm, 67 cv<br \/>\nFIAT Fiorino II Pick-up (146)<br \/>\n1.3, A\u00f1o 01.1988 &#8211; 12.1994, 1301 ccm, 67 cv<br \/>\n1.4, A\u00f1o 05.1994 &#8211; 05.2001, 1372 ccm, 67 cv<br \/>\n1.6, A\u00f1o 01.1994 &#8211; 05.2001, 1581 ccm, 75 cv<br \/>\nFIAT Fiorino Pick-up (147)<br \/>\n1.0, A\u00f1o 06.1982 &#8211; 10.1987, 1049 ccm, 50 cv<br \/>\n1.0, A\u00f1o 12.1986 &#8211; 10.1989, 1049 ccm, 56 cv<br \/>\nFIAT 147 Panorama<br \/>\n1.3 D, A\u00f1o 07.1982 &#8211; 07.1983, 1301 ccm, 45 cv<br \/>\nFIAT Campagnola<br \/>\n2.4 D, A\u00f1o 06.1974 &#8211; 10.1989, 2445 ccm, 72 cv<br \/>\nFIAT Fiorino II MPV (146)<br \/>\n1.1 (146C4), A\u00f1o 01.1988 &#8211; 10.1992, 1116 ccm, 54 cv<br \/>\n1.3 (146AW), A\u00f1o 01.1988 &#8211; 10.1992, 1301 ccm, 67 cv<br \/>\n1.4 iE (146RB), A\u00f1o 10.1993 &#8211; 10.1996, 1372 ccm, 71 cv<br \/>\n1.5 (149A9), A\u00f1o 01.1988 &#8211; 10.1992, 1498 ccm, 75 cv<\/p>\n<p>ALFA ROMEO 155 (167)<br \/>\n2.5 V6 (167.A1C, 167.A1), A\u00f1o 03.1992 &#8211; 05.1995, 2492 ccm, 165 cv<br \/>\n2.5 V6 (167.A1C, 167.A1E), A\u00f1o 09.1992 &#8211; 12.1997, 2492 ccm, 163 cv<br \/>\nALFA ROMEO 164 (164)<br \/>\n2.0 (164A2C), A\u00f1o 06.1987 &#8211; 09.1998, 1962 ccm, 138 cv<br \/>\n2.0 V6 Turbo, A\u00f1o 03.1991 &#8211; 09.1992, 1996 ccm, 204 cv<br \/>\n2.0 V6 Turbo, A\u00f1o 09.1992 &#8211; 09.1998, 1996 ccm, 201 cv<br \/>\n2.5 V6 (164A1C), A\u00f1o 09.1992 &#8211; 09.1998, 2492 ccm, 163 cv<br \/>\n3.0 i.e. QV, A\u00f1o 09.1990 &#8211; 09.1992, 2959 ccm, 200 cv<br \/>\n3.0 V6, A\u00f1o 09.1992 &#8211; 09.1998, 2959 ccm, 180 cv<br \/>\nALFA ROMEO Alfasud Hatchback (901)<br \/>\n1.2, A\u00f1o 06.1972 &#8211; 09.1984, 1186 ccm, 63 cv<br \/>\n1.2, A\u00f1o 03.1980 &#8211; 09.1984, 1186 ccm, 60 cv<br \/>\n1.2 ti, A\u00f1o 11.1973 &#8211; 09.1984, 1186 ccm, 68 cv<br \/>\n1.3 (901.F0), A\u00f1o 05.1978 &#8211; 04.1980, 1286 ccm, 68 cv<br \/>\n1.3 SC\/ti Super (901F3C, 901G2), A\u00f1o 09.1977 &#8211; 09.1984, 1351 ccm, 76 cv<br \/>\n1.3 Super, A\u00f1o 01.1979 &#8211; 09.1984, 1351 ccm, 69 cv<br \/>\n1.3 ti, A\u00f1o 09.1977 &#8211; 09.1984, 1286 ccm, 75 cv<br \/>\n1.3 ti (901.G4), A\u00f1o 07.1979 &#8211; 06.1984, 1351 ccm, 86 cv<br \/>\nALFA ROMEO Alfasud Giardinetta (904)<br \/>\n1.2 (904A), A\u00f1o 01.1978 &#8211; 12.1981, 1186 ccm, 63 cv<br \/>\n1.3 (904B), A\u00f1o 01.1978 &#8211; 07.1979, 1286 ccm, 65 cv<br \/>\nALFA ROMEO GTV (916, 916C)<br \/>\n2.0 V6 Turbo, A\u00f1o 06.1995 &#8211; 09.1998, 1996 ccm, 202 cv<br \/>\n3.0 V6 24V, A\u00f1o 10.1996 &#8211; 10.2000, 2959 ccm, 220 cv<br \/>\n3.0 V6 24V, A\u00f1o 10.2000 &#8211; 10.2005, 2959 ccm, 218 cv<br \/>\n3.2 V6 24V (916CXB00), A\u00f1o 04.2003 &#8211; 10.2005, 3179 ccm, 240 cv<br \/>\nALFA ROMEO Spider (916, 916S)<br \/>\n2.0 V6 Turbo, A\u00f1o 05.1998 &#8211; 04.2005, 1996 ccm, 202 cv<br \/>\n3.0 V6, A\u00f1o 06.1995 &#8211; 04.2005, 2959 ccm, 192 cv<br \/>\n3.0 V6, A\u00f1o 09.1994 &#8211; 04.2005, 2959 ccm, 218 cv<br \/>\n3.0 V6 24V (916S1), A\u00f1o 01.1999 &#8211; 10.2003, 2959 ccm, 220 cv<br \/>\n3.2 V6 24V (916SXB00), A\u00f1o 04.2003 &#8211; 04.2005, 3179 ccm, 240 cv<br \/>\nALFA ROMEO 156 (932)<br \/>\n3.2 GTA, A\u00f1o 03.2002 &#8211; 09.2005, 3179 ccm, 250 cv<br \/>\nALFA ROMEO 166 (936)<br \/>\n2.0 V6, A\u00f1o 09.1998 &#8211; 10.2000, 1996 ccm, 205 cv<br \/>\n2.5 V6 24V, A\u00f1o 10.2000 &#8211; 06.2007, 2492 ccm, 188 cv<br \/>\n2.5 V6 24V, A\u00f1o 09.1998 &#8211; 12.2006, 2492 ccm, 190 cv<br \/>\n3.0 V6 24V (936A1000, 936A1001), A\u00f1o 09.1998 &#8211; 06.2007, 2959 ccm, 226 cv<br \/>\n3.0 V6 24V, A\u00f1o 10.2000 &#8211; 06.2007, 2959 ccm, 220 cv<br \/>\n3.2 V6 24V (936AXB00, 936AXA00), A\u00f1o 10.2003 &#8211; 06.2007, 3179 ccm, 240 cv<br \/>\nALFA ROMEO 147 (937)<br \/>\n3.2 GTA (937.AXL1), A\u00f1o 02.2003 &#8211; 03.2010, 3179 ccm, 250 cv<br \/>\nALFA ROMEO GT (937)<br \/>\n3.2 GTA (937CXP1B), A\u00f1o 11.2003 &#8211; 09.2010, 3179 ccm, 240 cv<\/p>\n<p>AUTOBIANCHI Y10 Hatchback<br \/>\n1.0, A\u00f1o 03.1985 &#8211; 10.1995, 1049 ccm, 56 cv<br \/>\n1.3 i.e. GT, A\u00f1o 06.1989 &#8211; 10.1995, 1297 ccm, 73 cv<br \/>\n1.3 i.e. GT, A\u00f1o 06.1989 &#8211; 10.1995, 1301 ccm, 78 cv<\/p>\n<p>LANCIA Kappa (838)<br \/>\n3.0 24V (838AD1AA, 838AD11A, 838XD1AA, 838ZD1AA), A\u00f1o 10.1994 &#8211; 10.2001, 2959 ccm, 204 cv<br \/>\nLANCIA Dedra Berlina (835)<br \/>\n1.6 i.e., A\u00f1o 08.1989 &#8211; 06.1994, 1581 ccm, 90 cv<br \/>\n1.6 i.e., A\u00f1o 08.1989 &#8211; 03.1993, 1581 ccm, 78 cv<br \/>\n1.6 i.e., A\u00f1o 04.1993 &#8211; 07.1999, 1581 ccm, 75 cv<br \/>\nLANCIA Delta I (831)<br \/>\n1.3 (831.AB), A\u00f1o 09.1983 &#8211; 08.1992, 1301 ccm, 79 cv<br \/>\n1.3, A\u00f1o 09.1979 &#8211; 08.1992, 1301 ccm, 75 cv<br \/>\n1.5, A\u00f1o 09.1979 &#8211; 12.1992, 1498 ccm, 86 cv<br \/>\nLANCIA Delta II (836)<br \/>\n1.4 i.e., A\u00f1o 10.1994 &#8211; 08.1999, 1372 ccm, 69 cv<br \/>\n1.6 i.e., A\u00f1o 06.1993 &#8211; 08.1999, 1581 ccm, 75 cv<br \/>\nLANCIA Thema (834)<br \/>\n2.0 i.e, A\u00f1o 09.1988 &#8211; 05.1992, 1995 ccm, 117 cv<br \/>\n2.8 2850 V6 i.e., A\u00f1o 06.1988 &#8211; 05.1992, 2849 ccm, 147 cv<br \/>\n3.0 V6, A\u00f1o 08.1992 &#8211; 07.1994, 2959 ccm, 171 cv<br \/>\nLANCIA Prisma (831)<br \/>\n1.3 (831AB), A\u00f1o 01.1983 &#8211; 12.1989, 1301 ccm, 79 cv<br \/>\n1.5 (831AB), A\u00f1o 09.1985 &#8211; 02.1992, 1498 ccm, 75 cv<br \/>\n1.5 (831AB), A\u00f1o 05.1986 &#8211; 07.1989, 1498 ccm, 80 cv<br \/>\n1.5 (831AB), A\u00f1o 01.1983 &#8211; 04.1986, 1498 ccm, 86 cv<br \/>\nLANCIA Y10 (156)<br \/>\n1.3 i.e. (156AB), A\u00f1o 11.1987 &#8211; 05.1993, 1301 ccm, 76 cv<br \/>\n1.3 i.e. (156AF), A\u00f1o 02.1989 &#8211; 12.1995, 1297 ccm, 72 cv<\/p>\n<p>PEUGEOT Boxer Cami\u00f3n de plataforma\/Chasis (244)<br \/>\n2.0 HDi, A\u00f1o 12.2001 &#8211; 06.2006, 1997 ccm, 84 cv<\/p>\n<p>SEAT Ronda (022A)<br \/>\n1.6, A\u00f1o 08.1983 &#8211; 09.1985, 1592 ccm, 92 cv<br \/>\nSEAT Marbella Hatchback (28)<br \/>\n0.8, A\u00f1o 08.1986 &#8211; 12.1993, 843 ccm, 34 cv<br \/>\n0.9, A\u00f1o 01.1987 &#8211; 12.1993, 903 ccm, 40 cv<br \/>\n0.9, A\u00f1o 07.1997 &#8211; 10.1998, 899 ccm, 44 cv<br \/>\n0.9 Cat, A\u00f1o 01.1990 &#8211; 11.1996, 903 ccm, 40 cv<br \/>\n0.9 Cat, A\u00f1o 11.1996 &#8211; 10.1998, 899 ccm, 41 cv<br \/>\nSEAT Terra (24)<br \/>\n0.9, A\u00f1o 02.1987 &#8211; 12.1996, 903 ccm, 40 cv<br \/>\n0.9 Cat, A\u00f1o 02.1992 &#8211; 12.1994, 903 ccm, 40 cv<br \/>\nSEAT Fura (025A)<br \/>\n0.9, A\u00f1o 03.1984 &#8211; 12.1986, 903 ccm, 40 cv<br \/>\n0.9, A\u00f1o 01.1982 &#8211; 06.1986, 903 ccm, 43 cv<br \/>\n0.9, A\u00f1o 01.1982 &#8211; 06.1986, 903 ccm, 45 cv<br \/>\n1.4 Crono, A\u00f1o 01.1982 &#8211; 06.1986, 1438 ccm, 75 cv<br \/>\nSEAT Ibiza I Hatchback (021A)<br \/>\n0.9, A\u00f1o 08.1990 &#8211; 05.1993, 903 ccm, 40 cv<br \/>\n0.9, A\u00f1o 08.1986 &#8211; 05.1993, 903 ccm, 44 cv<br \/>\nSEAT Arosa (6H)<br \/>\n1.0, A\u00f1o 05.1997 &#8211; 06.2004, 999 ccm, 50 cv<br \/>\n1.0, A\u00f1o 10.1998 &#8211; 01.2001, 997 ccm, 50 cv<br \/>\nSEAT Marbella Furg\u00f3n (028A)<br \/>\n0.8, A\u00f1o 01.1987 &#8211; 12.1993, 843 ccm, 34 cv<br \/>\n0.9, A\u00f1o 01.1987 &#8211; 12.1993, 903 ccm, 40 cv<br \/>\n0.9, A\u00f1o 05.1995 &#8211; 05.1999, 899 ccm, 41 cv<br \/>\n0.9 Cat, A\u00f1o 01.1987 &#8211; 12.1993, 903 ccm, 40 cv<\/p>\n<p>LA PIEZA ES NUEVA FIAAM.<\/p>\n","protected":false},"excerpt":{"rendered":"<p>4397165 Filtro de aceite FIAAM FT 4781 del motor de: M\u00e9trica: 18 Di\u00e1metro: 108 mm Altura: 112 mm FIAT Regata (138) 1.3 70, A\u00f1o 09.1983 &#8211; 07.1989, 1301 ccm, 65 cv 1.3 70, A\u00f1o 09.1983 &#8211; 07.1986, 1301 ccm, 68 cv 1.5 75, A\u00f1o 12.1983 &#8211; 07.1989, 1498 ccm, 75 cv 1.5 85, A\u00f1o 05.1985 [&hellip;]<\/p>\n","protected":false},"featured_media":79502,"template":"","meta":{"_seopress_robots_primary_cat":"","_seopress_titles_title":"","_seopress_titles_desc":"","_seopress_robots_index":""},"product_cat":[65,68,69,222,44,48,49,54,57,209,16,218,357,25,155,83,117,118,89,20,91,208,50,55,162,119,21,207,99,24,123,101,102,103,165,26,56,111,233,124,112,114,206,64,126],"product_tag":[],"class_list":{"0":"post-79497","1":"product","2":"type-product","3":"status-publish","4":"has-post-thumbnail","6":"product_cat-recambios-fiat-124","7":"product_cat-recambios-fiat-127","8":"product_cat-recambios-fiat-128","9":"product_cat-recambios-fiat-147","10":"product_cat-recambios-alfa-romeo-147","11":"product_cat-recambios-alfa-romeo-155","12":"product_cat-recambios-alfa-romeo-156","13":"product_cat-recambios-alfa-romeo-164","14":"product_cat-recambios-alfa-romeo-166","15":"product_cat-recambios-fiat-238","16":"product_cat-recambios-alfa-romeo","17":"product_cat-recambios-alfa-romeo-alfasud","18":"product_cat-recambios-seat-arosa","19":"product_cat-recambios-autobianchi","20":"product_cat-recambios-peugeot-boxer","21":"product_cat-recambios-fiat-campagnola","22":"product_cat-recambios-lancia-dedra","23":"product_cat-recambios-lancia-delta","24":"product_cat-recambios-fiat-duna","25":"product_cat-recambios-fiat","26":"product_cat-recambios-fiat-fiorino","27":"product_cat-recambios-seat-fura","28":"product_cat-recambios-alfa-romeo-gt","29":"product_cat-recambios-alfa-romeo-gtv","30":"product_cat-recambios-seat-ibiza","31":"product_cat-recambios-lancia-kappa","32":"product_cat-recambios-lancia","33":"product_cat-recambios-seat-marbella","34":"product_cat-recambios-fiat-panda","35":"product_cat-recambios-peugeot","36":"product_cat-recambios-lancia-prisma","37":"product_cat-recambios-fiat-punto","38":"product_cat-recambios-fiat-regata","39":"product_cat-recambios-fiat-ritmo","40":"product_cat-recambios-seat-ronda","41":"product_cat-recambios-seat","42":"product_cat-recambios-alfa-romeo-spider","43":"product_cat-recambios-fiat-tempra","44":"product_cat-recambios-seat-terra","45":"product_cat-recambios-lancia-thema","46":"product_cat-recambios-fiat-tipo","47":"product_cat-recambios-fiat-uno","48":"product_cat-recambios-fiat-x1-9","49":"product_cat-recambios-autobianchi-y10","50":"product_cat-recambios-lancia-y10","52":"first","53":"outofstock","54":"taxable","55":"shipping-taxable","56":"purchasable","57":"product-type-simple"},"_links":{"self":[{"href":"https:\/\/galicianparts.com\/shop\/wp-json\/wp\/v2\/product\/79497"}],"collection":[{"href":"https:\/\/galicianparts.com\/shop\/wp-json\/wp\/v2\/product"}],"about":[{"href":"https:\/\/galicianparts.com\/shop\/wp-json\/wp\/v2\/types\/product"}],"wp:featuredmedia":[{"embeddable":true,"href":"https:\/\/galicianparts.com\/shop\/wp-json\/wp\/v2\/media\/79502"}],"wp:attachment":[{"href":"https:\/\/galicianparts.com\/shop\/wp-json\/wp\/v2\/media?parent=79497"}],"wp:term":[{"taxonomy":"product_cat","embeddable":true,"href":"https:\/\/galicianparts.com\/shop\/wp-json\/wp\/v2\/product_cat?post=79497"},{"taxonomy":"product_tag","embeddable":true,"href":"https:\/\/galicianparts.com\/shop\/wp-json\/wp\/v2\/product_tag?post=79497"}],"curies":[{"name":"wp","href":"https:\/\/api.w.org\/{rel}","templated":true}]}}