{"id":79503,"date":"2023-10-19T12:55:58","date_gmt":"2023-10-19T10:55:58","guid":{"rendered":"https:\/\/galicianparts.com\/shop\/producto\/ft-4771-filtro-aceite-fiat-lancia-alfa-romeo-peugeot-seat-original-fiaam\/"},"modified":"2023-12-10T00:22:51","modified_gmt":"2023-12-09T22:22:51","slug":"ft-4771-filtro-aceite-fiat-lancia-alfa-romeo-peugeot-seat-original-fiaam","status":"publish","type":"product","link":"https:\/\/galicianparts.com\/shop\/producto\/ft-4771-filtro-aceite-fiat-lancia-alfa-romeo-peugeot-seat-original-fiaam\/","title":{"rendered":"FT 4771 Filtro aceite Fiat \/Lancia \/Alfa Romeo \/Peugeot \/Seat ORIGINAL FIAAM"},"content":{"rendered":"<p>Filtro de aceite FIAAM FT 4771 del motor de:<br \/>\nM\u00e9trica: 18<br \/>\nDi\u00e1metro: 95 mm<br \/>\nAltura: 111 mm<\/p>\n<p>FIAT 124 Sport Spider (124)<br \/>\n1500 Sport (BS), A\u00f1o 01.1966 &#8211; 12.1972, 1438 ccm, 90 cv<br \/>\n1600 Sport (BS1), A\u00f1o 11.1969 &#8211; 08.1973, 1608 ccm, 100 cv<br \/>\n1.7 Sport, A\u00f1o 01.1973 &#8211; 07.1975, 1739 ccm, 112 cv<br \/>\nFIAT 127 Hatchback (127)<br \/>\n0.9 (127A), A\u00f1o 09.1971 &#8211; 12.1984, 903 ccm, 45 cv<br \/>\nFIAT 131 (131)<br \/>\n1.4 Mirafiori, A\u00f1o 11.1980 &#8211; 01.1984, 1367 ccm, 70 cv<br \/>\n1.4 Super Mirafiori, A\u00f1o 04.1981 &#8211; 12.1983, 1367 ccm, 75 cv<br \/>\n1.6, A\u00f1o 11.1976 &#8211; 12.1984, 1585 ccm, 85 cv<br \/>\n1.6 (131A1), A\u00f1o 10.1974 &#8211; 09.1981, 1585 ccm, 75 cv<br \/>\n1.6 Super Mirafiori, A\u00f1o 03.1979 &#8211; 03.1982, 1585 ccm, 98 cv<br \/>\nFIAT 124 Berlina (124)<br \/>\n1400 Special, A\u00f1o 12.1968 &#8211; 12.1972, 1438 ccm, 70 cv<br \/>\n1400 Special (124A), A\u00f1o 01.1971 &#8211; 07.1975, 1438 ccm, 75 cv<br \/>\n1600 Special T (124A), A\u00f1o 01.1973 &#8211; 07.1975, 1592 ccm, 95 cv<br \/>\nFIAT 124 Coup\u00e9 (124)<br \/>\n1.4 Sport, A\u00f1o 06.1967 &#8211; 10.1972, 1438 ccm, 90 cv<br \/>\n1.6, A\u00f1o 11.1971 &#8211; 10.1973, 1608 ccm, 100 cv<br \/>\n1.6, A\u00f1o 04.1970 &#8211; 10.1973, 1608 ccm, 110 cv<br \/>\n1.8 Sport, A\u00f1o 01.1973 &#8211; 02.1976, 1756 ccm, 118 cv<br \/>\nFIAT 125 Berlina (125)<br \/>\n1.6, A\u00f1o 07.1967 &#8211; 03.1974, 1608 ccm, 90 cv<br \/>\n1.6 (TA), A\u00f1o 10.1968 &#8211; 10.1973, 1608 ccm, 100 cv<br \/>\nFIAT Campagnola<br \/>\n2.0, A\u00f1o 06.1974 &#8211; 10.1989, 1995 ccm, 80 cv<\/p>\n<p>ALFA ROMEO 155 (167)<br \/>\n1.7 T.S., A\u00f1o 04.1993 &#8211; 04.1996, 1748 ccm, 115 cv<br \/>\n1.7 T.S. (167.A4G), A\u00f1o 04.1993 &#8211; 04.1996, 1748 ccm, 113 cv<br \/>\n1.8 T.S. (167.A4C, 167.A), A\u00f1o 02.1992 &#8211; 12.1997, 1756 ccm, 105 cv<br \/>\n1.8 T.S. (167A4), A\u00f1o 02.1992 &#8211; 05.1994, 1773 ccm, 129 cv<br \/>\n1.8 T.S. Sport (167.A4A, 167.A4C, 167.A4E), A\u00f1o 03.1992 &#8211; 12.1996, 1773 ccm, 127 cv<br \/>\n2.0 16V Turbo Q4, A\u00f1o 01.1992 &#8211; 12.1997, 1995 ccm, 186 cv<br \/>\n2.0 16V Turbo Q4 (167.A2B, 167.A2C, 167.A2E), A\u00f1o 03.1992 &#8211; 12.1997, 1995 ccm, 190 cv<br \/>\n2.0 T.S. (167.A2A, 167.A2D), A\u00f1o 02.1992 &#8211; 05.1995, 1995 ccm, 141 cv<br \/>\n2.0 T.S. (167.A2D), A\u00f1o 02.1992 &#8211; 01.1995, 1995 ccm, 144 cv<br \/>\n2.5 V6 (167.A1C, 167.A1), A\u00f1o 03.1992 &#8211; 05.1995, 2492 ccm, 165 cv<br \/>\n2.5 V6 (167.A1C, 167.A1E), A\u00f1o 09.1992 &#8211; 12.1997, 2492 ccm, 163 cv<br \/>\nALFA ROMEO 164 (164)<br \/>\n2.0 (164A2C), A\u00f1o 06.1987 &#8211; 09.1998, 1962 ccm, 138 cv<br \/>\n2.0 Turbo (164A2B), A\u00f1o 10.1987 &#8211; 09.1998, 1995 ccm, 174 cv<br \/>\n2.0 Twin Spark (164.H3), A\u00f1o 09.1992 &#8211; 09.1998, 1995 ccm, 144 cv<br \/>\nALFA ROMEO Spider (105)<br \/>\n1600 (10503), A\u00f1o 03.1966 &#8211; 12.1968, 1570 ccm, 109 cv<br \/>\n1750 (10557), A\u00f1o 01.1967 &#8211; 12.1971, 1779 ccm, 113 cv<br \/>\nALFA ROMEO Spider (115)<br \/>\n1600 (11507), A\u00f1o 03.1971 &#8211; 12.1979, 1570 ccm, 109 cv<br \/>\n1600 (11535), A\u00f1o 03.1976 &#8211; 12.1990, 1570 ccm, 103 cv<br \/>\n1600 (115A2), A\u00f1o 01.1990 &#8211; 12.1993, 1570 ccm, 107 cv<br \/>\n2000 (11538, 115661), A\u00f1o 08.1986 &#8211; 12.1990, 1962 ccm, 125 cv<br \/>\n2000 (11538, 115A1), A\u00f1o 01.1977 &#8211; 12.1993, 1962 ccm, 126 cv<br \/>\n2000 (115680, 115681), A\u00f1o 08.1986 &#8211; 12.1990, 1962 ccm, 116 cv<br \/>\n2000 (115A1A), A\u00f1o 01.1990 &#8211; 12.1993, 1962 ccm, 120 cv<br \/>\nALFA ROMEO 75 (162B)<br \/>\n1.6, A\u00f1o 05.1985 &#8211; 09.1989, 1567 ccm, 110 cv<br \/>\n1.6 (162B2), A\u00f1o 05.1985 &#8211; 09.1989, 1570 ccm, 103 cv<br \/>\n1.6 Cat (162.B2B, 162.B2C), A\u00f1o 05.1989 &#8211; 02.1992, 1567 ccm, 110 cv<br \/>\n1.8, A\u00f1o 09.1985 &#8211; 06.1989, 1779 ccm, 116 cv<br \/>\n1.8, A\u00f1o 08.1989 &#8211; 02.1992, 1779 ccm, 122 cv<br \/>\n1.8, A\u00f1o 08.1989 &#8211; 02.1992, 1773 ccm, 129 cv<br \/>\n1.8, A\u00f1o 09.1988 &#8211; 02.1992, 1779 ccm, 120 cv<br \/>\n1.8 Turbo, A\u00f1o 09.1986 &#8211; 02.1992, 1779 ccm, 150 cv<br \/>\n1.8 Turbo i.e., A\u00f1o 02.1986 &#8211; 01.1990, 1779 ccm, 155 cv<br \/>\n2.0, A\u00f1o 05.1985 &#8211; 10.1988, 1962 ccm, 128 cv<br \/>\n2.0 T.S Cat (162.B4A), A\u00f1o 05.1985 &#8211; 02.1992, 1962 ccm, 148 cv<br \/>\n2.0 T.S., A\u00f1o 01.1987 &#8211; 02.1992, 1962 ccm, 146 cv<br \/>\n3.0 V6, A\u00f1o 02.1990 &#8211; 02.1992, 2959 ccm, 192 cv<br \/>\n3.0 V6 Cat (162.B6A), A\u00f1o 01.1987 &#8211; 02.1992, 2959 ccm, 185 cv<br \/>\nALFA ROMEO 90 (162)<br \/>\n1.8, A\u00f1o 10.1984 &#8211; 07.1987, 1779 ccm, 116 cv<br \/>\n1.8 (162A1), A\u00f1o 10.1984 &#8211; 07.1987, 1779 ccm, 121 cv<br \/>\n2.0 i.e., A\u00f1o 10.1984 &#8211; 07.1987, 1962 ccm, 128 cv<br \/>\n2.0 i.e. (162A2B), A\u00f1o 10.1984 &#8211; 07.1987, 1997 ccm, 132 cv<br \/>\nALFA ROMEO Alfetta GT (116)<br \/>\n1.6 (11604), A\u00f1o 01.1976 &#8211; 09.1982, 1570 ccm, 107 cv<br \/>\n1.8 (11610), A\u00f1o 01.1974 &#8211; 12.1976, 1779 ccm, 116 cv<br \/>\n1.8 (11610, 11654), A\u00f1o 06.1974 &#8211; 12.1976, 1779 ccm, 121 cv<br \/>\n2.0 (11610), A\u00f1o 07.1978 &#8211; 01.1986, 1962 ccm, 121 cv<br \/>\n2.0 (11636, 11610), A\u00f1o 06.1977 &#8211; 12.1984, 1962 ccm, 131 cv<br \/>\nALFA ROMEO Alfetta Berlina (116)<br \/>\n1.6, A\u00f1o 01.1975 &#8211; 12.1984, 1570 ccm, 107 cv<br \/>\n1.8, A\u00f1o 10.1979 &#8211; 12.1984, 1779 ccm, 122 cv<br \/>\n1.8 (11608), A\u00f1o 10.1979 &#8211; 12.1984, 1779 ccm, 121 cv<br \/>\n1.8 (11608, 11642), A\u00f1o 07.1974 &#8211; 04.1982, 1779 ccm, 116 cv<br \/>\n2.0, A\u00f1o 07.1978 &#8211; 12.1984, 1962 ccm, 132 cv<br \/>\n2.0, A\u00f1o 03.1977 &#8211; 02.1980, 1962 ccm, 121 cv<br \/>\nALFA ROMEO Giulietta Berlina (116)<br \/>\n1.3, A\u00f1o 10.1977 &#8211; 06.1983, 1357 ccm, 90 cv<br \/>\n1.6, A\u00f1o 10.1977 &#8211; 04.1985, 1570 ccm, 107 cv<br \/>\n1.8, A\u00f1o 04.1979 &#8211; 04.1985, 1779 ccm, 122 cv<br \/>\n1.8 Turbo (116), A\u00f1o 01.1984 &#8211; 12.1985, 1779 ccm, 150 cv<br \/>\n2.0, A\u00f1o 06.1980 &#8211; 04.1985, 1962 ccm, 131 cv<br \/>\n2.0 Turbo (116), A\u00f1o 04.1983 &#8211; 06.1985, 1962 ccm, 170 cv<br \/>\nALFA ROMEO GT (105\/115)<br \/>\n1300 Junior (105), A\u00f1o 01.1966 &#8211; 12.1977, 1290 ccm, 87 cv<br \/>\n1.6, A\u00f1o 09.1972 &#8211; 12.1977, 1570 ccm, 103 cv<br \/>\n1.6, A\u00f1o 06.1971 &#8211; 12.1977, 1570 ccm, 109 cv<br \/>\n1.8 V 1750, A\u00f1o 01.1967 &#8211; 12.1972, 1779 ccm, 113 cv<br \/>\n1.9 V 2000, A\u00f1o 01.1971 &#8211; 12.1977, 1962 ccm, 131 cv<br \/>\nALFA ROMEO 1750-2000 (105)<br \/>\n1750, A\u00f1o 03.1968 &#8211; 10.1972, 1779 ccm, 113 cv<br \/>\n2000, A\u00f1o 10.1971 &#8211; 07.1975, 1962 ccm, 132 cv<br \/>\nALFA ROMEO GTV (116)<br \/>\n2.0 (11636), A\u00f1o 07.1978 &#8211; 01.1986, 1962 ccm, 131 cv<br \/>\nALFA ROMEO SZ Coup\u00e9<br \/>\n3.0 V6 Zagato (162C1), A\u00f1o 09.1988 &#8211; 08.1994, 2959 ccm, 207 cv<br \/>\nALFA ROMEO RZ Cabrio<br \/>\n3.0 V6 Zagato (162D1), A\u00f1o 01.1992 &#8211; 12.1994, 2959 ccm, 207 cv<\/p>\n<p>LANCIA Delta II (836)<br \/>\n1.8 i.e., A\u00f1o 06.1993 &#8211; 08.1999, 1756 ccm, 103 cv<br \/>\n1.8 i.e. 16V GT, A\u00f1o 03.1996 &#8211; 08.1999, 1747 ccm, 131 cv<\/p>\n<p>PEUGEOT 505 Berlina<br \/>\n2.0 TI, STI, A\u00f1o 08.1979 &#8211; 10.1986, 1995 ccm, 110 cv<br \/>\nPEUGEOT 604 Berlina<br \/>\n2.7 SL, A\u00f1o 08.1977 &#8211; 05.1983, 2664 ccm, 136 cv<br \/>\n2.7 TI, STI, A\u00f1o 08.1977 &#8211; 05.1983, 2664 ccm, 144 cv<br \/>\n2.8 GTI, A\u00f1o 09.1983 &#8211; 07.1987, 2849 ccm, 150 cv<br \/>\nPEUGEOT 504 Coup\u00e9<br \/>\n2.7, A\u00f1o 10.1977 &#8211; 08.1984, 2664 ccm, 144 cv<\/p>\n<p>SEAT 133 Hatchback<br \/>\n0.8, A\u00f1o 05.1974 &#8211; 11.1979, 837 ccm, 34 cv<br \/>\nSEAT 127<br \/>\n0.9, A\u00f1o 04.1972 &#8211; 12.1982, 903 ccm, 45 cv<br \/>\n1.0, A\u00f1o 04.1972 &#8211; 12.1982, 1010 ccm, 52 cv<\/p>\n<p>LA PIEZA ES NUEVA FIAAM.<\/p>\n","protected":false},"excerpt":{"rendered":"<p>Filtro de aceite FIAAM FT 4771 del motor de: M\u00e9trica: 18 Di\u00e1metro: 95 mm Altura: 111 mm FIAT 124 Sport Spider (124) 1500 Sport (BS), A\u00f1o 01.1966 &#8211; 12.1972, 1438 ccm, 90 cv 1600 Sport (BS1), A\u00f1o 11.1969 &#8211; 08.1973, 1608 ccm, 100 cv 1.7 Sport, A\u00f1o 01.1973 &#8211; 07.1975, 1739 ccm, 112 cv FIAT [&hellip;]<\/p>\n","protected":false},"featured_media":79504,"template":"","meta":{"_seopress_robots_primary_cat":"","_seopress_titles_title":"","_seopress_titles_desc":"","_seopress_robots_index":""},"product_cat":[65,66,68,179,70,187,48,54,324,325,195,153,349,58,342,16,180,83,118,20,53,50,55,21,24,238,26,56,239],"product_tag":[],"class_list":{"0":"post-79503","1":"product","2":"type-product","3":"status-publish","4":"has-post-thumbnail","6":"product_cat-recambios-fiat-124","7":"product_cat-recambios-fiat-125","8":"product_cat-recambios-fiat-127","9":"product_cat-recambios-seat-127","10":"product_cat-recambios-fiat-131","11":"product_cat-recambios-seat-133","12":"product_cat-recambios-alfa-romeo-155","13":"product_cat-recambios-alfa-romeo-164","14":"product_cat-recambios-alfa-romeo-1750","15":"product_cat-recambios-alfa-romeo-2000","16":"product_cat-recambios-peugeot-504","17":"product_cat-recambios-peugeot-505","18":"product_cat-recambios-peugeot-604","19":"product_cat-recambios-alfa-romeo-75","20":"product_cat-recambios-alfa-romeo-90","21":"product_cat-recambios-alfa-romeo","22":"product_cat-recambios-alfa-romeo-alfetta","23":"product_cat-recambios-fiat-campagnola","24":"product_cat-recambios-lancia-delta","25":"product_cat-recambios-fiat","26":"product_cat-recambios-alfa-romeo-giulietta","27":"product_cat-recambios-alfa-romeo-gt","28":"product_cat-recambios-alfa-romeo-gtv","29":"product_cat-recambios-lancia","30":"product_cat-recambios-peugeot","31":"product_cat-recambios-alfa-romeo-rz","32":"product_cat-recambios-seat","33":"product_cat-recambios-alfa-romeo-spider","34":"product_cat-recambios-alfa-romeo-sz","36":"first","37":"outofstock","38":"taxable","39":"shipping-taxable","40":"purchasable","41":"product-type-simple"},"_links":{"self":[{"href":"https:\/\/galicianparts.com\/shop\/wp-json\/wp\/v2\/product\/79503"}],"collection":[{"href":"https:\/\/galicianparts.com\/shop\/wp-json\/wp\/v2\/product"}],"about":[{"href":"https:\/\/galicianparts.com\/shop\/wp-json\/wp\/v2\/types\/product"}],"wp:featuredmedia":[{"embeddable":true,"href":"https:\/\/galicianparts.com\/shop\/wp-json\/wp\/v2\/media\/79504"}],"wp:attachment":[{"href":"https:\/\/galicianparts.com\/shop\/wp-json\/wp\/v2\/media?parent=79503"}],"wp:term":[{"taxonomy":"product_cat","embeddable":true,"href":"https:\/\/galicianparts.com\/shop\/wp-json\/wp\/v2\/product_cat?post=79503"},{"taxonomy":"product_tag","embeddable":true,"href":"https:\/\/galicianparts.com\/shop\/wp-json\/wp\/v2\/product_tag?post=79503"}],"curies":[{"name":"wp","href":"https:\/\/api.w.org\/{rel}","templated":true}]}}