{"id":79540,"date":"2023-10-20T10:44:21","date_gmt":"2023-10-20T08:44:21","guid":{"rendered":"https:\/\/galicianparts.com\/shop\/producto\/82420600-junta-homocinetica-palier-lancia-thema-ferrari-1988-1992-nueva-original\/"},"modified":"2023-10-20T18:09:06","modified_gmt":"2023-10-20T16:09:06","slug":"82420600-junta-homocinetica-palier-lancia-thema-ferrari-1988-1992-nueva-original","status":"publish","type":"product","link":"https:\/\/galicianparts.com\/shop\/producto\/82420600-junta-homocinetica-palier-lancia-thema-ferrari-1988-1992-nueva-original\/","title":{"rendered":"82420600 Junta homocin\u00e9tica palier Lancia Thema Ferrari (1988-1992) NUEVA ORIGINAL"},"content":{"rendered":"<p>Junta homocin\u00e9tica de los ejes de transmisi\u00f3n de:<br \/>\nLANCIA &#8211; SZ THEMA R.88 (1988-1992) VEH\u00cdCULO BLINDADO \/ 2000 8V EM.04 \/ 2000 8V USA\/83 \/ 2000 TB 8V USA\/83 \/ 2000 16V EM.04 \/ 2000 16V USA\/83 \/ 2000 TB 16V EM.04 \/ 2000 TB 16V USA\/83<br \/>\nLANCIA &#8211; SZ THEMA R.88 (1988-1992) VEH\u00cdCULO BLINDADO \/ 2850 6V<br \/>\nLANCIA &#8211; SZ THEMA FERRARI (1988-1992) 3000 8.32 \/ 3000 8.32 USA\/83<\/p>\n<p>LA PIEZA ES NUEVA Y ORIGINAL.<\/p>\n","protected":false},"excerpt":{"rendered":"<p>Junta homocin\u00e9tica de los ejes de transmisi\u00f3n de: LANCIA &#8211; SZ THEMA R.88 (1988-1992) VEH\u00cdCULO BLINDADO \/ 2000 8V EM.04 \/ 2000 8V USA\/83 \/ 2000 TB 8V USA\/83 \/ 2000 16V EM.04 \/ 2000 16V USA\/83 \/ 2000 TB 16V EM.04 \/ 2000 TB 16V USA\/83 LANCIA &#8211; SZ THEMA R.88 (1988-1992) VEH\u00cdCULO BLINDADO [&hellip;]<\/p>\n","protected":false},"featured_media":79545,"template":"","meta":{"_seopress_robots_primary_cat":"","_seopress_titles_title":"","_seopress_titles_desc":"","_seopress_robots_index":""},"product_cat":[21,124],"product_tag":[],"class_list":{"0":"post-79540","1":"product","2":"type-product","3":"status-publish","4":"has-post-thumbnail","6":"product_cat-recambios-lancia","7":"product_cat-recambios-lancia-thema","9":"first","10":"outofstock","11":"taxable","12":"shipping-taxable","13":"purchasable","14":"product-type-simple"},"_links":{"self":[{"href":"https:\/\/galicianparts.com\/shop\/wp-json\/wp\/v2\/product\/79540"}],"collection":[{"href":"https:\/\/galicianparts.com\/shop\/wp-json\/wp\/v2\/product"}],"about":[{"href":"https:\/\/galicianparts.com\/shop\/wp-json\/wp\/v2\/types\/product"}],"wp:featuredmedia":[{"embeddable":true,"href":"https:\/\/galicianparts.com\/shop\/wp-json\/wp\/v2\/media\/79545"}],"wp:attachment":[{"href":"https:\/\/galicianparts.com\/shop\/wp-json\/wp\/v2\/media?parent=79540"}],"wp:term":[{"taxonomy":"product_cat","embeddable":true,"href":"https:\/\/galicianparts.com\/shop\/wp-json\/wp\/v2\/product_cat?post=79540"},{"taxonomy":"product_tag","embeddable":true,"href":"https:\/\/galicianparts.com\/shop\/wp-json\/wp\/v2\/product_tag?post=79540"}],"curies":[{"name":"wp","href":"https:\/\/api.w.org\/{rel}","templated":true}]}}