{"id":81386,"date":"2023-12-20T12:45:17","date_gmt":"2023-12-20T10:45:17","guid":{"rendered":"https:\/\/galicianparts.com\/shop\/producto\/9941079-rotula-axial-direccion-fiat-ducato-citroen-c25-peugeot-j5-nueva-original\/"},"modified":"2024-03-29T14:07:50","modified_gmt":"2024-03-29T12:07:50","slug":"9941079-rotula-axial-direccion-fiat-ducato-citroen-c25-peugeot-j5-nueva-original","status":"publish","type":"product","link":"https:\/\/galicianparts.com\/shop\/producto\/9941079-rotula-axial-direccion-fiat-ducato-citroen-c25-peugeot-j5-nueva-original\/","title":{"rendered":"9941079 R\u00f3tula axial direcci\u00f3n Fiat Ducato \/Citro\u00ebn C25 \/Peugeot J5 NUEVA ORIGINAL"},"content":{"rendered":"<p>R\u00f3tula axial de direcci\u00f3n de:<br \/>\nLongitud total: 285 mm<br \/>\nM\u00e9trica macho: 16<br \/>\nM\u00e9trica hembra: 18<br \/>\nLongitud r\u00f3tula axial: 240 mm<\/p>\n<p>FIAT Ducato I Furg\u00f3n (290) (A\u00f1o 03.1989 &#8211; 05.1994)<br \/>\nFIAT Ducato I Panorama (290) (A\u00f1o 01.1990 &#8211; 05.1994)<br \/>\nFIAT Ducato I Furg\u00f3n (280) (A\u00f1o 01.1982 &#8211; 09.1990)<br \/>\nFIAT Ducato I Cami\u00f3n de plataforma\/Chasis (290) (A\u00f1o 03.1989 &#8211; 05.1994)<br \/>\nFIAT Ducato I Panorama (280) (A\u00f1o 07.1982 &#8211; 08.1990)<br \/>\nFIAT Ducato I Cami\u00f3n de plataforma\/Chasis (280) (A\u00f1o 07.1982 &#8211; 08.1990)<br \/>\nFIAT Talento Furg\u00f3n (290) (A\u00f1o 03.1989 &#8211; 03.1994)<br \/>\nFIAT Talento Cami\u00f3n de plataforma\/Chasis (290) (A\u00f1o 03.1989 &#8211; 03.1994)<br \/>\nFIAT Talento Bus (290) (A\u00f1o 03.1989 &#8211; 03.1994)<\/p>\n<p>CITRO\u00cbN C25 Bus (A\u00f1o 07.1981 &#8211; 02.1994)<br \/>\nCITRO\u00cbN C25 Furg\u00f3n (A\u00f1o 07.1981 &#8211; 03.1994)<br \/>\nCITRO\u00cbN C25 Cami\u00f3n de plataforma\/Chasis (A\u00f1o 07.1981 &#8211; 03.1994)<\/p>\n<p>PEUGEOT J5 Bus (280) (A\u00f1o 09.1981 &#8211; 09.1990)<br \/>\nPEUGEOT J5 Furg\u00f3n (280) (A\u00f1o 09.1981 &#8211; 09.1990)<br \/>\nPEUGEOT J5 Cami\u00f3n de plataforma\/Chasis (290) (A\u00f1o 09.1990 &#8211; 02.1994)<br \/>\nPEUGEOT J5 Bus (290) (A\u00f1o 09.1990 &#8211; 02.1994)<br \/>\nPEUGEOT J5 Cami\u00f3n de plataforma\/Chasis (280) (A\u00f1o 09.1981 &#8211; 09.1990)<br \/>\nPEUGEOT J5 Furg\u00f3n (290) (A\u00f1o 09.1990 &#8211; 03.1994)<\/p>\n<p>LA PIEZA ES NUEVA Y ORIGINAL.<\/p>\n","protected":false},"excerpt":{"rendered":"<p>R\u00f3tula axial de direcci\u00f3n de: Longitud total: 285 mm M\u00e9trica macho: 16 M\u00e9trica hembra: 18 Longitud r\u00f3tula axial: 240 mm FIAT Ducato I Furg\u00f3n (290) (A\u00f1o 03.1989 &#8211; 05.1994) FIAT Ducato I Panorama (290) (A\u00f1o 01.1990 &#8211; 05.1994) FIAT Ducato I Furg\u00f3n (280) (A\u00f1o 01.1982 &#8211; 09.1990) FIAT Ducato I Cami\u00f3n de plataforma\/Chasis (290) (A\u00f1o [&hellip;]<\/p>\n","protected":false},"featured_media":81390,"template":"","meta":{"_seopress_robots_primary_cat":"","_seopress_titles_title":"","_seopress_titles_desc":"","_seopress_robots_index":""},"product_cat":[132,23,88,20,157,24,110],"product_tag":[],"class_list":{"0":"post-81386","1":"product","2":"type-product","3":"status-publish","4":"has-post-thumbnail","6":"product_cat-recambios-citroen-c25","7":"product_cat-recambios-citroen","8":"product_cat-recambios-fiat-ducato","9":"product_cat-recambios-fiat","10":"product_cat-recambios-peugeot-j5","11":"product_cat-recambios-peugeot","12":"product_cat-recambios-fiat-talento","14":"first","15":"outofstock","16":"taxable","17":"shipping-taxable","18":"purchasable","19":"product-type-simple"},"_links":{"self":[{"href":"https:\/\/galicianparts.com\/shop\/wp-json\/wp\/v2\/product\/81386"}],"collection":[{"href":"https:\/\/galicianparts.com\/shop\/wp-json\/wp\/v2\/product"}],"about":[{"href":"https:\/\/galicianparts.com\/shop\/wp-json\/wp\/v2\/types\/product"}],"wp:featuredmedia":[{"embeddable":true,"href":"https:\/\/galicianparts.com\/shop\/wp-json\/wp\/v2\/media\/81390"}],"wp:attachment":[{"href":"https:\/\/galicianparts.com\/shop\/wp-json\/wp\/v2\/media?parent=81386"}],"wp:term":[{"taxonomy":"product_cat","embeddable":true,"href":"https:\/\/galicianparts.com\/shop\/wp-json\/wp\/v2\/product_cat?post=81386"},{"taxonomy":"product_tag","embeddable":true,"href":"https:\/\/galicianparts.com\/shop\/wp-json\/wp\/v2\/product_tag?post=81386"}],"curies":[{"name":"wp","href":"https:\/\/api.w.org\/{rel}","templated":true}]}}