{"id":81565,"date":"2023-12-26T13:51:46","date_gmt":"2023-12-26T11:51:46","guid":{"rendered":"https:\/\/galicianparts.com\/shop\/producto\/82443635-soporte-barra-estabilizadora-lancia-thema-fiat-croma-nuevo-original\/"},"modified":"2023-12-27T11:22:52","modified_gmt":"2023-12-27T09:22:52","slug":"82443635-soporte-barra-estabilizadora-lancia-thema-fiat-croma-nuevo-original","status":"publish","type":"product","link":"https:\/\/galicianparts.com\/shop\/producto\/82443635-soporte-barra-estabilizadora-lancia-thema-fiat-croma-nuevo-original\/","title":{"rendered":"82443635 Soporte barra estabilizadora Lancia Thema \/Fiat Croma NUEVO ORIGINAL"},"content":{"rendered":"<p>Tirante, silentblock de la barra estabilizadora de la suspensi\u00f3n delantera de:<br \/>\nM\u00e9trica: 8<br \/>\nLargo total: 120 mm<br \/>\nDi\u00e1metro orificio: 12 mm<\/p>\n<p>FIAT &#8211; MZ CROMA CHT FL.90 (1990-1992)<br \/>\nFIAT &#8211; MY CROMA IE-IE TB. FL.90 (1990-1996)<br \/>\nFIAT &#8211; MJ CROMA TURBO DS FL.90 (1990-1996)<br \/>\nLANCIA &#8211; SZ THEMA BZ\/DS R.88 (1988-1992) BN 8V \/ BN 16V \/ SW 16V \/ BN TB LX 16V \/ BN TB\/DS \/ SW TB\/DS \/ BN 6V<br \/>\nLANCIA &#8211; SZ THEMA FERRARI R.88 (1988-1992) BN 8.32<\/p>\n<p>LA PIEZA ES NUEVA Y ORIGINAL.<\/p>\n","protected":false},"excerpt":{"rendered":"<p>Tirante, silentblock de la barra estabilizadora de la suspensi\u00f3n delantera de: M\u00e9trica: 8 Largo total: 120 mm Di\u00e1metro orificio: 12 mm FIAT &#8211; MZ CROMA CHT FL.90 (1990-1992) FIAT &#8211; MY CROMA IE-IE TB. FL.90 (1990-1996) FIAT &#8211; MJ CROMA TURBO DS FL.90 (1990-1996) LANCIA &#8211; SZ THEMA BZ\/DS R.88 (1988-1992) BN 8V \/ BN [&hellip;]<\/p>\n","protected":false},"featured_media":81569,"template":"","meta":{"_seopress_robots_primary_cat":"","_seopress_titles_title":"","_seopress_titles_desc":"","_seopress_robots_index":""},"product_cat":[86,20,21,124],"product_tag":[],"class_list":{"0":"post-81565","1":"product","2":"type-product","3":"status-publish","4":"has-post-thumbnail","6":"product_cat-recambios-fiat-croma","7":"product_cat-recambios-fiat","8":"product_cat-recambios-lancia","9":"product_cat-recambios-lancia-thema","11":"first","12":"outofstock","13":"taxable","14":"shipping-taxable","15":"purchasable","16":"product-type-simple"},"_links":{"self":[{"href":"https:\/\/galicianparts.com\/shop\/wp-json\/wp\/v2\/product\/81565"}],"collection":[{"href":"https:\/\/galicianparts.com\/shop\/wp-json\/wp\/v2\/product"}],"about":[{"href":"https:\/\/galicianparts.com\/shop\/wp-json\/wp\/v2\/types\/product"}],"wp:featuredmedia":[{"embeddable":true,"href":"https:\/\/galicianparts.com\/shop\/wp-json\/wp\/v2\/media\/81569"}],"wp:attachment":[{"href":"https:\/\/galicianparts.com\/shop\/wp-json\/wp\/v2\/media?parent=81565"}],"wp:term":[{"taxonomy":"product_cat","embeddable":true,"href":"https:\/\/galicianparts.com\/shop\/wp-json\/wp\/v2\/product_cat?post=81565"},{"taxonomy":"product_tag","embeddable":true,"href":"https:\/\/galicianparts.com\/shop\/wp-json\/wp\/v2\/product_tag?post=81565"}],"curies":[{"name":"wp","href":"https:\/\/api.w.org\/{rel}","templated":true}]}}