{"id":83362,"date":"2024-01-24T12:43:05","date_gmt":"2024-01-24T10:43:05","guid":{"rendered":"https:\/\/galicianparts.com\/shop\/producto\/96026625-satelite-diferencial-fiat-ducato-90-02-scudo-lancia-z-phedra-original\/"},"modified":"2024-01-24T12:45:15","modified_gmt":"2024-01-24T10:45:15","slug":"96026625-satelite-diferencial-fiat-ducato-90-02-scudo-lancia-z-phedra-original","status":"publish","type":"product","link":"https:\/\/galicianparts.com\/shop\/producto\/96026625-satelite-diferencial-fiat-ducato-90-02-scudo-lancia-z-phedra-original\/","title":{"rendered":"96026625 Sat\u00e9lite diferencial Fiat Ducato (90-02) Scudo \/Lancia Z \/Phedra ORIGINAL"},"content":{"rendered":"<p>9602662580 Sat\u00e9lite del diferencial del cambio de:<br \/>\nDi\u00e1metro interior: 18 mm<br \/>\nDi\u00e1metro exterior: 47 mm<br \/>\nAltura: 19 mm<\/p>\n<p>FIAT &#8211; 2F NUOVO ULYSSE (2001-2010) 2000 JTD 16V \/ 2000 JTD 16V EURO 4 \/ 2000 JTD 16V 136 CV\/100KW C.M. \/ 2200 JTD 16V \/ 2200 UNIJET TURBO DIESEL 16V EURO04 C.M. \/ 2200 JTD 16V EURO4 AUTOMATIC TRANSMISSIO<br \/>\nFIAT &#8211; PG ULYSSE (1994-2002) 2000 IE TB \/ 1905 T.D.EM.08 \/ 1905 T.D.USA 87 \/ 1905 T.D. CEE FASE 2<br \/>\nFIAT &#8211; PG ULYSSE (1994-2002) 2100 T.D. CEE FASE 2 \/ 2000 I.E. CF2 16V<br \/>\nFIAT &#8211; PG ULYSSE (1994-2002) 2000 JTD 8V CF2 \/ 2000 JTD 16V CF3<br \/>\nLANCIA &#8211; SK \u00abZ\u00bb (1994-2002) 2000 I.E. TB.<br \/>\nLANCIA &#8211; SK \u00abZ\u00bb (1994-2002) 2100 T.D.CEE FASE 2<br \/>\nLANCIA &#8211; SK \u00abZ\u00bb (1994-2002) 2000 I.E. CF2 16V<br \/>\nLANCIA &#8211; SK \u00abZ\u00bb (1994-2002) 2000 JTD 8V CF2 \/ 2000 JTD 16V CF3<br \/>\nLANCIA &#8211; TC PHEDRA (2001-2010) 2000 JTD 16V \/ 2000 JTD 16V EURO 4 \/ 2000 JTD 16V 136 HP C.M. \/ 2200 JTD 16V \/ 2200 UNIJET TURBO DIESEL 16V EURO04 C.M. \/ 2200 JTD 16V EURO4 AUTOMATIC TRANSMISSIO<br \/>\nFIAT PROFESSIONAL &#8211; PD DUCATO &#8217;94 BENZINA (1994-2002) CON CAPACIDAD 10Q \/ CON CAPACIDAD 14Q \/ FURGON 4X2 \/ CAMIONETA 4X2 \/ COCHE VITRINA 4 X 2<br \/>\nFIAT PROFESSIONAL &#8211; 2E DUCATO RESTYL. (2001-2006) 2000 JTD DW 10<br \/>\nFIAT PROFESSIONAL &#8211; PE DUCATO&#8217;94 DIESEL (1994-2002) 1930 DS \/ 1930 TD \/ 1930 TD CAT<br \/>\nFIAT PROFESSIONAL &#8211; PE DUCATO&#8217;94 DIESEL (1994-2002) 2500 DS \/ CON CAPACIDAD 10Q \/ CON CAPACIDAD 14Q<br \/>\nFIAT PROFESSIONAL &#8211; PE DUCATO&#8217;94 DIESEL (1994-2002) 1905 W3 \/ 1905 TD W3<br \/>\nFIAT PROFESSIONAL &#8211; PE DUCATO&#8217;94 DIESEL (1994-2002) 2800 ASP. \/ CON CAPACIDAD 10Q \/ CON CAPACIDAD 14Q<br \/>\nFIAT PROFESSIONAL &#8211; PE DUCATO&#8217;94 DIESEL (1994-2002) 2000 JTD EGR<br \/>\nFIAT PROFESSIONAL &#8211; NB NUOVO DUCATO BZ R.90 (1990-1994)<br \/>\nFIAT PROFESSIONAL &#8211; NA NUOVO DUCATO DS.R.90 (1990-1994)<br \/>\nFIAT PROFESSIONAL &#8211; PL SCUDO (1995-2004) 1905 TURBO DS EM.09<br \/>\nFIAT PROFESSIONAL &#8211; PL SCUDO (1995-2004) 1905 TURBO DS EM.09 \/ 1905 TURBO DS CEE FASE 2 \/ 1867 DS CF2<br \/>\nFIAT PROFESSIONAL &#8211; NC TALENTO R.90 (1990-1994)<br \/>\nPEUGEOT &#8211; EXPERT (1995-2004) 1905 TURBO DS EM.09 \/ 1905 TURBO DS CEE FASE 2 \/ 1867 DS CF2<br \/>\nPEUGEOT &#8211; BOXER (1994-2006)<br \/>\nPEUGEOT &#8211; J5 (1990-1994)<br \/>\nCITROEN &#8211; JUMPY (1995-2004) 1905 TURBO DS EM.09 \/ 1905 TURBO DS CEE FASE 2 \/ 1867 DS CF2<br \/>\nCITROEN &#8211; JUMPER (1994-2006)<br \/>\nCITROEN &#8211; C25 (1990-1994)<\/p>\n<p>LA PIEZA ES NUEVA Y ORIGINAL.<\/p>\n","protected":false},"excerpt":{"rendered":"<p>9602662580 Sat\u00e9lite del diferencial del cambio de: Di\u00e1metro interior: 18 mm Di\u00e1metro exterior: 47 mm Altura: 19 mm FIAT &#8211; 2F NUOVO ULYSSE (2001-2010) 2000 JTD 16V \/ 2000 JTD 16V EURO 4 \/ 2000 JTD 16V 136 CV\/100KW C.M. \/ 2200 JTD 16V \/ 2200 UNIJET TURBO DIESEL 16V EURO04 C.M. \/ 2200 JTD [&hellip;]<\/p>\n","protected":false},"featured_media":83363,"template":"","meta":{"_seopress_robots_primary_cat":"","_seopress_titles_title":"","_seopress_titles_desc":"","_seopress_robots_index":""},"product_cat":[155,132,23,88,156,20,157,137,138,21,24,122,104,110,113,128],"product_tag":[],"class_list":{"0":"post-83362","1":"product","2":"type-product","3":"status-publish","4":"has-post-thumbnail","6":"product_cat-recambios-peugeot-boxer","7":"product_cat-recambios-citroen-c25","8":"product_cat-recambios-citroen","9":"product_cat-recambios-fiat-ducato","10":"product_cat-recambios-peugeot-expert","11":"product_cat-recambios-fiat","12":"product_cat-recambios-peugeot-j5","13":"product_cat-recambios-citroen-jumper","14":"product_cat-recambios-citroen-jumpy","15":"product_cat-recambios-lancia","16":"product_cat-recambios-peugeot","17":"product_cat-recambios-lancia-phedra","18":"product_cat-recambios-fiat-scudo","19":"product_cat-recambios-fiat-talento","20":"product_cat-recambios-fiat-ulysse","21":"product_cat-recambios-lancia-z","23":"first","24":"instock","25":"taxable","26":"shipping-taxable","27":"purchasable","28":"product-type-simple"},"_links":{"self":[{"href":"https:\/\/galicianparts.com\/shop\/wp-json\/wp\/v2\/product\/83362"}],"collection":[{"href":"https:\/\/galicianparts.com\/shop\/wp-json\/wp\/v2\/product"}],"about":[{"href":"https:\/\/galicianparts.com\/shop\/wp-json\/wp\/v2\/types\/product"}],"wp:featuredmedia":[{"embeddable":true,"href":"https:\/\/galicianparts.com\/shop\/wp-json\/wp\/v2\/media\/83363"}],"wp:attachment":[{"href":"https:\/\/galicianparts.com\/shop\/wp-json\/wp\/v2\/media?parent=83362"}],"wp:term":[{"taxonomy":"product_cat","embeddable":true,"href":"https:\/\/galicianparts.com\/shop\/wp-json\/wp\/v2\/product_cat?post=83362"},{"taxonomy":"product_tag","embeddable":true,"href":"https:\/\/galicianparts.com\/shop\/wp-json\/wp\/v2\/product_tag?post=83362"}],"curies":[{"name":"wp","href":"https:\/\/api.w.org\/{rel}","templated":true}]}}