{"id":83858,"date":"2024-02-07T12:39:09","date_gmt":"2024-02-07T10:39:09","guid":{"rendered":"https:\/\/galicianparts.com\/shop\/producto\/7574881-pack-4-valvulas-escape-fiat-uno-turbo-punto-gt-nuevo-original\/"},"modified":"2024-04-12T12:30:58","modified_gmt":"2024-04-12T10:30:58","slug":"7574881-pack-4-valvulas-escape-fiat-uno-turbo-punto-gt-nuevo-original","status":"publish","type":"product","link":"https:\/\/galicianparts.com\/shop\/producto\/7574881-pack-4-valvulas-escape-fiat-uno-turbo-punto-gt-nuevo-original\/","title":{"rendered":"7574881 Pack 4 v\u00e1lvulas escape Fiat Uno Turbo \/Punto GT NUEVO ORIGINAL"},"content":{"rendered":"<p>Juego, set de 4 v\u00e1lvulas de escape del motor de:<br \/>\nDi\u00e1metro plato v\u00e1lvula: 33 mm<br \/>\nDi\u00e1metro v\u00e1stago v\u00e1lvula: 8 mm<br \/>\nLongitud: 109 mm<\/p>\n<p>FIAT &#8211; 1A PUNTO BZ. GAMMA &#8217;97 (1997-1999) 1372 MPI TURBO<br \/>\nFIAT &#8211; NW PUNTO GT (1993-1997)<br \/>\nFIAT &#8211; MT UNO TURBO R\/89 (1989-1993)<\/p>\n<p>LA PIEZA ES NUEVA Y ORIGINAL.<\/p>\n","protected":false},"excerpt":{"rendered":"<p>Juego, set de 4 v\u00e1lvulas de escape del motor de: Di\u00e1metro plato v\u00e1lvula: 33 mm Di\u00e1metro v\u00e1stago v\u00e1lvula: 8 mm Longitud: 109 mm FIAT &#8211; 1A PUNTO BZ. GAMMA &#8217;97 (1997-1999) 1372 MPI TURBO FIAT &#8211; NW PUNTO GT (1993-1997) FIAT &#8211; MT UNO TURBO R\/89 (1989-1993) LA PIEZA ES NUEVA Y ORIGINAL.<\/p>\n","protected":false},"featured_media":83861,"template":"","meta":{"_seopress_robots_primary_cat":"","_seopress_titles_title":"","_seopress_titles_desc":"","_seopress_robots_index":""},"product_cat":[20,101,114],"product_tag":[],"class_list":{"0":"post-83858","1":"product","2":"type-product","3":"status-publish","4":"has-post-thumbnail","6":"product_cat-recambios-fiat","7":"product_cat-recambios-fiat-punto","8":"product_cat-recambios-fiat-uno","10":"first","11":"outofstock","12":"taxable","13":"shipping-taxable","14":"purchasable","15":"product-type-simple"},"_links":{"self":[{"href":"https:\/\/galicianparts.com\/shop\/wp-json\/wp\/v2\/product\/83858"}],"collection":[{"href":"https:\/\/galicianparts.com\/shop\/wp-json\/wp\/v2\/product"}],"about":[{"href":"https:\/\/galicianparts.com\/shop\/wp-json\/wp\/v2\/types\/product"}],"wp:featuredmedia":[{"embeddable":true,"href":"https:\/\/galicianparts.com\/shop\/wp-json\/wp\/v2\/media\/83861"}],"wp:attachment":[{"href":"https:\/\/galicianparts.com\/shop\/wp-json\/wp\/v2\/media?parent=83858"}],"wp:term":[{"taxonomy":"product_cat","embeddable":true,"href":"https:\/\/galicianparts.com\/shop\/wp-json\/wp\/v2\/product_cat?post=83858"},{"taxonomy":"product_tag","embeddable":true,"href":"https:\/\/galicianparts.com\/shop\/wp-json\/wp\/v2\/product_tag?post=83858"}],"curies":[{"name":"wp","href":"https:\/\/api.w.org\/{rel}","templated":true}]}}