{"id":84091,"date":"2024-02-14T09:54:44","date_gmt":"2024-02-14T07:54:44","guid":{"rendered":"https:\/\/galicianparts.com\/shop\/producto\/7633139-filtro-aire-m-1-7-td-fiat-punto-1994-1999-original\/"},"modified":"2024-02-14T10:23:05","modified_gmt":"2024-02-14T08:23:05","slug":"7633139-filtro-aire-m-1-7-td-fiat-punto-1994-1999-original","status":"publish","type":"product","link":"https:\/\/galicianparts.com\/shop\/producto\/7633139-filtro-aire-m-1-7-td-fiat-punto-1994-1999-original\/","title":{"rendered":"7633139 Filtro aire Fiat Punto 1.7 TD (1994-1999) ORIGINAL"},"content":{"rendered":"<p>Filtro de aire de:<br \/>\nLargo: 294 mm<br \/>\nAncho: 159 mm<br \/>\nAltura: 36 mm<\/p>\n<p>FIAT Punto I (176)<br \/>\n1.7 TD, A\u00f1o 01.1994 &#8211; 09.1999, 1698 ccm, 69 cv<br \/>\n1.7 TD, A\u00f1o 01.1994 &#8211; 09.1999, 1698 ccm, 71 cv<br \/>\n1.7 TD (176AT), A\u00f1o 09.1996 &#8211; 09.1999, 1698 ccm, 63 cv<\/p>\n<p>LA PIEZA ES NUEVA Y ORIGINAL.<\/p>\n","protected":false},"excerpt":{"rendered":"<p>Filtro de aire de: Largo: 294 mm Ancho: 159 mm Altura: 36 mm FIAT Punto I (176) 1.7 TD, A\u00f1o 01.1994 &#8211; 09.1999, 1698 ccm, 69 cv 1.7 TD, A\u00f1o 01.1994 &#8211; 09.1999, 1698 ccm, 71 cv 1.7 TD (176AT), A\u00f1o 09.1996 &#8211; 09.1999, 1698 ccm, 63 cv LA PIEZA ES NUEVA Y ORIGINAL.<\/p>\n","protected":false},"featured_media":84096,"template":"","meta":{"_seopress_robots_primary_cat":"","_seopress_titles_title":"","_seopress_titles_desc":"","_seopress_robots_index":""},"product_cat":[20,101],"product_tag":[],"class_list":{"0":"post-84091","1":"product","2":"type-product","3":"status-publish","4":"has-post-thumbnail","6":"product_cat-recambios-fiat","7":"product_cat-recambios-fiat-punto","9":"first","10":"instock","11":"taxable","12":"shipping-taxable","13":"purchasable","14":"product-type-simple"},"_links":{"self":[{"href":"https:\/\/galicianparts.com\/shop\/wp-json\/wp\/v2\/product\/84091"}],"collection":[{"href":"https:\/\/galicianparts.com\/shop\/wp-json\/wp\/v2\/product"}],"about":[{"href":"https:\/\/galicianparts.com\/shop\/wp-json\/wp\/v2\/types\/product"}],"wp:featuredmedia":[{"embeddable":true,"href":"https:\/\/galicianparts.com\/shop\/wp-json\/wp\/v2\/media\/84096"}],"wp:attachment":[{"href":"https:\/\/galicianparts.com\/shop\/wp-json\/wp\/v2\/media?parent=84091"}],"wp:term":[{"taxonomy":"product_cat","embeddable":true,"href":"https:\/\/galicianparts.com\/shop\/wp-json\/wp\/v2\/product_cat?post=84091"},{"taxonomy":"product_tag","embeddable":true,"href":"https:\/\/galicianparts.com\/shop\/wp-json\/wp\/v2\/product_tag?post=84091"}],"curies":[{"name":"wp","href":"https:\/\/api.w.org\/{rel}","templated":true}]}}