{"id":84743,"date":"2024-03-06T10:11:50","date_gmt":"2024-03-06T08:11:50","guid":{"rendered":"https:\/\/galicianparts.com\/shop\/producto\/4432042-casquillo-difusor-limpialuna-trasero-fiat-panda-ducato-90-94-original\/"},"modified":"2026-02-09T12:46:01","modified_gmt":"2026-02-09T10:46:01","slug":"4432042-casquillo-difusor-limpialuna-trasero-fiat-panda-ducato-90-94-original","status":"publish","type":"product","link":"https:\/\/galicianparts.com\/shop\/producto\/4432042-casquillo-difusor-limpialuna-trasero-fiat-panda-ducato-90-94-original\/","title":{"rendered":"4432042 Casquillo difusor limpialuna trasero Fiat Panda \/Ducato (90-94) ORIGINAL"},"content":{"rendered":"<p>Casquillo de pl\u00e1stico del rociador del limpialunas del port\u00f3n posterior de:<br \/>\nDi\u00e1metro interior: 7 mm<br \/>\nDi\u00e1metro exterior: 8 mm<br \/>\nAltura: 6 mm<\/p>\n<p>FIAT &#8211; 1S PANDA 4X2 MAQ 91 (1991-2003) LIMPIA LUNA<br \/>\nFIAT &#8211; LV PANDA 4X2 RL\/86 (1985-1991) LIMPIA LUNA<br \/>\nFIAT &#8211; 1T PANDA 4X4 MAQ 91 (1991-2003) LIMPIA LUNA<br \/>\nFIAT &#8211; 2R PANDA 4X4 R\/86 (1985-1991) LIMPIA LUNA<br \/>\nFIAT &#8211; 2P PANDA DS (1986-1993) LIMPIA LUNA<br \/>\nFIAT PROFESSIONAL &#8211; ND DUCATO 4X4 R.90 (1990-1994) LIMPIA LUNA<br \/>\nFIAT PROFESSIONAL &#8211; NB NUOVO DUCATO BZ R.90 (1990-1994) LIMPIA LUNA<br \/>\nFIAT PROFESSIONAL &#8211; NA NUOVO DUCATO DS.R.90 (1990-1994) LIMPIA LUNA<br \/>\nCITROEN &#8211; C25 (1990-1994) LIMPIA LUNA<br \/>\nPEUGEOT &#8211; J5 (1990-1994) LIMPIA LUNA<\/p>\n<p>LA PIEZA ES NUEVA Y ORIGINAL.<\/p>\n","protected":false},"excerpt":{"rendered":"<p>Casquillo de pl\u00e1stico del rociador del limpialunas del port\u00f3n posterior de: Di\u00e1metro interior: 7 mm Di\u00e1metro exterior: 8 mm Altura: 6 mm FIAT &#8211; 1S PANDA 4X2 MAQ 91 (1991-2003) LIMPIA LUNA FIAT &#8211; LV PANDA 4X2 RL\/86 (1985-1991) LIMPIA LUNA FIAT &#8211; 1T PANDA 4X4 MAQ 91 (1991-2003) LIMPIA LUNA FIAT &#8211; 2R PANDA [&hellip;]<\/p>\n","protected":false},"featured_media":84746,"template":"","meta":{"_seopress_robots_primary_cat":"","_seopress_titles_title":"","_seopress_titles_desc":"","_seopress_robots_index":""},"product_cat":[132,23,88,20,157,99,24],"product_tag":[],"class_list":{"0":"post-84743","1":"product","2":"type-product","3":"status-publish","4":"has-post-thumbnail","6":"product_cat-recambios-citroen-c25","7":"product_cat-recambios-citroen","8":"product_cat-recambios-fiat-ducato","9":"product_cat-recambios-fiat","10":"product_cat-recambios-peugeot-j5","11":"product_cat-recambios-fiat-panda","12":"product_cat-recambios-peugeot","14":"first","15":"instock","16":"taxable","17":"shipping-taxable","18":"purchasable","19":"product-type-simple"},"_links":{"self":[{"href":"https:\/\/galicianparts.com\/shop\/wp-json\/wp\/v2\/product\/84743"}],"collection":[{"href":"https:\/\/galicianparts.com\/shop\/wp-json\/wp\/v2\/product"}],"about":[{"href":"https:\/\/galicianparts.com\/shop\/wp-json\/wp\/v2\/types\/product"}],"wp:featuredmedia":[{"embeddable":true,"href":"https:\/\/galicianparts.com\/shop\/wp-json\/wp\/v2\/media\/84746"}],"wp:attachment":[{"href":"https:\/\/galicianparts.com\/shop\/wp-json\/wp\/v2\/media?parent=84743"}],"wp:term":[{"taxonomy":"product_cat","embeddable":true,"href":"https:\/\/galicianparts.com\/shop\/wp-json\/wp\/v2\/product_cat?post=84743"},{"taxonomy":"product_tag","embeddable":true,"href":"https:\/\/galicianparts.com\/shop\/wp-json\/wp\/v2\/product_tag?post=84743"}],"curies":[{"name":"wp","href":"https:\/\/api.w.org\/{rel}","templated":true}]}}