{"id":84793,"date":"2024-03-07T10:04:46","date_gmt":"2024-03-07T08:04:46","guid":{"rendered":"https:\/\/galicianparts.com\/shop\/producto\/4194181-casquillo-bulon-pedal-embrague-fiat-uno-turbo-fiat-seicento-original\/"},"modified":"2024-03-07T10:34:42","modified_gmt":"2024-03-07T08:34:42","slug":"4194181-casquillo-bulon-pedal-embrague-fiat-uno-turbo-fiat-seicento-original","status":"publish","type":"product","link":"https:\/\/galicianparts.com\/shop\/producto\/4194181-casquillo-bulon-pedal-embrague-fiat-uno-turbo-fiat-seicento-original\/","title":{"rendered":"4194181 Pack 2 casquillos resorte cap\u00f3 Fiat \/Lancia \/Seat cl\u00e1sico NUEVO ORIGINAL"},"content":{"rendered":"<p>Juego, set de dos casquillos de pl\u00e1stico del muelle de soporte del cap\u00f3 delantero de Fiat, Lancia y Seat cl\u00e1sicos:<br \/>\nDi\u00e1metro interior: 5 mm<br \/>\nDi\u00e1metro exterior: 8 mm<br \/>\nAltura: 9,5 mm<\/p>\n<p>LA PIEZA ES NUEVA Y ORIGINAL.<\/p>\n","protected":false},"excerpt":{"rendered":"<p>Juego, set de dos casquillos de pl\u00e1stico del muelle de soporte del cap\u00f3 delantero de Fiat, Lancia y Seat cl\u00e1sicos: Di\u00e1metro interior: 5 mm Di\u00e1metro exterior: 8 mm Altura: 9,5 mm LA PIEZA ES NUEVA Y ORIGINAL.<\/p>\n","protected":false},"featured_media":84795,"template":"","meta":{"_seopress_robots_primary_cat":"","_seopress_titles_title":"","_seopress_titles_desc":"","_seopress_robots_index":""},"product_cat":[20,21,26],"product_tag":[],"class_list":{"0":"post-84793","1":"product","2":"type-product","3":"status-publish","4":"has-post-thumbnail","6":"product_cat-recambios-fiat","7":"product_cat-recambios-lancia","8":"product_cat-recambios-seat","10":"first","11":"instock","12":"taxable","13":"shipping-taxable","14":"purchasable","15":"product-type-simple"},"_links":{"self":[{"href":"https:\/\/galicianparts.com\/shop\/wp-json\/wp\/v2\/product\/84793"}],"collection":[{"href":"https:\/\/galicianparts.com\/shop\/wp-json\/wp\/v2\/product"}],"about":[{"href":"https:\/\/galicianparts.com\/shop\/wp-json\/wp\/v2\/types\/product"}],"wp:featuredmedia":[{"embeddable":true,"href":"https:\/\/galicianparts.com\/shop\/wp-json\/wp\/v2\/media\/84795"}],"wp:attachment":[{"href":"https:\/\/galicianparts.com\/shop\/wp-json\/wp\/v2\/media?parent=84793"}],"wp:term":[{"taxonomy":"product_cat","embeddable":true,"href":"https:\/\/galicianparts.com\/shop\/wp-json\/wp\/v2\/product_cat?post=84793"},{"taxonomy":"product_tag","embeddable":true,"href":"https:\/\/galicianparts.com\/shop\/wp-json\/wp\/v2\/product_tag?post=84793"}],"curies":[{"name":"wp","href":"https:\/\/api.w.org\/{rel}","templated":true}]}}