{"id":85052,"date":"2024-03-14T12:50:03","date_gmt":"2024-03-14T10:50:03","guid":{"rendered":"https:\/\/galicianparts.com\/shop\/producto\/7673078-abrazadera-d-24mm-cables-tubos-lancia-delta-hpe-fiat-alfa-nueva-original\/"},"modified":"2026-02-28T02:05:15","modified_gmt":"2026-02-28T00:05:15","slug":"7673078-abrazadera-d-24mm-cables-tubos-lancia-delta-hpe-fiat-alfa-nueva-original","status":"publish","type":"product","link":"https:\/\/galicianparts.com\/shop\/producto\/7673078-abrazadera-d-24mm-cables-tubos-lancia-delta-hpe-fiat-alfa-nueva-original\/","title":{"rendered":"7673078 Abrazadera D 24mm cables-tubos Lancia Delta HPE \/Fiat \/Alfa NUEVA ORIGINAL"},"content":{"rendered":"<p>Soporte, tope de sujeci\u00f3n de manguitos y cableado el\u00e9ctrico de:<br \/>\nDi\u00e1metro: 24 mm<\/p>\n<p>FIAT &#8211; PC COUPE&#8217; (1994-1996) 2000 TURBO<br \/>\nFIAT &#8211; PX COUPE&#8217; GAMMA&#8217;96 (1996-2000) 2000 20V 5CIL.TB.<br \/>\nFIAT &#8211; 1B PUNTO TB.DS. GAMMA&#8217;97 (1997-1999) AIRE ACONDICIONADO \/ 1697 T.DS EM.08 (72CV) \/ 1697 T.DS CF2 (69CV) \/ 1697 T.DS CF2 SOFT (63CV)<br \/>\nFIAT &#8211; MW TEMPRA 1750-2000 (1989-1993) S.W. 4X4<br \/>\nFIAT &#8211; NZ TEMPRA MAQ.93 1750-2000 (&#8217;93-&#8217;96) S.W.4X4 SX \/ S.W. 4X4 SLX<br \/>\nFIAT &#8211; MF TIPO DIESEL-T.DS. (1987-1993) 1930 TURBO \/ 1930 TURBO USA&#8217;87 (82CV) \/ 1930 TURBO USA&#8217;87 (92CV)<br \/>\nFIAT &#8211; NT TIPO MAQ.93 D-TD (1993-1995) 1930 TURBO<br \/>\nFIAT &#8211; MP TIPO SPORT 16V IE. (1988-1993) 1750<br \/>\nALFA ROMEO &#8211; W8 147 (2000-2010) 3200 GTA \/ PROGRESSION \/ DISTINCTIVE \/ GTA \/ IMPRESI\u00d3N \/ AIRE ACONDICIONADO<br \/>\nALFA ROMEO &#8211; U6 155 TURBO (1992-1996) 2000 TB\/BZ 4X4<br \/>\nALFA ROMEO &#8211; W1 164 FL\/92 (1992-1997) AIRE ACONDICIONADO \/ 2500 TB\/DS \/ 2500 TB\/DS CEE F2<br \/>\nALFA ROMEO &#8211; W2 164 SUPER (1992-1997) AIRE ACONDICIONADO \/ 2500 TB\/DS \/ 2500 TB\/DS(CEE-F2)<br \/>\nALFA ROMEO &#8211; W9 166 (1998-2007) CONDUCCION A\u00a0IZQUIERDA \/ SEDAN 98 \/ 2000 T.S. 16V CF2<br \/>\nALFA ROMEO &#8211; W9 166 (1998-2007) CONDUCCION A\u00a0IZQUIERDA \/ SEDAN 98 \/ 2000 T.S. 16V CF2 \/ 2000 T.S. 16V CF3<br \/>\nALFA ROMEO &#8211; W9 166 (1998-2007) CONDUCCION A\u00a0IZQUIERDA \/ SEDAN 98 \/ 2000 TB V6 12V<br \/>\nALFA ROMEO &#8211; W9 166 (1998-2007) CONDUCCION\u00a0A DERECHA \/ SEDAN 98 \/ 2000 T.S. 16V CF2<br \/>\nALFA ROMEO &#8211; W9 166 (1998-2007) CONDUCCION\u00a0A DERECHA \/ SEDAN 98 \/ 2000 T.S. 16V CF3<br \/>\nALFA ROMEO &#8211; W9 166 (1998-2007) CONDUCCION\u00a0A DERECHA \/ SEDAN 98 \/ 2500 V6 24V \/ 2500 V6 24V CF3 \/ 3000 V6 24V \/ 3000 V6 24V CF3<br \/>\nALFA ROMEO &#8211; W9 166 BZ-DS (1998-2007) CAMBIO AUTOMATICO \/ SEDAN 98<br \/>\nALFA ROMEO &#8211; W9 166 (1998-2007) CONDUCCION A\u00a0IZQUIERDA \/ SEDAN 98 \/ 2400 JTD CF2 140CV\/103KW \/ 2400\u00a0JTD\u00a0CF3\u00a0140\u00a0CV\/103KW \/ 2400\u00a0JTD\u00a0CF3\u00a0150\u00a0CV\/110KW<br \/>\nALFA ROMEO &#8211; W9 166 (1998-2007) CONDUCCION A\u00a0IZQUIERDA \/ 2000 T.S. 16V CF3 \/ FL 03 PROGRESSION \/ FL 03 DISTINCTIVE \/ FL 03 BASIS<br \/>\nALFA ROMEO &#8211; W9 166 (1998-2007) CONDUCCION\u00a0A DERECHA \/ 2000 T.S. 16V CF3 \/ FL 03 PROGRESSION \/ FL 03 DISTINCTIVE<br \/>\nALFA ROMEO &#8211; W9 166 (1998-2007) CONDUCCION\u00a0A DERECHA \/ FL 03 PROGRESSION \/ 2500 V6 24V CF3 \/ 3200 V6 24V<br \/>\nALFA ROMEO &#8211; W9 166 (1998-2007) CONDUCCION\u00a0A DERECHA \/ FL 03 DISTINCTIVE \/ 2500 V6 24V CF3 \/ 3200 V6 24V<br \/>\nALFA ROMEO &#8211; W9 166 BZ-DS (1998-2007) CONDUCCION A\u00a0IZQUIERDA \/ CAMBIO AUTOMATICO \/ FL 03 PROGRESSION \/ FL 03 DISTINCTIVE \/ EQUIPAMIENTO LUXURY<br \/>\nALFA ROMEO &#8211; W9 166 BZ-DS (1998-2007) CONDUCCION\u00a0A DERECHA \/ CAMBIO AUTOMATICO \/ FL 03 PROGRESSION \/ FL 03 DISTINCTIVE<br \/>\nALFA ROMEO &#8211; W9 166 (1998-2007) CONDUCCION A\u00a0IZQUIERDA \/ 2400\u00a0JTD\u00a0CF3\u00a0150\u00a0CV\/110KW \/ 2400 JTD 20V 175CV\/129KW  C.MEC. \/ 2400 JTD 20V 175CV \/129KW C.AUTOM. \/ 2400 JTD CF3 20V CM 163CV\/122KW MENOR POT. BE \/ 2400 JTD CF3 20V C.A.163CV\/122W MENOR POT. BE \/ 2400 JTD CF4 20V 180CV\/132KW<br \/>\nALFA ROMEO &#8211; W9 166 (1998-2007) CONDUCCION A\u00a0IZQUIERDA \/ FL 03 BASIS \/ 2400\u00a0JTD\u00a0CF3\u00a0150\u00a0CV\/110KW<br \/>\nALFA ROMEO &#8211; X2 GT (2003-2010) 3200 6V \/ PROGRESSION \/ DISTINCTIVE \/ PROGRESSION\u00a0MY\u00a02006 \/ DISTINCTIVE\u00a0MY\u00a02006 \/ CLIMATIZADOR\u00a0AUTOM\u00c1TICO<br \/>\nLANCIA &#8211; RJ DEDRA IE.TB.INTEGRALE (1990-1994)<br \/>\nLANCIA &#8211; RZ DEDRA TURBO DIESEL (1989-1994)<br \/>\nLANCIA &#8211; SV KAPPA COUPE&#8217; (1997-2001) 2000 IE TB 20V<br \/>\nLANCIA &#8211; SP KAPPA BZ (1994-2001) 2400 IE. (838A2.000) \/ 2000 IE.(838A6.000) \/ 2400 IE. EM. 04<br \/>\nLANCIA &#8211; SP KAPPA BZ (1994-2001) 2000 IE. TB 20V<br \/>\nLANCIA &#8211; SG N.DELTA (&#8217;93-&#8217;99) 2000 16V TB USA 83 \/ 2000 16V TB CEE F2<br \/>\nLANCIA &#8211; SB THEMA IE. 16V FL.92 (1992-1994) 2000 TB. \/ CONDUCCION A\u00a0IZQUIERDA<\/p>\n<p>LA PIEZA ES NUEVA Y ORIGINAL.<\/p>\n","protected":false},"excerpt":{"rendered":"<p>Soporte, tope de sujeci\u00f3n de manguitos y cableado el\u00e9ctrico de: Di\u00e1metro: 24 mm FIAT &#8211; PC COUPE&#8217; (1994-1996) 2000 TURBO FIAT &#8211; PX COUPE&#8217; GAMMA&#8217;96 (1996-2000) 2000 20V 5CIL.TB. FIAT &#8211; 1B PUNTO TB.DS. GAMMA&#8217;97 (1997-1999) AIRE ACONDICIONADO \/ 1697 T.DS EM.08 (72CV) \/ 1697 T.DS CF2 (69CV) \/ 1697 T.DS CF2 SOFT (63CV) FIAT [&hellip;]<\/p>\n","protected":false},"featured_media":85054,"template":"","meta":{"_seopress_robots_primary_cat":"","_seopress_titles_title":"","_seopress_titles_desc":"","_seopress_robots_index":""},"product_cat":[44,48,54,57,16,85,117,118,20,50,119,21,101,111,124,112],"product_tag":[],"class_list":{"0":"post-85052","1":"product","2":"type-product","3":"status-publish","4":"has-post-thumbnail","6":"product_cat-recambios-alfa-romeo-147","7":"product_cat-recambios-alfa-romeo-155","8":"product_cat-recambios-alfa-romeo-164","9":"product_cat-recambios-alfa-romeo-166","10":"product_cat-recambios-alfa-romeo","11":"product_cat-recambios-fiat-coupe","12":"product_cat-recambios-lancia-dedra","13":"product_cat-recambios-lancia-delta","14":"product_cat-recambios-fiat","15":"product_cat-recambios-alfa-romeo-gt","16":"product_cat-recambios-lancia-kappa","17":"product_cat-recambios-lancia","18":"product_cat-recambios-fiat-punto","19":"product_cat-recambios-fiat-tempra","20":"product_cat-recambios-lancia-thema","21":"product_cat-recambios-fiat-tipo","23":"first","24":"instock","25":"taxable","26":"shipping-taxable","27":"purchasable","28":"product-type-simple"},"_links":{"self":[{"href":"https:\/\/galicianparts.com\/shop\/wp-json\/wp\/v2\/product\/85052"}],"collection":[{"href":"https:\/\/galicianparts.com\/shop\/wp-json\/wp\/v2\/product"}],"about":[{"href":"https:\/\/galicianparts.com\/shop\/wp-json\/wp\/v2\/types\/product"}],"wp:featuredmedia":[{"embeddable":true,"href":"https:\/\/galicianparts.com\/shop\/wp-json\/wp\/v2\/media\/85054"}],"wp:attachment":[{"href":"https:\/\/galicianparts.com\/shop\/wp-json\/wp\/v2\/media?parent=85052"}],"wp:term":[{"taxonomy":"product_cat","embeddable":true,"href":"https:\/\/galicianparts.com\/shop\/wp-json\/wp\/v2\/product_cat?post=85052"},{"taxonomy":"product_tag","embeddable":true,"href":"https:\/\/galicianparts.com\/shop\/wp-json\/wp\/v2\/product_tag?post=85052"}],"curies":[{"name":"wp","href":"https:\/\/api.w.org\/{rel}","templated":true}]}}