{"id":85188,"date":"2024-03-18T12:28:12","date_gmt":"2024-03-18T10:28:12","guid":{"rendered":"https:\/\/galicianparts.com\/shop\/producto\/7565135-sensor-marcha-atras-cambio-lancia-delta-evo-integrale-thema-fiat-alfa-original\/"},"modified":"2025-05-15T18:27:27","modified_gmt":"2025-05-15T16:27:27","slug":"7565135-sensor-marcha-atras-cambio-lancia-delta-evo-integrale-thema-fiat-alfa-original","status":"publish","type":"product","link":"https:\/\/galicianparts.com\/shop\/producto\/7565135-sensor-marcha-atras-cambio-lancia-delta-evo-integrale-thema-fiat-alfa-original\/","title":{"rendered":"7565135 Sensor marcha atr\u00e1s cambio Lancia Delta Evo \/Integrale \/Thema \/Fiat \/Alfa ORIGINAL"},"content":{"rendered":"<p>Electrov\u00e1lvula, interruptor del indicador de la marcha atr\u00e1s de la caja de cambios de:<br \/>\nM\u00e9trica: 12\u00d71<\/p>\n<p>FIAT &#8211; MY CROMA IE-IE TB. FL.90 (1990-1996)<br \/>\nFIAT &#8211; MJ CROMA TURBO DS FL.90 (1990-1996) 1930 (154C6.000) \/ 2500 (8144.97) \/ 2500 (8144.97S)<br \/>\nALFA ROMEO &#8211; K2 164 TURBO BZ. (1987-1992)<br \/>\nLANCIA &#8211; RJ DEDRA IE.TB.INTEGRALE (1990-1994)  2000 \/ 2000 USA&#8217;83<br \/>\nLANCIA &#8211; RJ DEDRA IE.TB.INTEGRALE (1990-1994)  2000 4WD \/ 2000 4WD USA&#8217;83<br \/>\nLANCIA &#8211; RT DELTA 4WD (1986-1991)<br \/>\nLANCIA &#8211; SA DELTA EVOLUZIONE (1991-1994)<br \/>\nLANCIA &#8211; SZ THEMA R.88 (1988-1992) 2000 8V EM.04 \/ 2000 8V USA\/83 \/ 2000 TB 8V USA\/83 \/ 2000 16V EM.04 \/ 2000 16V USA\/83 \/ 2000 TB 16V EM.04 \/ 2000 TB 16V USA\/83<br \/>\nLANCIA &#8211; SZ THEMA R.88 (1988-1992) 2500 TB\/DS (8144.97) \/ 2500 TB\/DS (8144.97S) EM.08<br \/>\nLANCIA &#8211; SZ THEMA R.88 (1988-1992) 2850 6V<br \/>\nLANCIA &#8211; SZ THEMA R.88 FERRARI (1988-1992) BN 8.32<br \/>\nLANCIA &#8211; PRISMA (831)<br \/>\n2.0 I.E. A LAS 4 RUEDAS (831AB), A\u00d1O 04.1986 &#8211; 12.1989, 1995 CCM, 115 CV<\/p>\n<p>LA PIEZA ES NUEVA Y ORIGINAL.<\/p>\n","protected":false},"excerpt":{"rendered":"<p>Electrov\u00e1lvula, interruptor del indicador de la marcha atr\u00e1s de la caja de cambios de: M\u00e9trica: 12\u00d71 FIAT &#8211; MY CROMA IE-IE TB. FL.90 (1990-1996) FIAT &#8211; MJ CROMA TURBO DS FL.90 (1990-1996) 1930 (154C6.000) \/ 2500 (8144.97) \/ 2500 (8144.97S) ALFA ROMEO &#8211; K2 164 TURBO BZ. (1987-1992) LANCIA &#8211; RJ DEDRA IE.TB.INTEGRALE (1990-1994) 2000 [&hellip;]<\/p>\n","protected":false},"featured_media":85192,"template":"","meta":{"_seopress_robots_primary_cat":"","_seopress_titles_title":"","_seopress_titles_desc":"","_seopress_robots_index":""},"product_cat":[54,16,86,117,118,20,21,123,124],"product_tag":[],"class_list":{"0":"post-85188","1":"product","2":"type-product","3":"status-publish","4":"has-post-thumbnail","6":"product_cat-recambios-alfa-romeo-164","7":"product_cat-recambios-alfa-romeo","8":"product_cat-recambios-fiat-croma","9":"product_cat-recambios-lancia-dedra","10":"product_cat-recambios-lancia-delta","11":"product_cat-recambios-fiat","12":"product_cat-recambios-lancia","13":"product_cat-recambios-lancia-prisma","14":"product_cat-recambios-lancia-thema","16":"first","17":"outofstock","18":"taxable","19":"shipping-taxable","20":"purchasable","21":"product-type-simple"},"_links":{"self":[{"href":"https:\/\/galicianparts.com\/shop\/wp-json\/wp\/v2\/product\/85188"}],"collection":[{"href":"https:\/\/galicianparts.com\/shop\/wp-json\/wp\/v2\/product"}],"about":[{"href":"https:\/\/galicianparts.com\/shop\/wp-json\/wp\/v2\/types\/product"}],"wp:featuredmedia":[{"embeddable":true,"href":"https:\/\/galicianparts.com\/shop\/wp-json\/wp\/v2\/media\/85192"}],"wp:attachment":[{"href":"https:\/\/galicianparts.com\/shop\/wp-json\/wp\/v2\/media?parent=85188"}],"wp:term":[{"taxonomy":"product_cat","embeddable":true,"href":"https:\/\/galicianparts.com\/shop\/wp-json\/wp\/v2\/product_cat?post=85188"},{"taxonomy":"product_tag","embeddable":true,"href":"https:\/\/galicianparts.com\/shop\/wp-json\/wp\/v2\/product_tag?post=85188"}],"curies":[{"name":"wp","href":"https:\/\/api.w.org\/{rel}","templated":true}]}}