{"id":8769,"date":"2020-11-19T22:15:34","date_gmt":"2020-11-19T20:15:34","guid":{"rendered":"https:\/\/galicianparts.com\/shop\/producto\/77362274-kit-pastillas-freno-traseras-fiat-ducato-citroen-jumper-peugeot-boxer-original\/"},"modified":"2022-05-13T09:09:40","modified_gmt":"2022-05-13T07:09:40","slug":"77362274-kit-pastillas-freno-traseras-fiat-ducato-citroen-jumper-peugeot-boxer-original","status":"publish","type":"product","link":"https:\/\/galicianparts.com\/shop\/producto\/77362274-kit-pastillas-freno-traseras-fiat-ducato-citroen-jumper-peugeot-boxer-original\/","title":{"rendered":"77362274 Kit pastillas freno traseras Fiat Ducato \/ Citroen Jumper \/ Peugeot Boxer ORIGINAL"},"content":{"rendered":"<p>Juego de pastillas de freno traseras de:<br \/>\nFIAT Ducato II Bus (230) (A\u00f1o 03.1994 &#8211; 04.2002, 84 &#8211; 128 CV, Gas\u00f3leo)<br \/>\nFIAT Ducato II Bus (244) (A\u00f1o 04.2002 &#8211; &#8230;, 84 &#8211; 145 CV, Gas\u00f3leo, Gasolina, Gasolina\/Gas (LPG), Gasolina\/Gas natural (CNG))<br \/>\nFIAT Ducato II Cami\u00f3n de plataforma\/Chasis (230) (A\u00f1o 06.1994 &#8211; 04.2002, 84 &#8211; 128 CV, Gas\u00f3leo)<br \/>\nFIAT Ducato II Cami\u00f3n de plataforma\/Chasis (244) (A\u00f1o 04.2002 &#8211; 07.2006, 84 &#8211; 146 CV, Gas\u00f3leo, Gasolina)<br \/>\nFIAT Ducato II Furg\u00f3n (230L) (A\u00f1o 03.1994 &#8211; 05.2005, 84 &#8211; 140 CV, Gas\u00f3leo)<br \/>\nFIAT Ducato II Furg\u00f3n (244) (A\u00f1o 04.2002 &#8211; &#8230;, 84 &#8211; 146 CV, Gas\u00f3leo, Gasolina, Gasolina\/Gas (LPG), Gasolina\/Gas natural (CNG)<br \/>\nCITRO\u00cbN Jumper I Bus (230) (A\u00f1o 08.1994 &#8211; 04.2002, 86 &#8211; 107 CV, Gas\u00f3leo)<br \/>\nCITRO\u00cbN Jumper I Bus (244) (A\u00f1o 04.2002 &#8211; &#8230;, 84 &#8211; 128 CV, Gas\u00f3leo, Gasolina, Gasolina\/Gas natural (CNG))<br \/>\nCITRO\u00cbN Jumper I Cami\u00f3n de plataforma\/Chasis (230) (A\u00f1o 03.1994 &#8211; 04.2002, 86 &#8211; 107 CV, Gas\u00f3leo)<br \/>\nCITRO\u00cbN Jumper I Cami\u00f3n de plataforma\/Chasis (244) (A\u00f1o 02.2002 &#8211; &#8230;, 84 &#8211; 146 CV, Gas\u00f3leo)<br \/>\nCITRO\u00cbN Jumper I Furg\u00f3n (230) (A\u00f1o 03.1994 &#8211; 04.2002, 86 &#8211; 107 CV, Gas\u00f3leo)<br \/>\nCITRO\u00cbN Jumper I Furg\u00f3n (244) (A\u00f1o 04.2002 &#8211; &#8230;, 84 &#8211; 146 CV, Gas\u00f3leo, Gasolina, Gasolina\/Gas natural (CNG)<br \/>\nPEUGEOT Boxer Bus (250) (A\u00f1o 09.2005 &#8211; 09.2009, 127 CV, Gas\u00f3leo)<br \/>\nPEUGEOT Boxer Bus (230) (A\u00f1o 08.1994 &#8211; 04.2002, 86 &#8211; 107 CV, Gas\u00f3leo)<br \/>\nPEUGEOT Boxer Bus (244) (A\u00f1o 03.2002 &#8211; &#8230;, 84 &#8211; 145 CV, Gas\u00f3leo, Gasolina)<br \/>\nPEUGEOT Boxer Cami\u00f3n de plataforma\/Chasis (244) (A\u00f1o 12.2001 &#8211; &#8230;, 84 &#8211; 146 CV, Gas\u00f3leo)<br \/>\nPEUGEOT Boxer Cami\u00f3n de plataforma\/Chasis (230) (A\u00f1o 03.1994 &#8211; 04.2002, 86 &#8211; 107 CV, Gas\u00f3leo)<br \/>\nPEUGEOT Boxer Furg\u00f3n (250) (A\u00f1o 04.2006 &#8211; 09.2009, 127 CV, Gas\u00f3leo)<br \/>\nPEUGEOT Boxer Furg\u00f3n (230) (A\u00f1o 03.1994 &#8211; 04.2002, 86 &#8211; 107 CV, Gas\u00f3leo)<br \/>\nPEUGEOT Boxer Furg\u00f3n (244) (A\u00f1o 03.2002 &#8211; &#8230;, 84 &#8211; 146 CV, Gas\u00f3leo, Gasolina)<\/p>\n<p>LA PIEZA ES NUEVA Y ORIGINAL.<\/p>\n","protected":false},"excerpt":{"rendered":"<p>Juego de pastillas de freno traseras de: FIAT Ducato II Bus (230) (A\u00f1o 03.1994 &#8211; 04.2002, 84 &#8211; 128 CV, Gas\u00f3leo) FIAT Ducato II Bus (244) (A\u00f1o 04.2002 &#8211; &#8230;, 84 &#8211; 145 CV, Gas\u00f3leo, Gasolina, Gasolina\/Gas (LPG), Gasolina\/Gas natural (CNG)) FIAT Ducato II Cami\u00f3n de plataforma\/Chasis (230) (A\u00f1o 06.1994 &#8211; 04.2002, 84 &#8211; 128 [&hellip;]<\/p>\n","protected":false},"featured_media":8770,"template":"","meta":{"_seopress_robots_primary_cat":"","_seopress_titles_title":"","_seopress_titles_desc":"","_seopress_robots_index":""},"product_cat":[155,23,88,20,137,24],"product_tag":[],"class_list":{"0":"post-8769","1":"product","2":"type-product","3":"status-publish","4":"has-post-thumbnail","6":"product_cat-recambios-peugeot-boxer","7":"product_cat-recambios-citroen","8":"product_cat-recambios-fiat-ducato","9":"product_cat-recambios-fiat","10":"product_cat-recambios-citroen-jumper","11":"product_cat-recambios-peugeot","13":"first","14":"instock","15":"taxable","16":"shipping-taxable","17":"purchasable","18":"product-type-simple"},"_links":{"self":[{"href":"https:\/\/galicianparts.com\/shop\/wp-json\/wp\/v2\/product\/8769"}],"collection":[{"href":"https:\/\/galicianparts.com\/shop\/wp-json\/wp\/v2\/product"}],"about":[{"href":"https:\/\/galicianparts.com\/shop\/wp-json\/wp\/v2\/types\/product"}],"wp:featuredmedia":[{"embeddable":true,"href":"https:\/\/galicianparts.com\/shop\/wp-json\/wp\/v2\/media\/8770"}],"wp:attachment":[{"href":"https:\/\/galicianparts.com\/shop\/wp-json\/wp\/v2\/media?parent=8769"}],"wp:term":[{"taxonomy":"product_cat","embeddable":true,"href":"https:\/\/galicianparts.com\/shop\/wp-json\/wp\/v2\/product_cat?post=8769"},{"taxonomy":"product_tag","embeddable":true,"href":"https:\/\/galicianparts.com\/shop\/wp-json\/wp\/v2\/product_tag?post=8769"}],"curies":[{"name":"wp","href":"https:\/\/api.w.org\/{rel}","templated":true}]}}