{"id":87742,"date":"2024-06-04T10:36:02","date_gmt":"2024-06-04T08:36:02","guid":{"rendered":"https:\/\/galicianparts.com\/shop\/producto\/4387315-goma-soporte-radiador-fiat-uno-turbo-lancia-delta-i-nuevo-original\/"},"modified":"2024-06-04T13:27:07","modified_gmt":"2024-06-04T11:27:07","slug":"4387315-goma-soporte-radiador-fiat-uno-turbo-lancia-delta-i-nuevo-original","status":"publish","type":"product","link":"https:\/\/galicianparts.com\/shop\/producto\/4387315-goma-soporte-radiador-fiat-uno-turbo-lancia-delta-i-nuevo-original\/","title":{"rendered":"4387315 Goma soporte radiador Fiat Uno Turbo \/Lancia Delta I NUEVO ORIGINAL"},"content":{"rendered":"<p>Silentblock del soporte inferior del radiador de:<br \/>\nDi\u00e1metro interior: 16 mm<br \/>\nDi\u00e1metro exterior 1: 21,5 mm<br \/>\nDi\u00e1metro exterior 2: 35 mm<\/p>\n<p>FIAT &#8211; XS MILLE CLIP (1995-1997) 994 SPI<br \/>\nFIAT &#8211; XS MILLE CLIP (1995-1997) 1372 SPI<br \/>\nFIAT &#8211; XS MILLE CLIP (1995-1997) 1697 DS<br \/>\nFIAT &#8211; MU UNO DIESEL R\/89 (1989-1995) 1300 ASPIRADO<br \/>\nFIAT &#8211; MU UNO DIESEL R\/89 (1989-1995) 1367 TURBO \/ 1697 ASPIRADO \/ 1930 ASPIRADO<br \/>\nFIAT &#8211; 1D UNO MONDO (1995-2010) 1000 CARB. \/ 1000 USA 83 \/ 1000 CF2 \/ 1100 CARB.<br \/>\nFIAT &#8211; 1D UNO MONDO (1995-2010) 1370 CARB.<br \/>\nFIAT &#8211; 1D UNO MONDO (1995-2010) 1697 DS EM08 \/ INDIA \/ PAKISTAN<br \/>\nFIAT &#8211; 1D UNO MONDO (1995-2010) 1697 DS EM08 \/ URUGUAY \/ MARUECOS<br \/>\nFIAT &#8211; 1D UNO MONDO (1995-2010) 1242 SPI CF2<br \/>\nFIAT &#8211; MS UNO R\/89 1.1-1370-1.5 (1989-1995)<br \/>\nFIAT &#8211; MR UNO R\/89 (1989-1995) 1000 \/ 1108 \/ 1000 DAV. \/ 1000 USA&#8217;83 \/ 1108 USA&#8217;83 (51CV) \/ 1100 USA&#8217;83 (49CV)<br \/>\nFIAT &#8211; MR UNO R\/89 (1989-1995) 903 \/ 994 CARB.<br \/>\nFIAT &#8211; MR UNO R\/89 (1989-1995) 994 SPI<br \/>\nFIAT &#8211; MT UNO TURBO R\/89 (1989-1993)<br \/>\nLANCIA &#8211; TB DELTA R.86 (1986-1992) 1600 SPI USA 83<br \/>\nLANCIA &#8211; TB DELTA R.86 (1986-1992) 1930 TB\/DS<\/p>\n<p>LA PIEZA ES NUEVA Y ORIGINAL.<\/p>\n","protected":false},"excerpt":{"rendered":"<p>Silentblock del soporte inferior del radiador de: Di\u00e1metro interior: 16 mm Di\u00e1metro exterior 1: 21,5 mm Di\u00e1metro exterior 2: 35 mm FIAT &#8211; XS MILLE CLIP (1995-1997) 994 SPI FIAT &#8211; XS MILLE CLIP (1995-1997) 1372 SPI FIAT &#8211; XS MILLE CLIP (1995-1997) 1697 DS FIAT &#8211; MU UNO DIESEL R\/89 (1989-1995) 1300 ASPIRADO FIAT [&hellip;]<\/p>\n","protected":false},"featured_media":87747,"template":"","meta":{"_seopress_robots_primary_cat":"","_seopress_titles_title":"","_seopress_titles_desc":"","_seopress_robots_index":""},"product_cat":[118,20,21,114],"product_tag":[],"class_list":{"0":"post-87742","1":"product","2":"type-product","3":"status-publish","4":"has-post-thumbnail","6":"product_cat-recambios-lancia-delta","7":"product_cat-recambios-fiat","8":"product_cat-recambios-lancia","9":"product_cat-recambios-fiat-uno","11":"first","12":"outofstock","13":"taxable","14":"shipping-taxable","15":"purchasable","16":"product-type-simple"},"_links":{"self":[{"href":"https:\/\/galicianparts.com\/shop\/wp-json\/wp\/v2\/product\/87742"}],"collection":[{"href":"https:\/\/galicianparts.com\/shop\/wp-json\/wp\/v2\/product"}],"about":[{"href":"https:\/\/galicianparts.com\/shop\/wp-json\/wp\/v2\/types\/product"}],"wp:featuredmedia":[{"embeddable":true,"href":"https:\/\/galicianparts.com\/shop\/wp-json\/wp\/v2\/media\/87747"}],"wp:attachment":[{"href":"https:\/\/galicianparts.com\/shop\/wp-json\/wp\/v2\/media?parent=87742"}],"wp:term":[{"taxonomy":"product_cat","embeddable":true,"href":"https:\/\/galicianparts.com\/shop\/wp-json\/wp\/v2\/product_cat?post=87742"},{"taxonomy":"product_tag","embeddable":true,"href":"https:\/\/galicianparts.com\/shop\/wp-json\/wp\/v2\/product_tag?post=87742"}],"curies":[{"name":"wp","href":"https:\/\/api.w.org\/{rel}","templated":true}]}}