{"id":8799,"date":"2020-11-20T13:35:56","date_gmt":"2020-11-20T11:35:56","guid":{"rendered":"https:\/\/galicianparts.com\/shop\/producto\/77362235-kit-pastillas-freno-fiat-ducato-peugeot-boxer-citroen-jumper-original\/"},"modified":"2023-03-23T17:49:36","modified_gmt":"2023-03-23T15:49:36","slug":"77362235-kit-pastillas-freno-fiat-ducato-peugeot-boxer-citroen-jumper-original","status":"publish","type":"product","link":"https:\/\/galicianparts.com\/shop\/producto\/77362235-kit-pastillas-freno-fiat-ducato-peugeot-boxer-citroen-jumper-original\/","title":{"rendered":"77362235 Kit pastillas freno Fiat Ducato \/ Peugeot Boxer \/ Citroen Jumper ORIGINAL"},"content":{"rendered":"<p>Juego, set de pastillas de freno delanteras de:<br \/>\nFIAT Ducato II Bus (230) (A\u00f1o 03.1994 &#8211; 04.2002, 68 &#8211; 128 , Gas\u00f3leo,Gasolina)<br \/>\nFIAT Ducato II Cami\u00f3n de plataforma\/Chasis (230) (A\u00f1o 03.1994 &#8211; 04.2002, 68 &#8211; 128 , Gas\u00f3leo,Gasolina)<br \/>\nFIAT Ducato II Furg\u00f3n (230L) (A\u00f1o 03.1994 &#8211; 04.2002, 68 &#8211; 128 , Gas\u00f3leo,Gasolina)<br \/>\nCITRO\u00cbN Jumper I Bus (230) (A\u00f1o 02.1994 &#8211; 04.2002, 69 &#8211; 128 , Gas\u00f3leo,Gasolina)<br \/>\nCITRO\u00cbN Jumper I Cami\u00f3n de plataforma\/Chasis (230) (A\u00f1o 03.1994 &#8211; 04.2002, 86 &#8211; 128 , Gas\u00f3leo,Gasolina)<br \/>\nCITRO\u00cbN Jumper I Furg\u00f3n (230) (A\u00f1o 02.1994 &#8211; 04.2002, 68 &#8211; 128 , Gas\u00f3leo,Gasolina)<br \/>\nPEUGEOT Boxer Bus (230) (A\u00f1o 03.1994 &#8211; 04.2002, 69 &#8211; 128 , Gas\u00f3leo,Gasolina)<br \/>\nPEUGEOT Boxer Cami\u00f3n de plataforma\/Chasis (230) (A\u00f1o 03.1994 &#8211; 04.2002, 86 &#8211; 128 , Gas\u00f3leo,Gasolina)<br \/>\nPEUGEOT Boxer Furg\u00f3n (230) (A\u00f1o 03.1994 &#8211; 04.2002, 68 &#8211; 128 , Gas\u00f3leo,Gasolina)<\/p>\n<p>LA PIEZA ES NUEVA Y ORIGINAL.<\/p>\n","protected":false},"excerpt":{"rendered":"<p>Juego, set de pastillas de freno delanteras de: FIAT Ducato II Bus (230) (A\u00f1o 03.1994 &#8211; 04.2002, 68 &#8211; 128 , Gas\u00f3leo,Gasolina) FIAT Ducato II Cami\u00f3n de plataforma\/Chasis (230) (A\u00f1o 03.1994 &#8211; 04.2002, 68 &#8211; 128 , Gas\u00f3leo,Gasolina) FIAT Ducato II Furg\u00f3n (230L) (A\u00f1o 03.1994 &#8211; 04.2002, 68 &#8211; 128 , Gas\u00f3leo,Gasolina) CITRO\u00cbN Jumper I [&hellip;]<\/p>\n","protected":false},"featured_media":70917,"template":"","meta":{"_seopress_robots_primary_cat":"","_seopress_titles_title":"","_seopress_titles_desc":"","_seopress_robots_index":""},"product_cat":[155,23,88,20,137,24],"product_tag":[],"class_list":{"0":"post-8799","1":"product","2":"type-product","3":"status-publish","4":"has-post-thumbnail","6":"product_cat-recambios-peugeot-boxer","7":"product_cat-recambios-citroen","8":"product_cat-recambios-fiat-ducato","9":"product_cat-recambios-fiat","10":"product_cat-recambios-citroen-jumper","11":"product_cat-recambios-peugeot","13":"first","14":"instock","15":"taxable","16":"shipping-taxable","17":"purchasable","18":"product-type-simple"},"_links":{"self":[{"href":"https:\/\/galicianparts.com\/shop\/wp-json\/wp\/v2\/product\/8799"}],"collection":[{"href":"https:\/\/galicianparts.com\/shop\/wp-json\/wp\/v2\/product"}],"about":[{"href":"https:\/\/galicianparts.com\/shop\/wp-json\/wp\/v2\/types\/product"}],"wp:featuredmedia":[{"embeddable":true,"href":"https:\/\/galicianparts.com\/shop\/wp-json\/wp\/v2\/media\/70917"}],"wp:attachment":[{"href":"https:\/\/galicianparts.com\/shop\/wp-json\/wp\/v2\/media?parent=8799"}],"wp:term":[{"taxonomy":"product_cat","embeddable":true,"href":"https:\/\/galicianparts.com\/shop\/wp-json\/wp\/v2\/product_cat?post=8799"},{"taxonomy":"product_tag","embeddable":true,"href":"https:\/\/galicianparts.com\/shop\/wp-json\/wp\/v2\/product_tag?post=8799"}],"curies":[{"name":"wp","href":"https:\/\/api.w.org\/{rel}","templated":true}]}}