{"id":88327,"date":"2024-06-19T09:14:35","date_gmt":"2024-06-19T07:14:35","guid":{"rendered":"https:\/\/galicianparts.com\/shop\/producto\/4114442-casquillo-motor-arranque-fiat-131-1-3-1-6-1974-1982-nuevo-original\/"},"modified":"2024-06-19T09:43:23","modified_gmt":"2024-06-19T07:43:23","slug":"4114442-casquillo-motor-arranque-fiat-131-1-3-1-6-1974-1982-nuevo-original","status":"publish","type":"product","link":"https:\/\/galicianparts.com\/shop\/producto\/4114442-casquillo-motor-arranque-fiat-131-1-3-1-6-1974-1982-nuevo-original\/","title":{"rendered":"4114442 Casquillo motor arranque Fiat 131 1.3-1.6 (1974-1982) NUEVO ORIGINAL"},"content":{"rendered":"<p>Casquillo del apoyo del eje del bobinado del motor de arranque de:<br \/>\nDi\u00e1metro interior: 10,08 mm<br \/>\nDi\u00e1metro exterior: 14,02 mm<br \/>\nAltura: 15 mm<\/p>\n<p>FIAT 131 Berlina (131)<br \/>\n1.3 Mirafiori, A\u00f1o 10.1974 &#8211; 09.1981, 1297 ccm, 54 cv<br \/>\n1.3 Mirafiori (131A), A\u00f1o 10.1974 &#8211; 12.1982, 1297 ccm, 65 cv<br \/>\n1.3 Super Mirafiori, A\u00f1o 03.1978 &#8211; 12.1980, 1297 ccm, 78 cv<br \/>\nFIAT 131 Familiare \/ Panorama (131)<br \/>\n1.3 Mirafiori (131AF), A\u00f1o 03.1975 &#8211; 12.1978, 1297 ccm, 54 cv<br \/>\n1.3 Mirafiori, A\u00f1o 03.1975 &#8211; 03.1982, 1297 ccm, 65 cv<br \/>\n1.6 Super, A\u00f1o 12.1979 &#8211; 12.1981, 1585 ccm, 97 cv<\/p>\n<p>LA PIEZA ES NUEVA Y ORIGINAL.<\/p>\n","protected":false},"excerpt":{"rendered":"<p>Casquillo del apoyo del eje del bobinado del motor de arranque de: Di\u00e1metro interior: 10,08 mm Di\u00e1metro exterior: 14,02 mm Altura: 15 mm FIAT 131 Berlina (131) 1.3 Mirafiori, A\u00f1o 10.1974 &#8211; 09.1981, 1297 ccm, 54 cv 1.3 Mirafiori (131A), A\u00f1o 10.1974 &#8211; 12.1982, 1297 ccm, 65 cv 1.3 Super Mirafiori, A\u00f1o 03.1978 &#8211; 12.1980, [&hellip;]<\/p>\n","protected":false},"featured_media":88330,"template":"","meta":{"_seopress_robots_primary_cat":"","_seopress_titles_title":"","_seopress_titles_desc":"","_seopress_robots_index":""},"product_cat":[70,20],"product_tag":[],"class_list":{"0":"post-88327","1":"product","2":"type-product","3":"status-publish","4":"has-post-thumbnail","6":"product_cat-recambios-fiat-131","7":"product_cat-recambios-fiat","9":"first","10":"instock","11":"taxable","12":"shipping-taxable","13":"purchasable","14":"product-type-simple"},"_links":{"self":[{"href":"https:\/\/galicianparts.com\/shop\/wp-json\/wp\/v2\/product\/88327"}],"collection":[{"href":"https:\/\/galicianparts.com\/shop\/wp-json\/wp\/v2\/product"}],"about":[{"href":"https:\/\/galicianparts.com\/shop\/wp-json\/wp\/v2\/types\/product"}],"wp:featuredmedia":[{"embeddable":true,"href":"https:\/\/galicianparts.com\/shop\/wp-json\/wp\/v2\/media\/88330"}],"wp:attachment":[{"href":"https:\/\/galicianparts.com\/shop\/wp-json\/wp\/v2\/media?parent=88327"}],"wp:term":[{"taxonomy":"product_cat","embeddable":true,"href":"https:\/\/galicianparts.com\/shop\/wp-json\/wp\/v2\/product_cat?post=88327"},{"taxonomy":"product_tag","embeddable":true,"href":"https:\/\/galicianparts.com\/shop\/wp-json\/wp\/v2\/product_tag?post=88327"}],"curies":[{"name":"wp","href":"https:\/\/api.w.org\/{rel}","templated":true}]}}