{"id":88821,"date":"2024-07-10T12:06:34","date_gmt":"2024-07-10T10:06:34","guid":{"rendered":"https:\/\/galicianparts.com\/shop\/producto\/5968964-tapon-deposito-gasoil-fiat-ritmo-regata-diesel-nuevo-original\/"},"modified":"2024-07-10T12:07:59","modified_gmt":"2024-07-10T10:07:59","slug":"5968964-tapon-deposito-gasoil-fiat-ritmo-regata-diesel-nuevo-original","status":"publish","type":"product","link":"https:\/\/galicianparts.com\/shop\/producto\/5968964-tapon-deposito-gasoil-fiat-ritmo-regata-diesel-nuevo-original\/","title":{"rendered":"5968964 Tap\u00f3n dep\u00f3sito gasoil Fiat Ritmo \/Regata di\u00e9sel NUEVO ORIGINAL"},"content":{"rendered":"<p>Tap\u00f3n de la toma del dep\u00f3sito de combustible de:<br \/>\nFIAT &#8211; RITMO DIESEL<br \/>\nFIAT &#8211; REGATA DIESEL<\/p>\n<p>LA PIEZA ES NUEVA Y ORIGINAL.<\/p>\n","protected":false},"excerpt":{"rendered":"<p>Tap\u00f3n de la toma del dep\u00f3sito de combustible de: FIAT &#8211; RITMO DIESEL FIAT &#8211; REGATA DIESEL LA PIEZA ES NUEVA Y ORIGINAL.<\/p>\n","protected":false},"featured_media":88822,"template":"","meta":{"_seopress_robots_primary_cat":"","_seopress_titles_title":"","_seopress_titles_desc":"","_seopress_robots_index":""},"product_cat":[20,102,103],"product_tag":[],"class_list":{"0":"post-88821","1":"product","2":"type-product","3":"status-publish","4":"has-post-thumbnail","6":"product_cat-recambios-fiat","7":"product_cat-recambios-fiat-regata","8":"product_cat-recambios-fiat-ritmo","10":"first","11":"instock","12":"taxable","13":"shipping-taxable","14":"purchasable","15":"product-type-simple"},"_links":{"self":[{"href":"https:\/\/galicianparts.com\/shop\/wp-json\/wp\/v2\/product\/88821"}],"collection":[{"href":"https:\/\/galicianparts.com\/shop\/wp-json\/wp\/v2\/product"}],"about":[{"href":"https:\/\/galicianparts.com\/shop\/wp-json\/wp\/v2\/types\/product"}],"wp:featuredmedia":[{"embeddable":true,"href":"https:\/\/galicianparts.com\/shop\/wp-json\/wp\/v2\/media\/88822"}],"wp:attachment":[{"href":"https:\/\/galicianparts.com\/shop\/wp-json\/wp\/v2\/media?parent=88821"}],"wp:term":[{"taxonomy":"product_cat","embeddable":true,"href":"https:\/\/galicianparts.com\/shop\/wp-json\/wp\/v2\/product_cat?post=88821"},{"taxonomy":"product_tag","embeddable":true,"href":"https:\/\/galicianparts.com\/shop\/wp-json\/wp\/v2\/product_tag?post=88821"}],"curies":[{"name":"wp","href":"https:\/\/api.w.org\/{rel}","templated":true}]}}