{"id":8884,"date":"2020-11-21T12:58:28","date_gmt":"2020-11-21T10:58:28","guid":{"rendered":"https:\/\/galicianparts.com\/shop\/producto\/71738157-kit-pastillas-de-freno-delantero-fiat-palio-siena-original\/"},"modified":"2020-11-21T13:23:30","modified_gmt":"2020-11-21T11:23:30","slug":"71738157-kit-pastillas-de-freno-delantero-fiat-palio-siena-original","status":"publish","type":"product","link":"https:\/\/galicianparts.com\/shop\/producto\/71738157-kit-pastillas-de-freno-delantero-fiat-palio-siena-original\/","title":{"rendered":"71738157 Kit pastillas de freno delantero Fiat Palio \/ Siena ORIGINAL"},"content":{"rendered":"<p>Juego, set de pastillas de freno delanteras de:<br \/>\nFIAT Palio I Weekend (178) (A\u00f1o 04.1996 &#8211; 01.2012, 60 &#8211; 103 CV, Gas\u00f3leo, Gasolina)<br \/>\n1.2, A\u00f1o 07.1997 &#8211; 10.2004, 1242 ccm, 60 CV<br \/>\n1.2, A\u00f1o 04.1996 &#8211; 02.2001, 1242 ccm, 73 CV<br \/>\n1.4, A\u00f1o 07.1997 &#8211; 08.2001, 1372 ccm, 69 CV<br \/>\n1.6 16V, A\u00f1o 04.1996 &#8211; 02.2001, 1581 ccm, 100 CV<br \/>\n1.6 16V, A\u00f1o 02.2001 &#8211; 01.2012, 1596 ccm, 103 CV<br \/>\n1.7 TD, A\u00f1o 04.1996 &#8211; 03.2001, 1698 ccm, 70 CV<br \/>\n     FIAT Siena (178, 172) (A\u00f1o 04.1996 &#8211; 12.2009, 69 &#8211; 106 CV, Gasolina)<br \/>\n1.2, A\u00f1o 09.1998 &#8211; 12.2009, 1242 ccm, 73 CV<br \/>\n1.4, A\u00f1o 04.1996 &#8211; 12.2009, 1372 ccm, 69 CV<br \/>\n1.4 CAT, A\u00f1o 04.1996 &#8211; 12.2009, 1372 ccm, 69 CV<br \/>\n1.6 16V, A\u00f1o 09.1998 &#8211; 12.2009, 1581 ccm, 106 CV<\/p>\n<p>LA PIEZA ES NUEVA Y ORIGINAL.<\/p>\n","protected":false},"excerpt":{"rendered":"<p>Juego, set de pastillas de freno delanteras de: FIAT Palio I Weekend (178) (A\u00f1o 04.1996 &#8211; 01.2012, 60 &#8211; 103 CV, Gas\u00f3leo, Gasolina) 1.2, A\u00f1o 07.1997 &#8211; 10.2004, 1242 ccm, 60 CV 1.2, A\u00f1o 04.1996 &#8211; 02.2001, 1242 ccm, 73 CV 1.4, A\u00f1o 07.1997 &#8211; 08.2001, 1372 ccm, 69 CV 1.6 16V, A\u00f1o 04.1996 &#8211; [&hellip;]<\/p>\n","protected":false},"featured_media":8890,"template":"","meta":{"_seopress_robots_primary_cat":"","_seopress_titles_title":"","_seopress_titles_desc":"","_seopress_robots_index":""},"product_cat":[20,98,107],"product_tag":[],"class_list":{"0":"post-8884","1":"product","2":"type-product","3":"status-publish","4":"has-post-thumbnail","6":"product_cat-recambios-fiat","7":"product_cat-recambios-fiat-palio","8":"product_cat-recambios-fiat-siena","10":"first","11":"instock","12":"taxable","13":"shipping-taxable","14":"purchasable","15":"product-type-simple"},"_links":{"self":[{"href":"https:\/\/galicianparts.com\/shop\/wp-json\/wp\/v2\/product\/8884"}],"collection":[{"href":"https:\/\/galicianparts.com\/shop\/wp-json\/wp\/v2\/product"}],"about":[{"href":"https:\/\/galicianparts.com\/shop\/wp-json\/wp\/v2\/types\/product"}],"wp:featuredmedia":[{"embeddable":true,"href":"https:\/\/galicianparts.com\/shop\/wp-json\/wp\/v2\/media\/8890"}],"wp:attachment":[{"href":"https:\/\/galicianparts.com\/shop\/wp-json\/wp\/v2\/media?parent=8884"}],"wp:term":[{"taxonomy":"product_cat","embeddable":true,"href":"https:\/\/galicianparts.com\/shop\/wp-json\/wp\/v2\/product_cat?post=8884"},{"taxonomy":"product_tag","embeddable":true,"href":"https:\/\/galicianparts.com\/shop\/wp-json\/wp\/v2\/product_tag?post=8884"}],"curies":[{"name":"wp","href":"https:\/\/api.w.org\/{rel}","templated":true}]}}