{"id":88864,"date":"2024-07-15T09:10:37","date_gmt":"2024-07-15T07:10:37","guid":{"rendered":"https:\/\/galicianparts.com\/shop\/producto\/60501615-embellecedor-central-rueda-alfa-romeo-33-75-spider-nuevo-original\/"},"modified":"2024-09-23T14:01:29","modified_gmt":"2024-09-23T12:01:29","slug":"60501615-embellecedor-central-rueda-alfa-romeo-33-75-spider-nuevo-original","status":"publish","type":"product","link":"https:\/\/galicianparts.com\/shop\/producto\/60501615-embellecedor-central-rueda-alfa-romeo-33-75-spider-nuevo-original\/","title":{"rendered":"60501615 Embellecedor central rueda Alfa Romeo 33 \/75 \/Spider NUEVO ORIGINAL"},"content":{"rendered":"<p>Tapacubo, tapa central de la llanta de aleaci\u00f3n de:<br \/>\nDi\u00e1metro: 51 mm<br \/>\nDi\u00e1metro anclaje: 48,5 mm<\/p>\n<p>ALFA ROMEO &#8211; R3 \u00abR.Z.\u00bb (1992-1993)<br \/>\nALFA ROMEO &#8211; M9 \u00abS.Z.\u00bb (1989-1991)<br \/>\nALFA ROMEO &#8211; W7 33 ED.88 (1988-1990)<br \/>\nALFA ROMEO &#8211; U3 75 BZ 4 CILINDRI (1988-1992) 1600 CARB. \/ 1800 CARB. \/ 1600 IE.ML4.1 \/ 1600 IE.ML4.1 USA&#8217;83 \/ 1800 IE \/ 1800 IE.ML4.1 \/ 1800 IE.ML4.1 USA 83<br \/>\nALFA ROMEO &#8211; U3 75 BZ 4 CILINDRI (1988-1992) 1800 TB \/ 1800 TB.REFORZADO<br \/>\nALFA ROMEO &#8211; U3 75 BZ 4 CILINDRI (1988-1992) 2000 TWIN SPARK \/ 2000 TWIN SPARK USA 83<br \/>\nALFA ROMEO &#8211; U4 75 BZ 6 CILINDRI E TD (1988-1992) 2.0 TD<br \/>\nALFA ROMEO &#8211; U4 75 BZ 6 CILINDRI E TD (1988-1992) 3.0 V6 \/ 3.0 V6 USA&#8217;83 \/ 3.0 V6 &#8216;POTENZIATO&#8217; USA 83<br \/>\nALFA ROMEO &#8211; U4 75 BZ 6 CILINDRI E TD (1988-1992) 2.5 V6 C.A. \/ 2.4 TD<br \/>\nALFA ROMEO &#8211; P6 SPIDER EUROPA FL.90 (1990-1993) 2.0 I.E. \/ 2.0 I.E. USA &#8217;83<br \/>\nALFA ROMEO &#8211; P8 SPIDER FL.USA MY.91-93 (1990-1993) SPIDER VELOCE<\/p>\n<p>LA PIEZA ES NUEVA Y ORIGINAL.<\/p>\n","protected":false},"excerpt":{"rendered":"<p>Tapacubo, tapa central de la llanta de aleaci\u00f3n de: Di\u00e1metro: 51 mm Di\u00e1metro anclaje: 48,5 mm ALFA ROMEO &#8211; R3 \u00abR.Z.\u00bb (1992-1993) ALFA ROMEO &#8211; M9 \u00abS.Z.\u00bb (1989-1991) ALFA ROMEO &#8211; W7 33 ED.88 (1988-1990) ALFA ROMEO &#8211; U3 75 BZ 4 CILINDRI (1988-1992) 1600 CARB. \/ 1800 CARB. \/ 1600 IE.ML4.1 \/ 1600 IE.ML4.1 [&hellip;]<\/p>\n","protected":false},"featured_media":88866,"template":"","meta":{"_seopress_robots_primary_cat":"","_seopress_titles_title":"","_seopress_titles_desc":"","_seopress_robots_index":""},"product_cat":[43,58,16,56],"product_tag":[],"class_list":{"0":"post-88864","1":"product","2":"type-product","3":"status-publish","4":"has-post-thumbnail","6":"product_cat-recambios-alfa-romeo-33","7":"product_cat-recambios-alfa-romeo-75","8":"product_cat-recambios-alfa-romeo","9":"product_cat-recambios-alfa-romeo-spider","11":"first","12":"outofstock","13":"taxable","14":"shipping-taxable","15":"purchasable","16":"product-type-simple"},"_links":{"self":[{"href":"https:\/\/galicianparts.com\/shop\/wp-json\/wp\/v2\/product\/88864"}],"collection":[{"href":"https:\/\/galicianparts.com\/shop\/wp-json\/wp\/v2\/product"}],"about":[{"href":"https:\/\/galicianparts.com\/shop\/wp-json\/wp\/v2\/types\/product"}],"wp:featuredmedia":[{"embeddable":true,"href":"https:\/\/galicianparts.com\/shop\/wp-json\/wp\/v2\/media\/88866"}],"wp:attachment":[{"href":"https:\/\/galicianparts.com\/shop\/wp-json\/wp\/v2\/media?parent=88864"}],"wp:term":[{"taxonomy":"product_cat","embeddable":true,"href":"https:\/\/galicianparts.com\/shop\/wp-json\/wp\/v2\/product_cat?post=88864"},{"taxonomy":"product_tag","embeddable":true,"href":"https:\/\/galicianparts.com\/shop\/wp-json\/wp\/v2\/product_tag?post=88864"}],"curies":[{"name":"wp","href":"https:\/\/api.w.org\/{rel}","templated":true}]}}