{"id":89068,"date":"2024-07-18T12:18:01","date_gmt":"2024-07-18T10:18:01","guid":{"rendered":"https:\/\/galicianparts.com\/shop\/producto\/75439923-planetario-diferencial-fiat-ducato-citroen-c25-peugeot-j5-nuevo-original\/"},"modified":"2025-03-25T12:32:59","modified_gmt":"2025-03-25T10:32:59","slug":"75439923-planetario-diferencial-fiat-ducato-citroen-c25-peugeot-j5-nuevo-original","status":"publish","type":"product","link":"https:\/\/galicianparts.com\/shop\/producto\/75439923-planetario-diferencial-fiat-ducato-citroen-c25-peugeot-j5-nuevo-original\/","title":{"rendered":"75439923 Planetario diferencial Fiat Ducato \/Citro\u00ebn C25 \/Peugeot J5 NUEVO ORIGINAL"},"content":{"rendered":"<p>Pi\u00f1\u00f3n planetario del diferencial del cambio de:<br \/>\nN\u00famero de dientes: 16<br \/>\nDi\u00e1metro eje: 35 mm<br \/>\nLargo: 74 mm<\/p>\n<p>FIAT PROFESSIONAL &#8211; ND DUCATO 4X4 R.90 (1990-1994)<br \/>\nFIAT PROFESSIONAL &#8211; NB NUOVO DUCATO BZ R.90 (1990-1994)<br \/>\nFIAT PROFESSIONAL &#8211; NA NUOVO DUCATO DS.R.90 (1990-1994)<br \/>\nFIAT PROFESSIONAL &#8211; NC TALENTO R.90 (1990-1994)<br \/>\nCITROEN &#8211; C25 (1990-1994)<br \/>\nPEUGEOT &#8211; J5 (1990-1994)<\/p>\n<p>LA PIEZA ES NUEVA Y ORIGINAL.<\/p>\n","protected":false},"excerpt":{"rendered":"<p>Pi\u00f1\u00f3n planetario del diferencial del cambio de: N\u00famero de dientes: 16 Di\u00e1metro eje: 35 mm Largo: 74 mm FIAT PROFESSIONAL &#8211; ND DUCATO 4X4 R.90 (1990-1994) FIAT PROFESSIONAL &#8211; NB NUOVO DUCATO BZ R.90 (1990-1994) FIAT PROFESSIONAL &#8211; NA NUOVO DUCATO DS.R.90 (1990-1994) FIAT PROFESSIONAL &#8211; NC TALENTO R.90 (1990-1994) CITROEN &#8211; C25 (1990-1994) PEUGEOT [&hellip;]<\/p>\n","protected":false},"featured_media":89069,"template":"","meta":{"_seopress_robots_primary_cat":"","_seopress_titles_title":"","_seopress_titles_desc":"","_seopress_robots_index":""},"product_cat":[132,23,88,20,157,95,24],"product_tag":[],"class_list":{"0":"post-89068","1":"product","2":"type-product","3":"status-publish","4":"has-post-thumbnail","6":"product_cat-recambios-citroen-c25","7":"product_cat-recambios-citroen","8":"product_cat-recambios-fiat-ducato","9":"product_cat-recambios-fiat","10":"product_cat-recambios-peugeot-j5","11":"product_cat-recambios-fiat-marea","12":"product_cat-recambios-peugeot","14":"first","15":"outofstock","16":"taxable","17":"shipping-taxable","18":"purchasable","19":"product-type-simple"},"_links":{"self":[{"href":"https:\/\/galicianparts.com\/shop\/wp-json\/wp\/v2\/product\/89068"}],"collection":[{"href":"https:\/\/galicianparts.com\/shop\/wp-json\/wp\/v2\/product"}],"about":[{"href":"https:\/\/galicianparts.com\/shop\/wp-json\/wp\/v2\/types\/product"}],"wp:featuredmedia":[{"embeddable":true,"href":"https:\/\/galicianparts.com\/shop\/wp-json\/wp\/v2\/media\/89069"}],"wp:attachment":[{"href":"https:\/\/galicianparts.com\/shop\/wp-json\/wp\/v2\/media?parent=89068"}],"wp:term":[{"taxonomy":"product_cat","embeddable":true,"href":"https:\/\/galicianparts.com\/shop\/wp-json\/wp\/v2\/product_cat?post=89068"},{"taxonomy":"product_tag","embeddable":true,"href":"https:\/\/galicianparts.com\/shop\/wp-json\/wp\/v2\/product_tag?post=89068"}],"curies":[{"name":"wp","href":"https:\/\/api.w.org\/{rel}","templated":true}]}}