{"id":90064,"date":"2024-08-12T10:47:17","date_gmt":"2024-08-12T08:47:17","guid":{"rendered":"https:\/\/galicianparts.com\/shop\/producto\/5880036-kit-reparacion-pinza-freno-fiat-127-x1-9-alfa-155-seat-127-fura-original\/"},"modified":"2025-03-06T20:30:37","modified_gmt":"2025-03-06T18:30:37","slug":"5880036-kit-reparacion-pinza-freno-fiat-127-x1-9-alfa-155-seat-127-fura-original","status":"publish","type":"product","link":"https:\/\/galicianparts.com\/shop\/producto\/5880036-kit-reparacion-pinza-freno-fiat-127-x1-9-alfa-155-seat-127-fura-original\/","title":{"rendered":"5880036 Kit reparaci\u00f3n pinza freno Fiat 127 \/ X1\/9 \/Alfa 155 \/Seat 127 \/Fura ORIGINAL"},"content":{"rendered":"<p>Juego, set de los capuchones de goma de la pinza de freno de:<br \/>\nFIAT X 1\/9 (128)<br \/>\n1.3, A\u00f1o 10.1975 &#8211; 06.1978, 1290 ccm, 73 cv<br \/>\n1.3, A\u00f1o 05.1973 &#8211; 12.1979, 1290 ccm, 75 cv<br \/>\nFIAT 127 Hatchback (127)<br \/>\n0.9 (127A), A\u00f1o 09.1971 &#8211; 12.1984, 903 ccm, 45 cv<br \/>\n1.3 Di\u00e9sel, A\u00f1o 04.1981 &#8211; 12.1986, 1301 ccm, 45 cv<br \/>\nFIAT 127 Panorama (127)<br \/>\n1.0, A\u00f1o 01.1977 &#8211; 12.1986, 1049 ccm, 50 cv<br \/>\n1.3 D, A\u00f1o 06.1981 &#8211; 12.1986, 1301 ccm, 45 cv<\/p>\n<p>ALFA ROMEO 155 (167)<br \/>\n1.6 16V T.S. (167.A6A), A\u00f1o 05.1996 &#8211; 12.1997, 1598 ccm, 120 cv<br \/>\n1.7 T.S., A\u00f1o 04.1993 &#8211; 04.1996, 1748 ccm, 115 cv<br \/>\n1.7 T.S. (167.A4G), A\u00f1o 04.1993 &#8211; 04.1996, 1748 ccm, 113 cv<br \/>\n1.7 T.S. 16V (167.A4N), A\u00f1o 05.1996 &#8211; 12.1997, 1747 ccm, 140 cv<br \/>\n1.8 T.S. (167.A4C, 167.A), A\u00f1o 02.1992 &#8211; 12.1997, 1756 ccm, 105 cv<br \/>\n1.8 T.S. (167A4), A\u00f1o 02.1992 &#8211; 05.1994, 1773 ccm, 129 cv<br \/>\n1.8 T.S. Sport (167.A4A, 167.A4C, 167.A4E), A\u00f1o 03.1992 &#8211; 12.1996, 1773 ccm, 127 cv<br \/>\n1.9 TD (167.A3B, 167.A3), A\u00f1o 04.1993 &#8211; 12.1997, 1929 ccm, 90 cv<br \/>\n2.0 16V Turbo Q4, A\u00f1o 01.1992 &#8211; 12.1997, 1995 ccm, 186 cv<br \/>\n2.0 16V Turbo Q4 (167.A2B, 167.A2C, 167.A2E), A\u00f1o 03.1992 &#8211; 12.1997, 1995 ccm, 190 cv<br \/>\n2.0 T.S. (167.A2A, 167.A2D), A\u00f1o 02.1992 &#8211; 05.1995, 1995 ccm, 141 cv<br \/>\n2.0 T.S. (167.A2D), A\u00f1o 02.1992 &#8211; 01.1995, 1995 ccm, 144 cv<br \/>\n2.0 T.S. 16V, A\u00f1o 03.1995 &#8211; 12.1997, 1970 ccm, 150 cv<br \/>\n2.5 TD (167.A1A, 167.A1G), A\u00f1o 04.1993 &#8211; 12.1997, 2499 ccm, 125 cv<br \/>\n2.5 V6 (167.A1C, 167.A1), A\u00f1o 03.1992 &#8211; 05.1995, 2492 ccm, 165 cv<br \/>\n2.5 V6 (167.A1C, 167.A1E), A\u00f1o 09.1992 &#8211; 12.1997, 2492 ccm, 163 cv<\/p>\n<p>SEAT Fura (025A)<br \/>\n0.9, A\u00f1o 03.1984 &#8211; 12.1986, 903 ccm, 40 cv<br \/>\n0.9, A\u00f1o 01.1982 &#8211; 06.1986, 903 ccm, 43 cv<br \/>\n0.9, A\u00f1o 01.1982 &#8211; 06.1986, 903 ccm, 45 cv<br \/>\nSEAT 127 Hatchback<br \/>\n0.9, A\u00f1o 04.1972 &#8211; 12.1982, 903 ccm, 45 cv<br \/>\n1.0, A\u00f1o 04.1972 &#8211; 12.1982, 1010 ccm, 52 cv<\/p>\n<p>LA PIEZA ES NUEVA Y ORIGINAL.<\/p>\n","protected":false},"excerpt":{"rendered":"<p>Juego, set de los capuchones de goma de la pinza de freno de: FIAT X 1\/9 (128) 1.3, A\u00f1o 10.1975 &#8211; 06.1978, 1290 ccm, 73 cv 1.3, A\u00f1o 05.1973 &#8211; 12.1979, 1290 ccm, 75 cv FIAT 127 Hatchback (127) 0.9 (127A), A\u00f1o 09.1971 &#8211; 12.1984, 903 ccm, 45 cv 1.3 Di\u00e9sel, A\u00f1o 04.1981 &#8211; 12.1986, [&hellip;]<\/p>\n","protected":false},"featured_media":90067,"template":"","meta":{"_seopress_robots_primary_cat":"","_seopress_titles_title":"","_seopress_titles_desc":"","_seopress_robots_index":""},"product_cat":[179,68,48,16,20,208,26,206],"product_tag":[],"class_list":{"0":"post-90064","1":"product","2":"type-product","3":"status-publish","4":"has-post-thumbnail","6":"product_cat-recambios-seat-127","7":"product_cat-recambios-fiat-127","8":"product_cat-recambios-alfa-romeo-155","9":"product_cat-recambios-alfa-romeo","10":"product_cat-recambios-fiat","11":"product_cat-recambios-seat-fura","12":"product_cat-recambios-seat","13":"product_cat-recambios-fiat-x1-9","15":"first","16":"outofstock","17":"taxable","18":"shipping-taxable","19":"purchasable","20":"product-type-simple"},"_links":{"self":[{"href":"https:\/\/galicianparts.com\/shop\/wp-json\/wp\/v2\/product\/90064"}],"collection":[{"href":"https:\/\/galicianparts.com\/shop\/wp-json\/wp\/v2\/product"}],"about":[{"href":"https:\/\/galicianparts.com\/shop\/wp-json\/wp\/v2\/types\/product"}],"wp:featuredmedia":[{"embeddable":true,"href":"https:\/\/galicianparts.com\/shop\/wp-json\/wp\/v2\/media\/90067"}],"wp:attachment":[{"href":"https:\/\/galicianparts.com\/shop\/wp-json\/wp\/v2\/media?parent=90064"}],"wp:term":[{"taxonomy":"product_cat","embeddable":true,"href":"https:\/\/galicianparts.com\/shop\/wp-json\/wp\/v2\/product_cat?post=90064"},{"taxonomy":"product_tag","embeddable":true,"href":"https:\/\/galicianparts.com\/shop\/wp-json\/wp\/v2\/product_tag?post=90064"}],"curies":[{"name":"wp","href":"https:\/\/api.w.org\/{rel}","templated":true}]}}