{"id":90834,"date":"2024-08-30T11:36:53","date_gmt":"2024-08-30T09:36:53","guid":{"rendered":"https:\/\/galicianparts.com\/shop\/producto\/4234102-tubo-acople-deposito-combustible-fiat-127-128-seat-fura-127-original\/"},"modified":"2024-11-13T10:50:16","modified_gmt":"2024-11-13T08:50:16","slug":"4234102-tubo-acople-deposito-combustible-fiat-127-128-seat-fura-127-original","status":"publish","type":"product","link":"https:\/\/galicianparts.com\/shop\/producto\/4234102-tubo-acople-deposito-combustible-fiat-127-128-seat-fura-127-original\/","title":{"rendered":"4234102 Tubo acople dep\u00f3sito combustible Fiat 127 \/128 \/Seat Fura \/127 ORIGINAL"},"content":{"rendered":"<p>Acople de goma del manguito de la toma de llenado al dep\u00f3sito de carburante de:<br \/>\nDi\u00e1metro interior: 48 mm<br \/>\nDi\u00e1metro exterior: 56 mm<br \/>\nLargo: 143 mm<\/p>\n<p>FIAT 127 (127)<br \/>\n0.9, A\u00f1o 06.1971 &#8211; 05.1983, 903 ccm, 40 cv<br \/>\n0.9 (127A), A\u00f1o 09.1971 &#8211; 12.1984, 903 ccm, 45 cv<br \/>\n1.0, A\u00f1o 04.1977 &#8211; 12.1986, 1049 ccm, 50 cv<br \/>\n1.0 Sport, A\u00f1o 07.1978 &#8211; 03.1982, 1049 ccm, 70 cv<br \/>\n1.3 Di\u00e9sel, A\u00f1o 04.1981 &#8211; 12.1986, 1301 ccm, 45 cv<br \/>\n1.3 Sport, A\u00f1o 12.1981 &#8211; 05.1983, 1301 ccm, 75 cv<br \/>\nFIAT 128 Coup\u00e9 (128)<br \/>\n1.1, A\u00f1o 03.1972 &#8211; 03.1981, 1116 ccm, 64 cv<br \/>\n1.1, A\u00f1o 08.1975 &#8211; 03.1981, 1116 ccm, 65 cv<br \/>\n1.3, A\u00f1o 03.1972 &#8211; 12.1979, 1290 ccm, 75 cv<br \/>\n1.3 Berlinetta, A\u00f1o 06.1975 &#8211; 12.1979, 1290 ccm, 73 cv<br \/>\nFIAT 128 Berlina (128)<br \/>\n1.3 (128A), A\u00f1o 08.1974 &#8211; 12.1984, 1290 ccm, 60 cv<br \/>\n1.3 Rally (128A), A\u00f1o 07.1971 &#8211; 03.1976, 1290 ccm, 67 cv<br \/>\nFIAT Fiorino (127)<br \/>\n1.0, A\u00f1o 01.1980 &#8211; 12.1987, 1049 ccm, 50 cv<br \/>\n0.9, A\u00f1o 10.1977 &#8211; 10.1986, 903 ccm, 45 cv<\/p>\n<p>SEAT Fura (025A)<br \/>\n0.9, A\u00f1o 03.1984 &#8211; 12.1986, 903 ccm, 40 cv<br \/>\n0.9, A\u00f1o 01.1982 &#8211; 06.1986, 903 ccm, 43 cv<br \/>\n0.9, A\u00f1o 01.1982 &#8211; 06.1986, 903 ccm, 45 cv<br \/>\nSEAT 127 Hatchback<br \/>\n0.9, A\u00f1o 04.1972 &#8211; 12.1982, 903 ccm, 45 cv<br \/>\n1.0, A\u00f1o 04.1972 &#8211; 12.1982, 1010 ccm, 52 cv<\/p>\n<p>LA PIEZA ES NUEVA Y ORIGINAL.<\/p>\n","protected":false},"excerpt":{"rendered":"<p>Acople de goma del manguito de la toma de llenado al dep\u00f3sito de carburante de: Di\u00e1metro interior: 48 mm Di\u00e1metro exterior: 56 mm Largo: 143 mm FIAT 127 (127) 0.9, A\u00f1o 06.1971 &#8211; 05.1983, 903 ccm, 40 cv 0.9 (127A), A\u00f1o 09.1971 &#8211; 12.1984, 903 ccm, 45 cv 1.0, A\u00f1o 04.1977 &#8211; 12.1986, 1049 ccm, [&hellip;]<\/p>\n","protected":false},"featured_media":90835,"template":"","meta":{"_seopress_robots_primary_cat":"","_seopress_titles_title":"","_seopress_titles_desc":"","_seopress_robots_index":""},"product_cat":[179,68,69,20,91,208,26],"product_tag":[],"class_list":{"0":"post-90834","1":"product","2":"type-product","3":"status-publish","4":"has-post-thumbnail","6":"product_cat-recambios-seat-127","7":"product_cat-recambios-fiat-127","8":"product_cat-recambios-fiat-128","9":"product_cat-recambios-fiat","10":"product_cat-recambios-fiat-fiorino","11":"product_cat-recambios-seat-fura","12":"product_cat-recambios-seat","14":"first","15":"outofstock","16":"taxable","17":"shipping-taxable","18":"purchasable","19":"product-type-simple"},"_links":{"self":[{"href":"https:\/\/galicianparts.com\/shop\/wp-json\/wp\/v2\/product\/90834"}],"collection":[{"href":"https:\/\/galicianparts.com\/shop\/wp-json\/wp\/v2\/product"}],"about":[{"href":"https:\/\/galicianparts.com\/shop\/wp-json\/wp\/v2\/types\/product"}],"wp:featuredmedia":[{"embeddable":true,"href":"https:\/\/galicianparts.com\/shop\/wp-json\/wp\/v2\/media\/90835"}],"wp:attachment":[{"href":"https:\/\/galicianparts.com\/shop\/wp-json\/wp\/v2\/media?parent=90834"}],"wp:term":[{"taxonomy":"product_cat","embeddable":true,"href":"https:\/\/galicianparts.com\/shop\/wp-json\/wp\/v2\/product_cat?post=90834"},{"taxonomy":"product_tag","embeddable":true,"href":"https:\/\/galicianparts.com\/shop\/wp-json\/wp\/v2\/product_tag?post=90834"}],"curies":[{"name":"wp","href":"https:\/\/api.w.org\/{rel}","templated":true}]}}