{"id":91432,"date":"2024-09-11T11:50:04","date_gmt":"2024-09-11T09:50:04","guid":{"rendered":"https:\/\/galicianparts.com\/shop\/producto\/5907339-kit-cierre-centralizado-electrico-fiat-punto-3p-1993-1999-nuevo-original\/"},"modified":"2024-09-11T11:57:15","modified_gmt":"2024-09-11T09:57:15","slug":"5907339-kit-cierre-centralizado-electrico-fiat-punto-3p-1993-1999-nuevo-original","status":"publish","type":"product","link":"https:\/\/galicianparts.com\/shop\/producto\/5907339-kit-cierre-centralizado-electrico-fiat-punto-3p-1993-1999-nuevo-original\/","title":{"rendered":"5907339 Kit cierre centralizado el\u00e9ctrico Fiat Punto 3p (1993-1999) NUEVO ORIGINAL"},"content":{"rendered":"<p>Pack con las cerraduras, rel\u00e9, cableado el\u00e9ctrico y aislantes de las puertas para el montaje del cierre centralizado de:<br \/>\n1A PUNTO BZ. GAMMA &#8217;97 (1997-1999) 3 PUERTAS<br \/>\n1B PUNTO TB.DS. GAMMA&#8217;97 (1997-1999) 3 PUERTAS<br \/>\nNV PUNTO (176) 55-60-75-90 (1993-1997) 3 PUERTAS<br \/>\nNW PUNTO GT (1993-1997)<br \/>\nNX PUNTO D-TD (1993-1997) 3 PUERTAS<\/p>\n<p>LA PIEZA ES NUEVA Y ORIGINAL.<\/p>\n","protected":false},"excerpt":{"rendered":"<p>Pack con las cerraduras, rel\u00e9, cableado el\u00e9ctrico y aislantes de las puertas para el montaje del cierre centralizado de: 1A PUNTO BZ. GAMMA &#8217;97 (1997-1999) 3 PUERTAS 1B PUNTO TB.DS. GAMMA&#8217;97 (1997-1999) 3 PUERTAS NV PUNTO (176) 55-60-75-90 (1993-1997) 3 PUERTAS NW PUNTO GT (1993-1997) NX PUNTO D-TD (1993-1997) 3 PUERTAS LA PIEZA ES NUEVA [&hellip;]<\/p>\n","protected":false},"featured_media":91439,"template":"","meta":{"_seopress_robots_primary_cat":"","_seopress_titles_title":"","_seopress_titles_desc":"","_seopress_robots_index":""},"product_cat":[20,101],"product_tag":[],"class_list":{"0":"post-91432","1":"product","2":"type-product","3":"status-publish","4":"has-post-thumbnail","6":"product_cat-recambios-fiat","7":"product_cat-recambios-fiat-punto","9":"first","10":"instock","11":"taxable","12":"shipping-taxable","13":"purchasable","14":"product-type-simple"},"_links":{"self":[{"href":"https:\/\/galicianparts.com\/shop\/wp-json\/wp\/v2\/product\/91432"}],"collection":[{"href":"https:\/\/galicianparts.com\/shop\/wp-json\/wp\/v2\/product"}],"about":[{"href":"https:\/\/galicianparts.com\/shop\/wp-json\/wp\/v2\/types\/product"}],"wp:featuredmedia":[{"embeddable":true,"href":"https:\/\/galicianparts.com\/shop\/wp-json\/wp\/v2\/media\/91439"}],"wp:attachment":[{"href":"https:\/\/galicianparts.com\/shop\/wp-json\/wp\/v2\/media?parent=91432"}],"wp:term":[{"taxonomy":"product_cat","embeddable":true,"href":"https:\/\/galicianparts.com\/shop\/wp-json\/wp\/v2\/product_cat?post=91432"},{"taxonomy":"product_tag","embeddable":true,"href":"https:\/\/galicianparts.com\/shop\/wp-json\/wp\/v2\/product_tag?post=91432"}],"curies":[{"name":"wp","href":"https:\/\/api.w.org\/{rel}","templated":true}]}}