{"id":91450,"date":"2024-09-11T12:56:10","date_gmt":"2024-09-11T10:56:10","guid":{"rendered":"https:\/\/galicianparts.com\/shop\/producto\/82396077-racor-colector-admision-lancia-thema-fiat-croma-nuevo-original\/"},"modified":"2025-07-28T10:10:10","modified_gmt":"2025-07-28T08:10:10","slug":"82396077-racor-colector-admision-lancia-thema-fiat-croma-nuevo-original","status":"publish","type":"product","link":"https:\/\/galicianparts.com\/shop\/producto\/82396077-racor-colector-admision-lancia-thema-fiat-croma-nuevo-original\/","title":{"rendered":"82396077 Racor colector admisi\u00f3n Lancia Thema \/Fiat Croma NUEVO ORIGINAL"},"content":{"rendered":"<p>Racor del colector de admisi\u00f3n de:<br \/>\nM\u00e9trica: 14<br \/>\nDi\u00e1metro interior: 9 mm<br \/>\nDi\u00e1metro exterior boquilla: 12 mm<\/p>\n<p>FIAT &#8211; MZ CROMA CHT FL.90 (1990-1992)<br \/>\nFIAT &#8211; MY CROMA IE-IE TB. FL.90 (1990-1996) 2000 8V EM.04 IE WEBER<br \/>\nLANCIA &#8211; SZ THEMA R.88 (1988-1992) 2000 8V EM.04<\/p>\n<p>LA PIEZA ES NUEVA Y ORIGINAL.<\/p>\n","protected":false},"excerpt":{"rendered":"<p>Racor del colector de admisi\u00f3n de: M\u00e9trica: 14 Di\u00e1metro interior: 9 mm Di\u00e1metro exterior boquilla: 12 mm FIAT &#8211; MZ CROMA CHT FL.90 (1990-1992) FIAT &#8211; MY CROMA IE-IE TB. FL.90 (1990-1996) 2000 8V EM.04 IE WEBER LANCIA &#8211; SZ THEMA R.88 (1988-1992) 2000 8V EM.04 LA PIEZA ES NUEVA Y ORIGINAL.<\/p>\n","protected":false},"featured_media":91455,"template":"","meta":{"_seopress_robots_primary_cat":"","_seopress_titles_title":"","_seopress_titles_desc":"","_seopress_robots_index":""},"product_cat":[86,20,21,124],"product_tag":[],"class_list":{"0":"post-91450","1":"product","2":"type-product","3":"status-publish","4":"has-post-thumbnail","6":"product_cat-recambios-fiat-croma","7":"product_cat-recambios-fiat","8":"product_cat-recambios-lancia","9":"product_cat-recambios-lancia-thema","11":"first","12":"outofstock","13":"taxable","14":"shipping-taxable","15":"purchasable","16":"product-type-simple"},"_links":{"self":[{"href":"https:\/\/galicianparts.com\/shop\/wp-json\/wp\/v2\/product\/91450"}],"collection":[{"href":"https:\/\/galicianparts.com\/shop\/wp-json\/wp\/v2\/product"}],"about":[{"href":"https:\/\/galicianparts.com\/shop\/wp-json\/wp\/v2\/types\/product"}],"wp:featuredmedia":[{"embeddable":true,"href":"https:\/\/galicianparts.com\/shop\/wp-json\/wp\/v2\/media\/91455"}],"wp:attachment":[{"href":"https:\/\/galicianparts.com\/shop\/wp-json\/wp\/v2\/media?parent=91450"}],"wp:term":[{"taxonomy":"product_cat","embeddable":true,"href":"https:\/\/galicianparts.com\/shop\/wp-json\/wp\/v2\/product_cat?post=91450"},{"taxonomy":"product_tag","embeddable":true,"href":"https:\/\/galicianparts.com\/shop\/wp-json\/wp\/v2\/product_tag?post=91450"}],"curies":[{"name":"wp","href":"https:\/\/api.w.org\/{rel}","templated":true}]}}