{"id":92452,"date":"2024-10-08T11:20:51","date_gmt":"2024-10-08T09:20:51","guid":{"rendered":"https:\/\/galicianparts.com\/shop\/producto\/7592716-motor-trampilla-calefaccion-fiat-regata-nuevo-original\/"},"modified":"2025-05-06T09:45:16","modified_gmt":"2025-05-06T07:45:16","slug":"7592716-motor-trampilla-calefaccion-fiat-regata-nuevo-original","status":"publish","type":"product","link":"https:\/\/galicianparts.com\/shop\/producto\/7592716-motor-trampilla-calefaccion-fiat-regata-nuevo-original\/","title":{"rendered":"7592716 Motor trampilla calefacci\u00f3n Fiat Regata NUEVO ORIGINAL"},"content":{"rendered":"<p>Motor de la compuerta el\u00e9ctrica del modulo de la calefacci\u00f3n de:<br \/>\nFIAT &#8211; REGATA<\/p>\n<p>LA PIEZA ES NUEVA Y ORIGINAL.<\/p>\n","protected":false},"excerpt":{"rendered":"<p>Motor de la compuerta el\u00e9ctrica del modulo de la calefacci\u00f3n de: FIAT &#8211; REGATA LA PIEZA ES NUEVA Y ORIGINAL.<\/p>\n","protected":false},"featured_media":92453,"template":"","meta":{"_seopress_robots_primary_cat":"","_seopress_titles_title":"","_seopress_titles_desc":"","_seopress_robots_index":""},"product_cat":[20,102],"product_tag":[],"class_list":{"0":"post-92452","1":"product","2":"type-product","3":"status-publish","4":"has-post-thumbnail","6":"product_cat-recambios-fiat","7":"product_cat-recambios-fiat-regata","9":"first","10":"instock","11":"taxable","12":"shipping-taxable","13":"purchasable","14":"product-type-simple"},"_links":{"self":[{"href":"https:\/\/galicianparts.com\/shop\/wp-json\/wp\/v2\/product\/92452"}],"collection":[{"href":"https:\/\/galicianparts.com\/shop\/wp-json\/wp\/v2\/product"}],"about":[{"href":"https:\/\/galicianparts.com\/shop\/wp-json\/wp\/v2\/types\/product"}],"wp:featuredmedia":[{"embeddable":true,"href":"https:\/\/galicianparts.com\/shop\/wp-json\/wp\/v2\/media\/92453"}],"wp:attachment":[{"href":"https:\/\/galicianparts.com\/shop\/wp-json\/wp\/v2\/media?parent=92452"}],"wp:term":[{"taxonomy":"product_cat","embeddable":true,"href":"https:\/\/galicianparts.com\/shop\/wp-json\/wp\/v2\/product_cat?post=92452"},{"taxonomy":"product_tag","embeddable":true,"href":"https:\/\/galicianparts.com\/shop\/wp-json\/wp\/v2\/product_tag?post=92452"}],"curies":[{"name":"wp","href":"https:\/\/api.w.org\/{rel}","templated":true}]}}