{"id":92457,"date":"2024-10-08T11:53:25","date_gmt":"2024-10-08T09:53:25","guid":{"rendered":"https:\/\/galicianparts.com\/shop\/producto\/82404744-mecanismo-trampillas-calefaccion-lancia-thema-v6-nuevo-original-bosch\/"},"modified":"2026-02-05T12:01:17","modified_gmt":"2026-02-05T10:01:17","slug":"82404744-mecanismo-trampillas-calefaccion-lancia-thema-v6-nuevo-original-bosch","status":"publish","type":"product","link":"https:\/\/galicianparts.com\/shop\/producto\/82404744-mecanismo-trampillas-calefaccion-lancia-thema-v6-nuevo-original-bosch\/","title":{"rendered":"82404744 Mecanismo trampillas calefacci\u00f3n Lancia Thema V6 NUEVO ORIGINAL BOSCH"},"content":{"rendered":"<p>Electrov\u00e1lvula y motores de las trampillas del m\u00f3dulo de la calefacci\u00f3n de:<br \/>\nTensi\u00f3n: 12V<\/p>\n<p>LANCIA &#8211; THEMA V6<\/p>\n<p>Referencias Bosch: 0132010302 \/ 0390721006 \/ 0130002805<\/p>\n<p>LA PIEZA ES NUEVA Y ORIGINAL BOSCH.<\/p>\n","protected":false},"excerpt":{"rendered":"<p>Electrov\u00e1lvula y motores de las trampillas del m\u00f3dulo de la calefacci\u00f3n de: Tensi\u00f3n: 12V LANCIA &#8211; THEMA V6 Referencias Bosch: 0132010302 \/ 0390721006 \/ 0130002805 LA PIEZA ES NUEVA Y ORIGINAL BOSCH.<\/p>\n","protected":false},"featured_media":92464,"template":"","meta":{"_seopress_robots_primary_cat":"","_seopress_titles_title":"","_seopress_titles_desc":"","_seopress_robots_index":""},"product_cat":[21,124],"product_tag":[],"class_list":{"0":"post-92457","1":"product","2":"type-product","3":"status-publish","4":"has-post-thumbnail","6":"product_cat-recambios-lancia","7":"product_cat-recambios-lancia-thema","9":"first","10":"outofstock","11":"taxable","12":"shipping-taxable","13":"purchasable","14":"product-type-simple"},"_links":{"self":[{"href":"https:\/\/galicianparts.com\/shop\/wp-json\/wp\/v2\/product\/92457"}],"collection":[{"href":"https:\/\/galicianparts.com\/shop\/wp-json\/wp\/v2\/product"}],"about":[{"href":"https:\/\/galicianparts.com\/shop\/wp-json\/wp\/v2\/types\/product"}],"wp:featuredmedia":[{"embeddable":true,"href":"https:\/\/galicianparts.com\/shop\/wp-json\/wp\/v2\/media\/92464"}],"wp:attachment":[{"href":"https:\/\/galicianparts.com\/shop\/wp-json\/wp\/v2\/media?parent=92457"}],"wp:term":[{"taxonomy":"product_cat","embeddable":true,"href":"https:\/\/galicianparts.com\/shop\/wp-json\/wp\/v2\/product_cat?post=92457"},{"taxonomy":"product_tag","embeddable":true,"href":"https:\/\/galicianparts.com\/shop\/wp-json\/wp\/v2\/product_tag?post=92457"}],"curies":[{"name":"wp","href":"https:\/\/api.w.org\/{rel}","templated":true}]}}