{"id":92554,"date":"2024-10-09T12:51:46","date_gmt":"2024-10-09T10:51:46","guid":{"rendered":"https:\/\/galicianparts.com\/shop\/producto\/5981746-apoyo-parachoques-delantero-fiat-uno-turbo-lancia-y10-nuevo-original\/"},"modified":"2025-11-20T11:10:38","modified_gmt":"2025-11-20T09:10:38","slug":"5981746-apoyo-parachoques-delantero-fiat-uno-turbo-lancia-y10-nuevo-original","status":"publish","type":"product","link":"https:\/\/galicianparts.com\/shop\/producto\/5981746-apoyo-parachoques-delantero-fiat-uno-turbo-lancia-y10-nuevo-original\/","title":{"rendered":"5981746 Apoyo parachoques delantero Fiat Uno Turbo \/Lancia Y10 NUEVO ORIGINAL"},"content":{"rendered":"<p>Tope de pl\u00e1stico del paragolpes delantero de:<br \/>\nDi\u00e1metro: 48 mm<br \/>\nDi\u00e1metro soporte: 16 mm<\/p>\n<p>FIAT &#8211; 2B DUNA (1986-1990) 1100 BZ \/ 1300 BZ<br \/>\nFIAT &#8211; 2B DUNA (1986-1990) 1700 DS<br \/>\nFIAT &#8211; XP ELBA CSL (1991-1996)<br \/>\nFIAT &#8211; XR MILLE (1994-1995)<br \/>\nFIAT &#8211; XS MILLE CLIP (1995-1997)<br \/>\nFIAT &#8211; ML UNO CS (1988-1990)<br \/>\nFIAT &#8211; MU UNO DIESEL R\/89 (1989-1995)<br \/>\nFIAT &#8211; 1D UNO MONDO (1995-2010) CARGA\u00a0BASE \/ SUPER \/ LX \/ TREND<br \/>\nFIAT &#8211; MS UNO R\/89 1.1-1370-1.5 (1989-1995)<br \/>\nFIAT &#8211; MR UNO R\/89 900-1.0-1.1 (1989-1995)<br \/>\nFIAT &#8211; MT UNO TURBO R\/89 (1989-1993)<br \/>\nLANCIA &#8211; ZL Y10 FL.89 (1988-1992)<br \/>\nLANCIA &#8211; ZM Y10 R.92 (1992-1995)<br \/>\nFIAT PROFESSIONAL &#8211; 2M FIORINO (1991-1993) 1116 CARB \/ 1300 CARB \/ 1500 SPI USA&#8217;83<br \/>\nFIAT PROFESSIONAL &#8211; 2M FIORINO (1991-1993) 1300 DS \/ 1697 DS (149 B3) \/ 1697 DS(146 B2) \/ 1697 DS USA &#8217;83<br \/>\nFIAT PROFESSIONAL &#8211; 2N FIORINO RL (1993-2000) 1372 SPI \/ 1580 SPI \/ 1301 CARB. \/ 1372 SPI C.F.2 \/ 1580 SPI C.F.2<br \/>\nFIAT PROFESSIONAL &#8211; 2N FIORINO RL (1993-2000) 1697 DS \/ 1697 TB\/DS<br \/>\nAUTOBIANCHI &#8211; Y10 (1988-1995)<\/p>\n<p>LA PIEZA ES NUEVA Y ORIGINAL.<\/p>\n","protected":false},"excerpt":{"rendered":"<p>Tope de pl\u00e1stico del paragolpes delantero de: Di\u00e1metro: 48 mm Di\u00e1metro soporte: 16 mm FIAT &#8211; 2B DUNA (1986-1990) 1100 BZ \/ 1300 BZ FIAT &#8211; 2B DUNA (1986-1990) 1700 DS FIAT &#8211; XP ELBA CSL (1991-1996) FIAT &#8211; XR MILLE (1994-1995) FIAT &#8211; XS MILLE CLIP (1995-1997) FIAT &#8211; ML UNO CS (1988-1990) FIAT [&hellip;]<\/p>\n","protected":false},"featured_media":92558,"template":"","meta":{"_seopress_robots_primary_cat":"","_seopress_titles_title":"","_seopress_titles_desc":"","_seopress_robots_index":""},"product_cat":[25,89,90,20,91,21,114,64,126],"product_tag":[],"class_list":{"0":"post-92554","1":"product","2":"type-product","3":"status-publish","4":"has-post-thumbnail","6":"product_cat-recambios-autobianchi","7":"product_cat-recambios-fiat-duna","8":"product_cat-recambios-fiat-elba","9":"product_cat-recambios-fiat","10":"product_cat-recambios-fiat-fiorino","11":"product_cat-recambios-lancia","12":"product_cat-recambios-fiat-uno","13":"product_cat-recambios-autobianchi-y10","14":"product_cat-recambios-lancia-y10","16":"first","17":"instock","18":"taxable","19":"shipping-taxable","20":"purchasable","21":"product-type-simple"},"_links":{"self":[{"href":"https:\/\/galicianparts.com\/shop\/wp-json\/wp\/v2\/product\/92554"}],"collection":[{"href":"https:\/\/galicianparts.com\/shop\/wp-json\/wp\/v2\/product"}],"about":[{"href":"https:\/\/galicianparts.com\/shop\/wp-json\/wp\/v2\/types\/product"}],"wp:featuredmedia":[{"embeddable":true,"href":"https:\/\/galicianparts.com\/shop\/wp-json\/wp\/v2\/media\/92558"}],"wp:attachment":[{"href":"https:\/\/galicianparts.com\/shop\/wp-json\/wp\/v2\/media?parent=92554"}],"wp:term":[{"taxonomy":"product_cat","embeddable":true,"href":"https:\/\/galicianparts.com\/shop\/wp-json\/wp\/v2\/product_cat?post=92554"},{"taxonomy":"product_tag","embeddable":true,"href":"https:\/\/galicianparts.com\/shop\/wp-json\/wp\/v2\/product_tag?post=92554"}],"curies":[{"name":"wp","href":"https:\/\/api.w.org\/{rel}","templated":true}]}}