{"id":92654,"date":"2024-10-11T09:26:51","date_gmt":"2024-10-11T07:26:51","guid":{"rendered":"https:\/\/galicianparts.com\/shop\/producto\/46413406-embellecedor-central-llanta-fiat-seicento-1998-2010-nuevo-original\/"},"modified":"2026-02-17T19:38:14","modified_gmt":"2026-02-17T17:38:14","slug":"46413406-embellecedor-central-llanta-fiat-seicento-1998-2010-nuevo-original","status":"publish","type":"product","link":"https:\/\/galicianparts.com\/shop\/producto\/46413406-embellecedor-central-llanta-fiat-seicento-1998-2010-nuevo-original\/","title":{"rendered":"46413406 Embellecedor central llanta Fiat Seicento (1998-2010) NUEVO ORIGINAL"},"content":{"rendered":"<p>Tapacubo, tapa central de la llanta de aleaci\u00f3n de:<br \/>\nDi\u00e1metro: 49,5 mm<br \/>\nDi\u00e1metro anclaje: 44,5 mm<\/p>\n<p>FIAT &#8211; 1E SEICENTO (1998-2010) RUEDAS\u00a0DE\u00a0ALEACI\u00d3N\u00a0LIGERA<\/p>\n<p>LA PIEZA ES NUEVA Y ORIGINAL.<\/p>\n","protected":false},"excerpt":{"rendered":"<p>Tapacubo, tapa central de la llanta de aleaci\u00f3n de: Di\u00e1metro: 49,5 mm Di\u00e1metro anclaje: 44,5 mm FIAT &#8211; 1E SEICENTO (1998-2010) RUEDAS\u00a0DE\u00a0ALEACI\u00d3N\u00a0LIGERA LA PIEZA ES NUEVA Y ORIGINAL.<\/p>\n","protected":false},"featured_media":92655,"template":"","meta":{"_seopress_robots_primary_cat":"","_seopress_titles_title":"","_seopress_titles_desc":"","_seopress_robots_index":""},"product_cat":[20,106],"product_tag":[],"class_list":{"0":"post-92654","1":"product","2":"type-product","3":"status-publish","4":"has-post-thumbnail","6":"product_cat-recambios-fiat","7":"product_cat-recambios-fiat-seicento","9":"first","10":"outofstock","11":"taxable","12":"shipping-taxable","13":"purchasable","14":"product-type-simple"},"_links":{"self":[{"href":"https:\/\/galicianparts.com\/shop\/wp-json\/wp\/v2\/product\/92654"}],"collection":[{"href":"https:\/\/galicianparts.com\/shop\/wp-json\/wp\/v2\/product"}],"about":[{"href":"https:\/\/galicianparts.com\/shop\/wp-json\/wp\/v2\/types\/product"}],"wp:featuredmedia":[{"embeddable":true,"href":"https:\/\/galicianparts.com\/shop\/wp-json\/wp\/v2\/media\/92655"}],"wp:attachment":[{"href":"https:\/\/galicianparts.com\/shop\/wp-json\/wp\/v2\/media?parent=92654"}],"wp:term":[{"taxonomy":"product_cat","embeddable":true,"href":"https:\/\/galicianparts.com\/shop\/wp-json\/wp\/v2\/product_cat?post=92654"},{"taxonomy":"product_tag","embeddable":true,"href":"https:\/\/galicianparts.com\/shop\/wp-json\/wp\/v2\/product_tag?post=92654"}],"curies":[{"name":"wp","href":"https:\/\/api.w.org\/{rel}","templated":true}]}}