{"id":92729,"date":"2024-10-14T08:52:32","date_gmt":"2024-10-14T06:52:32","guid":{"rendered":"https:\/\/galicianparts.com\/shop\/producto\/7684324-tapon-deposito-combustible-fiat-cinquecento-1992-1998-nuevo-original\/"},"modified":"2025-01-15T13:19:26","modified_gmt":"2025-01-15T11:19:26","slug":"7684324-tapon-deposito-combustible-fiat-cinquecento-1992-1998-nuevo-original","status":"publish","type":"product","link":"https:\/\/galicianparts.com\/shop\/producto\/7684324-tapon-deposito-combustible-fiat-cinquecento-1992-1998-nuevo-original\/","title":{"rendered":"7684324 Tap\u00f3n dep\u00f3sito combustible Fiat Cinquecento (1992-1998) NUEVO ORIGINAL"},"content":{"rendered":"<p>Tap\u00f3n del tubo de llenado del dep\u00f3sito de carburante de:<br \/>\nFIAT &#8211; NM CINQUECENTO (1992-1998) 704 CARB. \/ 903 CARB. \/ 899 CARB.<br \/>\nFIAT &#8211; NM CINQUECENTO (1992-1998) 704 CARB.USA&#8217;83<\/p>\n<p>LA PIEZA ES NUEVA Y ORIGINAL.<\/p>\n","protected":false},"excerpt":{"rendered":"<p>Tap\u00f3n del tubo de llenado del dep\u00f3sito de carburante de: FIAT &#8211; NM CINQUECENTO (1992-1998) 704 CARB. \/ 903 CARB. \/ 899 CARB. FIAT &#8211; NM CINQUECENTO (1992-1998) 704 CARB.USA&#8217;83 LA PIEZA ES NUEVA Y ORIGINAL.<\/p>\n","protected":false},"featured_media":92734,"template":"","meta":{"_seopress_robots_primary_cat":"","_seopress_titles_title":"","_seopress_titles_desc":"","_seopress_robots_index":""},"product_cat":[84,20],"product_tag":[],"class_list":{"0":"post-92729","1":"product","2":"type-product","3":"status-publish","4":"has-post-thumbnail","6":"product_cat-recambios-fiat-cinquecento","7":"product_cat-recambios-fiat","9":"first","10":"outofstock","11":"taxable","12":"shipping-taxable","13":"purchasable","14":"product-type-simple"},"_links":{"self":[{"href":"https:\/\/galicianparts.com\/shop\/wp-json\/wp\/v2\/product\/92729"}],"collection":[{"href":"https:\/\/galicianparts.com\/shop\/wp-json\/wp\/v2\/product"}],"about":[{"href":"https:\/\/galicianparts.com\/shop\/wp-json\/wp\/v2\/types\/product"}],"wp:featuredmedia":[{"embeddable":true,"href":"https:\/\/galicianparts.com\/shop\/wp-json\/wp\/v2\/media\/92734"}],"wp:attachment":[{"href":"https:\/\/galicianparts.com\/shop\/wp-json\/wp\/v2\/media?parent=92729"}],"wp:term":[{"taxonomy":"product_cat","embeddable":true,"href":"https:\/\/galicianparts.com\/shop\/wp-json\/wp\/v2\/product_cat?post=92729"},{"taxonomy":"product_tag","embeddable":true,"href":"https:\/\/galicianparts.com\/shop\/wp-json\/wp\/v2\/product_tag?post=92729"}],"curies":[{"name":"wp","href":"https:\/\/api.w.org\/{rel}","templated":true}]}}