{"id":92765,"date":"2024-10-14T12:42:35","date_gmt":"2024-10-14T10:42:35","guid":{"rendered":"https:\/\/galicianparts.com\/shop\/producto\/5981872-protector-apoyo-muelle-suspension-fiat-uno-turbo-fiorino-nuevo-original\/"},"modified":"2025-01-15T13:18:41","modified_gmt":"2025-01-15T11:18:41","slug":"5981872-protector-apoyo-muelle-suspension-fiat-uno-turbo-fiorino-nuevo-original","status":"publish","type":"product","link":"https:\/\/galicianparts.com\/shop\/producto\/5981872-protector-apoyo-muelle-suspension-fiat-uno-turbo-fiorino-nuevo-original\/","title":{"rendered":"5981872 Protector apoyo muelle suspensi\u00f3n Fiat Uno Turbo \/Fiorino NUEVO ORIGINAL"},"content":{"rendered":"<p>Protecci\u00f3n de pl\u00e1stico del soporte superior del muelle de la suspensi\u00f3n delantera de:<br \/>\nFIAT &#8211; 2B DUNA BENZINA\/DIESEL (1986-1990)<br \/>\nFIAT &#8211; XR MILLE (1994-1995) 1000 SPI<br \/>\nFIAT &#8211; XS MILLE CLIP (1995-1997)<br \/>\nFIAT &#8211; ML UNO CS (1988-1990)<br \/>\nFIAT &#8211; MU UNO DIESEL R\/89 (1989-1995)<br \/>\nFIAT &#8211; 1D UNO MONDO (1995-2010) 1000 CARB. \/ 1000 USA 83 \/ 1000 CF2 \/ 1242 SPI CF2 \/ 1100 CARB.<br \/>\nFIAT &#8211; 1D UNO MONDO (1995-2010) 1370 CARB. \/ 1697 DS EM08<br \/>\nFIAT &#8211; MS UNO R\/89 1.1-1370-1.5 (1989-1995)<br \/>\nFIAT &#8211; MR UNO R\/89 900-1.0-1.1 (1989-1995)<br \/>\nFIAT &#8211; MT UNO TURBO R\/89 (1989-1993)<br \/>\nFIAT PROFESSIONAL &#8211; 2M FIORINO (1991-1993)<\/p>\n<p>LA PIEZA ES NUEVA Y ORIGINAL.<\/p>\n","protected":false},"excerpt":{"rendered":"<p>Protecci\u00f3n de pl\u00e1stico del soporte superior del muelle de la suspensi\u00f3n delantera de: FIAT &#8211; 2B DUNA BENZINA\/DIESEL (1986-1990) FIAT &#8211; XR MILLE (1994-1995) 1000 SPI FIAT &#8211; XS MILLE CLIP (1995-1997) FIAT &#8211; ML UNO CS (1988-1990) FIAT &#8211; MU UNO DIESEL R\/89 (1989-1995) FIAT &#8211; 1D UNO MONDO (1995-2010) 1000 CARB. \/ 1000 [&hellip;]<\/p>\n","protected":false},"featured_media":92768,"template":"","meta":{"_seopress_robots_primary_cat":"","_seopress_titles_title":"","_seopress_titles_desc":"","_seopress_robots_index":""},"product_cat":[89,20,91,114],"product_tag":[],"class_list":{"0":"post-92765","1":"product","2":"type-product","3":"status-publish","4":"has-post-thumbnail","6":"product_cat-recambios-fiat-duna","7":"product_cat-recambios-fiat","8":"product_cat-recambios-fiat-fiorino","9":"product_cat-recambios-fiat-uno","11":"first","12":"outofstock","13":"taxable","14":"shipping-taxable","15":"purchasable","16":"product-type-simple"},"_links":{"self":[{"href":"https:\/\/galicianparts.com\/shop\/wp-json\/wp\/v2\/product\/92765"}],"collection":[{"href":"https:\/\/galicianparts.com\/shop\/wp-json\/wp\/v2\/product"}],"about":[{"href":"https:\/\/galicianparts.com\/shop\/wp-json\/wp\/v2\/types\/product"}],"wp:featuredmedia":[{"embeddable":true,"href":"https:\/\/galicianparts.com\/shop\/wp-json\/wp\/v2\/media\/92768"}],"wp:attachment":[{"href":"https:\/\/galicianparts.com\/shop\/wp-json\/wp\/v2\/media?parent=92765"}],"wp:term":[{"taxonomy":"product_cat","embeddable":true,"href":"https:\/\/galicianparts.com\/shop\/wp-json\/wp\/v2\/product_cat?post=92765"},{"taxonomy":"product_tag","embeddable":true,"href":"https:\/\/galicianparts.com\/shop\/wp-json\/wp\/v2\/product_tag?post=92765"}],"curies":[{"name":"wp","href":"https:\/\/api.w.org\/{rel}","templated":true}]}}