{"id":93521,"date":"2024-11-08T12:41:38","date_gmt":"2024-11-08T10:41:38","guid":{"rendered":"https:\/\/galicianparts.com\/shop\/producto\/15175595-pack-2-tornillos-rojos-l-32mm-faro-trasero-fiat-lancia-alfa-original\/"},"modified":"2026-03-24T13:32:55","modified_gmt":"2026-03-24T11:32:55","slug":"15175595-pack-2-tornillos-rojos-l-32mm-faro-trasero-fiat-lancia-alfa-original","status":"publish","type":"product","link":"https:\/\/galicianparts.com\/shop\/producto\/15175595-pack-2-tornillos-rojos-l-32mm-faro-trasero-fiat-lancia-alfa-original\/","title":{"rendered":"15175595 Pack 2 tornillos rojos L 32mm faro trasero Fiat \/Lancia \/Alfa ORIGINAL"},"content":{"rendered":"<p>Juego, set de 2 tornillos de color rojo de las tulipas de los faros posteriores de Fiat, Lancia, Alfa Romeo, Seat cl\u00e1sicos de:<br \/>\nLargo: 32 mm<br \/>\nDi\u00e1metro cabeza: 10 mm<br \/>\nDi\u00e1metro cabeza 2: 7 mm<br \/>\nLargo cabeza: 15,5 mm<\/p>\n<p>LA PIEZA ES NUEVA Y ORIGINAL.<\/p>\n","protected":false},"excerpt":{"rendered":"<p>Juego, set de 2 tornillos de color rojo de las tulipas de los faros posteriores de Fiat, Lancia, Alfa Romeo, Seat cl\u00e1sicos de: Largo: 32 mm Di\u00e1metro cabeza: 10 mm Di\u00e1metro cabeza 2: 7 mm Largo cabeza: 15,5 mm LA PIEZA ES NUEVA Y ORIGINAL.<\/p>\n","protected":false},"featured_media":93525,"template":"","meta":{"_seopress_robots_primary_cat":"","_seopress_titles_title":"","_seopress_titles_desc":"","_seopress_robots_index":""},"product_cat":[16,20,21,26],"product_tag":[],"class_list":{"0":"post-93521","1":"product","2":"type-product","3":"status-publish","4":"has-post-thumbnail","6":"product_cat-recambios-alfa-romeo","7":"product_cat-recambios-fiat","8":"product_cat-recambios-lancia","9":"product_cat-recambios-seat","11":"first","12":"instock","13":"taxable","14":"shipping-taxable","15":"purchasable","16":"product-type-simple"},"_links":{"self":[{"href":"https:\/\/galicianparts.com\/shop\/wp-json\/wp\/v2\/product\/93521"}],"collection":[{"href":"https:\/\/galicianparts.com\/shop\/wp-json\/wp\/v2\/product"}],"about":[{"href":"https:\/\/galicianparts.com\/shop\/wp-json\/wp\/v2\/types\/product"}],"wp:featuredmedia":[{"embeddable":true,"href":"https:\/\/galicianparts.com\/shop\/wp-json\/wp\/v2\/media\/93525"}],"wp:attachment":[{"href":"https:\/\/galicianparts.com\/shop\/wp-json\/wp\/v2\/media?parent=93521"}],"wp:term":[{"taxonomy":"product_cat","embeddable":true,"href":"https:\/\/galicianparts.com\/shop\/wp-json\/wp\/v2\/product_cat?post=93521"},{"taxonomy":"product_tag","embeddable":true,"href":"https:\/\/galicianparts.com\/shop\/wp-json\/wp\/v2\/product_tag?post=93521"}],"curies":[{"name":"wp","href":"https:\/\/api.w.org\/{rel}","templated":true}]}}