{"id":93534,"date":"2024-11-08T13:45:20","date_gmt":"2024-11-08T11:45:20","guid":{"rendered":"https:\/\/galicianparts.com\/shop\/producto\/46556533-tornillo-m6-eje-freno-puertas-fiat-punto-1999-2003-nuevo-original\/"},"modified":"2024-11-08T13:53:55","modified_gmt":"2024-11-08T11:53:55","slug":"46556533-tornillo-m6-eje-freno-puertas-fiat-punto-1999-2003-nuevo-original","status":"publish","type":"product","link":"https:\/\/galicianparts.com\/shop\/producto\/46556533-tornillo-m6-eje-freno-puertas-fiat-punto-1999-2003-nuevo-original\/","title":{"rendered":"46556533 Tornillo M6 eje freno puertas Fiat Punto (1999-2003) NUEVO ORIGINAL"},"content":{"rendered":"<p>Tornillo, bul\u00f3n del soporte de los tirantes de retenci\u00f3n de las puertas de:<br \/>\nM\u00e9trica: 6<br \/>\nLargo total: 23,5 mm<br \/>\nDi\u00e1metro bul\u00f3n: 8 mm<\/p>\n<p>FIAT &#8211; 1N PUNTO BZ (1999-2003)<br \/>\nFIAT &#8211; 1N PUNTO BZ (1999-2003) 5 PUERTAS<br \/>\nFIAT &#8211; 1P PUNTO DS (1999-2003)<br \/>\nFIAT &#8211; 1P PUNTO DS (1999-2003) 5 PUERTAS<\/p>\n<p>LA PIEZA ES NUEVA Y ORIGINAL.<\/p>\n","protected":false},"excerpt":{"rendered":"<p>Tornillo, bul\u00f3n del soporte de los tirantes de retenci\u00f3n de las puertas de: M\u00e9trica: 6 Largo total: 23,5 mm Di\u00e1metro bul\u00f3n: 8 mm FIAT &#8211; 1N PUNTO BZ (1999-2003) FIAT &#8211; 1N PUNTO BZ (1999-2003) 5 PUERTAS FIAT &#8211; 1P PUNTO DS (1999-2003) FIAT &#8211; 1P PUNTO DS (1999-2003) 5 PUERTAS LA PIEZA ES NUEVA [&hellip;]<\/p>\n","protected":false},"featured_media":93537,"template":"","meta":{"_seopress_robots_primary_cat":"","_seopress_titles_title":"","_seopress_titles_desc":"","_seopress_robots_index":""},"product_cat":[20,101],"product_tag":[],"class_list":{"0":"post-93534","1":"product","2":"type-product","3":"status-publish","4":"has-post-thumbnail","6":"product_cat-recambios-fiat","7":"product_cat-recambios-fiat-punto","9":"first","10":"instock","11":"taxable","12":"shipping-taxable","13":"purchasable","14":"product-type-simple"},"_links":{"self":[{"href":"https:\/\/galicianparts.com\/shop\/wp-json\/wp\/v2\/product\/93534"}],"collection":[{"href":"https:\/\/galicianparts.com\/shop\/wp-json\/wp\/v2\/product"}],"about":[{"href":"https:\/\/galicianparts.com\/shop\/wp-json\/wp\/v2\/types\/product"}],"wp:featuredmedia":[{"embeddable":true,"href":"https:\/\/galicianparts.com\/shop\/wp-json\/wp\/v2\/media\/93537"}],"wp:attachment":[{"href":"https:\/\/galicianparts.com\/shop\/wp-json\/wp\/v2\/media?parent=93534"}],"wp:term":[{"taxonomy":"product_cat","embeddable":true,"href":"https:\/\/galicianparts.com\/shop\/wp-json\/wp\/v2\/product_cat?post=93534"},{"taxonomy":"product_tag","embeddable":true,"href":"https:\/\/galicianparts.com\/shop\/wp-json\/wp\/v2\/product_tag?post=93534"}],"curies":[{"name":"wp","href":"https:\/\/api.w.org\/{rel}","templated":true}]}}