{"id":9355,"date":"2020-11-27T19:51:32","date_gmt":"2020-11-27T17:51:32","guid":{"rendered":"https:\/\/galicianparts.com\/shop\/producto\/1401182580-actualizacion-mapas-gps-fiat-lancia-alfa-romeo-original\/"},"modified":"2022-04-27T14:00:46","modified_gmt":"2022-04-27T12:00:46","slug":"1401182580-actualizacion-mapas-gps-fiat-lancia-alfa-romeo-original","status":"publish","type":"product","link":"https:\/\/galicianparts.com\/shop\/producto\/1401182580-actualizacion-mapas-gps-fiat-lancia-alfa-romeo-original\/","title":{"rendered":"1401182580 Actualizaci\u00f3n mapas NAVTEQ GPS Fiat \/ Lancia \/ Alfa Romeo ORIGINAL"},"content":{"rendered":"<p>51903371 Actualizaci\u00f3n a\u00f1o 2009 de los mapas NAVTEQ de Espa\u00f1a \/ Islas Canarias \/ Portugal del navegador GPS de:<br \/>\nFIAT &#8211; 2T CROMA (2005-2010)<br \/>\nFIAT &#8211; 4D IDEA (2008-2012)<br \/>\nFIAT &#8211; 3L NUOVA BRAVO (2007-2009)<br \/>\nALFA ROMEO &#8211; X9 ALFA 159 (2008-2010)<br \/>\nALFA ROMEO &#8211; X4 BRERA COUPE&#8217; (2005-2008)<br \/>\nALFA ROMEO &#8211; 12 BRERA COUPE&#8217; M.Y. (2008-2010)<br \/>\nALFA ROMEO &#8211; X5 NUOVO SPIDER (2006-2008)<br \/>\nALFA ROMEO &#8211; 13 NUOVO SPIDER M.Y. (2008-2010)<br \/>\nLANCIA &#8211; TJ MUSA (2007-2011)<br \/>\nLANCIA &#8211; TI YPSILON (2009-2011)<\/p>\n<p>LA PIEZA ES NUEVA Y ORIGINAL.<\/p>\n","protected":false},"excerpt":{"rendered":"<p>51903371 Actualizaci\u00f3n a\u00f1o 2009 de los mapas NAVTEQ de Espa\u00f1a \/ Islas Canarias \/ Portugal del navegador GPS de: FIAT &#8211; 2T CROMA (2005-2010) FIAT &#8211; 4D IDEA (2008-2012) FIAT &#8211; 3L NUOVA BRAVO (2007-2009) ALFA ROMEO &#8211; X9 ALFA 159 (2008-2010) ALFA ROMEO &#8211; X4 BRERA COUPE&#8217; (2005-2008) ALFA ROMEO &#8211; 12 BRERA COUPE&#8217; [&hellip;]<\/p>\n","protected":false},"featured_media":9356,"template":"","meta":{"_seopress_robots_primary_cat":"","_seopress_titles_title":"","_seopress_titles_desc":"","_seopress_robots_index":""},"product_cat":[51,16,82,52,86,20,93,21,121,56,127],"product_tag":[],"class_list":{"0":"post-9355","1":"product","2":"type-product","3":"status-publish","4":"has-post-thumbnail","6":"product_cat-recambios-alfa-romeo-159","7":"product_cat-recambios-alfa-romeo","8":"product_cat-recambios-fiat-bravo","9":"product_cat-recambios-alfa-romeo-brera","10":"product_cat-recambios-fiat-croma","11":"product_cat-recambios-fiat","12":"product_cat-recambios-fiat-idea","13":"product_cat-recambios-lancia","14":"product_cat-recambios-lancia-musa","15":"product_cat-recambios-alfa-romeo-spider","16":"product_cat-recambios-lancia-ypsilon","18":"first","19":"outofstock","20":"taxable","21":"shipping-taxable","22":"purchasable","23":"product-type-simple"},"_links":{"self":[{"href":"https:\/\/galicianparts.com\/shop\/wp-json\/wp\/v2\/product\/9355"}],"collection":[{"href":"https:\/\/galicianparts.com\/shop\/wp-json\/wp\/v2\/product"}],"about":[{"href":"https:\/\/galicianparts.com\/shop\/wp-json\/wp\/v2\/types\/product"}],"wp:featuredmedia":[{"embeddable":true,"href":"https:\/\/galicianparts.com\/shop\/wp-json\/wp\/v2\/media\/9356"}],"wp:attachment":[{"href":"https:\/\/galicianparts.com\/shop\/wp-json\/wp\/v2\/media?parent=9355"}],"wp:term":[{"taxonomy":"product_cat","embeddable":true,"href":"https:\/\/galicianparts.com\/shop\/wp-json\/wp\/v2\/product_cat?post=9355"},{"taxonomy":"product_tag","embeddable":true,"href":"https:\/\/galicianparts.com\/shop\/wp-json\/wp\/v2\/product_tag?post=9355"}],"curies":[{"name":"wp","href":"https:\/\/api.w.org\/{rel}","templated":true}]}}