{"id":94217,"date":"2025-02-13T12:40:14","date_gmt":"2025-02-13T10:40:14","guid":{"rendered":"https:\/\/galicianparts.com\/shop\/producto\/46473060-correa-auxiliar-m-1-4-1-6-fiat-palio-siena-nueva-original\/"},"modified":"2025-02-13T12:48:58","modified_gmt":"2025-02-13T10:48:58","slug":"46473060-correa-auxiliar-m-1-4-1-6-fiat-palio-siena-nueva-original","status":"publish","type":"product","link":"https:\/\/galicianparts.com\/shop\/producto\/46473060-correa-auxiliar-m-1-4-1-6-fiat-palio-siena-nueva-original\/","title":{"rendered":"46473060 Correa auxiliar M 1.4-1.6 Fiat Palio \/Siena NUEVA ORIGINAL."},"content":{"rendered":"<p>Correa de instrumentos de:<br \/>\nLongitud: 956 mm<br \/>\nAncho: 18 mm<br \/>\nN\u00ba Nervaturas: 5<\/p>\n<p>FIAT Palio I Hatchback (178)<br \/>\n1.4, A\u00f1o 04.1996 &#8211; 10.2002, 1372 ccm, 69 cv<br \/>\n1.4 Cat, A\u00f1o 04.1996 &#8211; 08.2001, 1372 ccm, 69 cv<br \/>\n1.6 16V, A\u00f1o 04.1996 &#8211; 10.2002, 1581 ccm, 100 cv<br \/>\nFIAT Palio I Weekend (178)<br \/>\n1.4, A\u00f1o 07.1997 &#8211; 08.2001, 1372 ccm, 69 cv<br \/>\n1.6 16V, A\u00f1o 02.2001 &#8211; 01.2012, 1596 ccm, 103 cv<br \/>\n1.6 16V (178DXD1A), A\u00f1o 06.1996 &#8211; 02.2001, 1581 ccm, 100 cv<br \/>\nFIAT Siena (178, 172)<br \/>\n1.4, A\u00f1o 04.1996 &#8211; 12.2009, 1372 ccm, 69 cv<br \/>\n1.4 Cat, A\u00f1o 04.1996 &#8211; 12.2009, 1372 ccm, 69 cv<br \/>\n1.6 16V, A\u00f1o 09.1998 &#8211; 12.2009, 1581 ccm, 101 cv<\/p>\n<p>LA PIEZA ES NUEVA Y ORIGINAL.<\/p>\n","protected":false},"excerpt":{"rendered":"<p>Correa de instrumentos de: Longitud: 956 mm Ancho: 18 mm N\u00ba Nervaturas: 5 FIAT Palio I Hatchback (178) 1.4, A\u00f1o 04.1996 &#8211; 10.2002, 1372 ccm, 69 cv 1.4 Cat, A\u00f1o 04.1996 &#8211; 08.2001, 1372 ccm, 69 cv 1.6 16V, A\u00f1o 04.1996 &#8211; 10.2002, 1581 ccm, 100 cv FIAT Palio I Weekend (178) 1.4, A\u00f1o 07.1997 [&hellip;]<\/p>\n","protected":false},"featured_media":94218,"template":"","meta":{"_seopress_robots_primary_cat":"","_seopress_titles_title":"","_seopress_titles_desc":"","_seopress_robots_index":""},"product_cat":[20,98,107],"product_tag":[],"class_list":{"0":"post-94217","1":"product","2":"type-product","3":"status-publish","4":"has-post-thumbnail","6":"product_cat-recambios-fiat","7":"product_cat-recambios-fiat-palio","8":"product_cat-recambios-fiat-siena","10":"first","11":"instock","12":"taxable","13":"shipping-taxable","14":"purchasable","15":"product-type-simple"},"_links":{"self":[{"href":"https:\/\/galicianparts.com\/shop\/wp-json\/wp\/v2\/product\/94217"}],"collection":[{"href":"https:\/\/galicianparts.com\/shop\/wp-json\/wp\/v2\/product"}],"about":[{"href":"https:\/\/galicianparts.com\/shop\/wp-json\/wp\/v2\/types\/product"}],"wp:featuredmedia":[{"embeddable":true,"href":"https:\/\/galicianparts.com\/shop\/wp-json\/wp\/v2\/media\/94218"}],"wp:attachment":[{"href":"https:\/\/galicianparts.com\/shop\/wp-json\/wp\/v2\/media?parent=94217"}],"wp:term":[{"taxonomy":"product_cat","embeddable":true,"href":"https:\/\/galicianparts.com\/shop\/wp-json\/wp\/v2\/product_cat?post=94217"},{"taxonomy":"product_tag","embeddable":true,"href":"https:\/\/galicianparts.com\/shop\/wp-json\/wp\/v2\/product_tag?post=94217"}],"curies":[{"name":"wp","href":"https:\/\/api.w.org\/{rel}","templated":true}]}}