{"id":94256,"date":"2025-02-14T12:27:20","date_gmt":"2025-02-14T10:27:20","guid":{"rendered":"https:\/\/galicianparts.com\/shop\/producto\/4707366-pinon-inferior-distribucion-fiat-ducato-2-5d-90-94-citroen-c25-peugeot-j5-original\/"},"modified":"2025-04-22T20:52:26","modified_gmt":"2025-04-22T18:52:26","slug":"4707366-pinon-inferior-distribucion-fiat-ducato-2-5d-90-94-citroen-c25-peugeot-j5-original","status":"publish","type":"product","link":"https:\/\/galicianparts.com\/shop\/producto\/4707366-pinon-inferior-distribucion-fiat-ducato-2-5d-90-94-citroen-c25-peugeot-j5-original\/","title":{"rendered":"4707366 Pi\u00f1\u00f3n inferior distribuci\u00f3n Fiat Ducato 2.5D (90-94) Citro\u00ebn C25 \/Peugeot J5 ORIGINAL"},"content":{"rendered":"<p>Engranaje inferior de la correa dentada de:<br \/>\nDientes: 23<br \/>\nDi\u00e1metro: 68mm<br \/>\nDi\u00e1metro interior: 40mm<\/p>\n<p>FIAT PROFESSIONAL &#8211; ND DUCATO 4X4 R.90 (1990-1994) 2500 DIESEL<br \/>\nFIAT PROFESSIONAL &#8211; NA NUOVO DUCATO DS.R.90 (1990-1994) 2500<br \/>\nCITROEN C25 SEGUNDA SERIE 2.5D<br \/>\nPEUGEOT J5 SEGUNDA SERIE 2.5D<\/p>\n<p>LA PIEZA ES NUEVA Y ORIGINAL.<\/p>\n","protected":false},"excerpt":{"rendered":"<p>Engranaje inferior de la correa dentada de: Dientes: 23 Di\u00e1metro: 68mm Di\u00e1metro interior: 40mm FIAT PROFESSIONAL &#8211; ND DUCATO 4X4 R.90 (1990-1994) 2500 DIESEL FIAT PROFESSIONAL &#8211; NA NUOVO DUCATO DS.R.90 (1990-1994) 2500 CITROEN C25 SEGUNDA SERIE 2.5D PEUGEOT J5 SEGUNDA SERIE 2.5D LA PIEZA ES NUEVA Y ORIGINAL.<\/p>\n","protected":false},"featured_media":94259,"template":"","meta":{"_seopress_robots_primary_cat":"","_seopress_titles_title":"","_seopress_titles_desc":"","_seopress_robots_index":""},"product_cat":[88,20],"product_tag":[],"class_list":{"0":"post-94256","1":"product","2":"type-product","3":"status-publish","4":"has-post-thumbnail","6":"product_cat-recambios-fiat-ducato","7":"product_cat-recambios-fiat","9":"first","10":"outofstock","11":"taxable","12":"shipping-taxable","13":"purchasable","14":"product-type-simple"},"_links":{"self":[{"href":"https:\/\/galicianparts.com\/shop\/wp-json\/wp\/v2\/product\/94256"}],"collection":[{"href":"https:\/\/galicianparts.com\/shop\/wp-json\/wp\/v2\/product"}],"about":[{"href":"https:\/\/galicianparts.com\/shop\/wp-json\/wp\/v2\/types\/product"}],"wp:featuredmedia":[{"embeddable":true,"href":"https:\/\/galicianparts.com\/shop\/wp-json\/wp\/v2\/media\/94259"}],"wp:attachment":[{"href":"https:\/\/galicianparts.com\/shop\/wp-json\/wp\/v2\/media?parent=94256"}],"wp:term":[{"taxonomy":"product_cat","embeddable":true,"href":"https:\/\/galicianparts.com\/shop\/wp-json\/wp\/v2\/product_cat?post=94256"},{"taxonomy":"product_tag","embeddable":true,"href":"https:\/\/galicianparts.com\/shop\/wp-json\/wp\/v2\/product_tag?post=94256"}],"curies":[{"name":"wp","href":"https:\/\/api.w.org\/{rel}","templated":true}]}}