{"id":94339,"date":"2025-02-18T14:05:21","date_gmt":"2025-02-18T12:05:21","guid":{"rendered":"https:\/\/galicianparts.com\/shop\/producto\/7611842-capuchon-lado-cambio-palier-fiat-punto-93-99-panda-lancia-y10-original\/"},"modified":"2025-02-20T12:10:47","modified_gmt":"2025-02-20T10:10:47","slug":"7611842-capuchon-lado-cambio-palier-fiat-punto-93-99-panda-lancia-y10-original","status":"publish","type":"product","link":"https:\/\/galicianparts.com\/shop\/producto\/7611842-capuchon-lado-cambio-palier-fiat-punto-93-99-panda-lancia-y10-original\/","title":{"rendered":"7611842 Capuch\u00f3n lado cambio palier Fiat Punto (93-99) Panda \/Lancia Y10 ORIGINAL"},"content":{"rendered":"<p>Fuelle interior, guardapolvo del lado de la caja de cambios de los ejes de transmisi\u00f3n de:<br \/>\nDi\u00e1metro barra: 20mm<br \/>\nDi\u00e1metro interior: 64mm<br \/>\nLargo: 77mm<\/p>\n<p>FIAT &#8211; 1S PANDA 4X2 MAQ 91 (1991-2003) CAMBIO AUTOMATICO<br \/>\nFIAT &#8211; LV PANDA 4X2 RL\/86(1985-1991) CAMBIO AUTOMATICO<br \/>\nFIAT &#8211; NV PUNTO (1993-1997) 1.2 SPI \u00abSELECTA \/ 1.2 SPI CF2 176B4000 \/ 60 \u00abSELECTA\u00bb<br \/>\nFIAT &#8211; 1A PUNTO BZ. GAMMA &#8217;97 (1997-1999) SELECTA<br \/>\nFIAT &#8211; PF PUNTO CABRIO (1994-1997) \u00abELX\u00bb CAMBIO AUTOMATICO<br \/>\nFIAT &#8211; 1C PUNTO CABRIO GAMMA&#8217;97 (1997-2000) ELX SELECTA JAPON \/ ELX SELECTA TAIWAN<br \/>\nFIAT &#8211; 1H SEICENTO ELETTRA (1998-2003)<br \/>\nLANCIA &#8211; SU YPSILON (1995-2000) CAMBIO AUTOMATICO<br \/>\nLANCIA &#8211; ZL Y10 FL.89 (1988-1992) CAMBIO AUTOMATICO<br \/>\nLANCIA &#8211; ZM Y10 R.92 (1992-1995) CAMBIO AUTOMATICO<br \/>\nAUTOBIANCHI &#8211; Y10<\/p>\n<p>LA PIEZA ES NUEVA Y ORIGINAL.<\/p>\n","protected":false},"excerpt":{"rendered":"<p>Fuelle interior, guardapolvo del lado de la caja de cambios de los ejes de transmisi\u00f3n de: Di\u00e1metro barra: 20mm Di\u00e1metro interior: 64mm Largo: 77mm FIAT &#8211; 1S PANDA 4X2 MAQ 91 (1991-2003) CAMBIO AUTOMATICO FIAT &#8211; LV PANDA 4X2 RL\/86(1985-1991) CAMBIO AUTOMATICO FIAT &#8211; NV PUNTO (1993-1997) 1.2 SPI \u00abSELECTA \/ 1.2 SPI CF2 176B4000 [&hellip;]<\/p>\n","protected":false},"featured_media":94343,"template":"","meta":{"_seopress_robots_primary_cat":"","_seopress_titles_title":"","_seopress_titles_desc":"","_seopress_robots_index":""},"product_cat":[25,20,21,99,101,106,126,64,127],"product_tag":[],"class_list":{"0":"post-94339","1":"product","2":"type-product","3":"status-publish","4":"has-post-thumbnail","6":"product_cat-recambios-autobianchi","7":"product_cat-recambios-fiat","8":"product_cat-recambios-lancia","9":"product_cat-recambios-fiat-panda","10":"product_cat-recambios-fiat-punto","11":"product_cat-recambios-fiat-seicento","12":"product_cat-recambios-lancia-y10","13":"product_cat-recambios-autobianchi-y10","14":"product_cat-recambios-lancia-ypsilon","16":"first","17":"instock","18":"taxable","19":"shipping-taxable","20":"purchasable","21":"product-type-simple"},"_links":{"self":[{"href":"https:\/\/galicianparts.com\/shop\/wp-json\/wp\/v2\/product\/94339"}],"collection":[{"href":"https:\/\/galicianparts.com\/shop\/wp-json\/wp\/v2\/product"}],"about":[{"href":"https:\/\/galicianparts.com\/shop\/wp-json\/wp\/v2\/types\/product"}],"wp:featuredmedia":[{"embeddable":true,"href":"https:\/\/galicianparts.com\/shop\/wp-json\/wp\/v2\/media\/94343"}],"wp:attachment":[{"href":"https:\/\/galicianparts.com\/shop\/wp-json\/wp\/v2\/media?parent=94339"}],"wp:term":[{"taxonomy":"product_cat","embeddable":true,"href":"https:\/\/galicianparts.com\/shop\/wp-json\/wp\/v2\/product_cat?post=94339"},{"taxonomy":"product_tag","embeddable":true,"href":"https:\/\/galicianparts.com\/shop\/wp-json\/wp\/v2\/product_tag?post=94339"}],"curies":[{"name":"wp","href":"https:\/\/api.w.org\/{rel}","templated":true}]}}