{"id":94389,"date":"2025-02-19T13:39:14","date_gmt":"2025-02-19T11:39:14","guid":{"rendered":"https:\/\/galicianparts.com\/shop\/producto\/60669120-cableado-electrico-calentadores-m-1-9-jtd-alfa-156-fiat-bravo-lancia-original\/"},"modified":"2025-07-14T12:57:26","modified_gmt":"2025-07-14T10:57:26","slug":"60669120-cableado-electrico-calentadores-m-1-9-jtd-alfa-156-fiat-bravo-lancia-original","status":"publish","type":"product","link":"https:\/\/galicianparts.com\/shop\/producto\/60669120-cableado-electrico-calentadores-m-1-9-jtd-alfa-156-fiat-bravo-lancia-original\/","title":{"rendered":"60669120 Cableado el\u00e9ctrico calentadores M 1.9 JTD Alfa 156 \/Fiat Bravo \/Lancia ORIGINAL"},"content":{"rendered":"<p>Instalaci\u00f3n el\u00e9ctrica de las buj\u00edas de precalentamiento de:<br \/>\nFIAT &#8211; 1M BRAVA G.98 DS (1998-2001) 1910 JTD (105 CV)<br \/>\nFIAT &#8211; 1M BRAVA G.98 DS (1998-2001) 1910 JTD CF3<br \/>\nFIAT &#8211; 1L BRAVO G.98 DS (1998-2001) 1910 JTD CF2 (105 CV)<br \/>\nFIAT &#8211; 1L BRAVO G.98 DS (1998-2001) 1910 JTD CF3<br \/>\nFIAT &#8211; 1R MAREA DS GAMMA&#8217;99 (1999-2002) 1910 JTD CF2 105CV<br \/>\nFIAT &#8211; 1R MAREA DS GAMMA&#8217;99 (1999-2002) 1910 JTD CF3 110CV \/ 1910 JTD CF3 100 CV<br \/>\nALFA ROMEO &#8211; X1 156 M.Y.2002 BZ\/DS (2001-2005) 1910\u00a0JTD\u00a08V\u00a0115CV\/85KW<br \/>\nALFA ROMEO &#8211; T8 156 TD.ID. (1997-2002) 1910 JTD CF3 110CV \/ 1910 JTD CF3 115CV<br \/>\nLANCIA &#8211; SY LYBRA DS (1999-2005) 1910 JTD CF2<br \/>\nLANCIA &#8211; SY LYBRA DS (1999-2005) 1910\u00a0JTD\u00a0CF3\u00a0110CV\/81KW \/ 1910\u00a0JTD\u00a0CF3\u00a0115CV\/85KW<\/p>\n<p>LA PIEZA ES NUEVA Y ORIGINAL.<\/p>\n","protected":false},"excerpt":{"rendered":"<p>Instalaci\u00f3n el\u00e9ctrica de las buj\u00edas de precalentamiento de: FIAT &#8211; 1M BRAVA G.98 DS (1998-2001) 1910 JTD (105 CV) FIAT &#8211; 1M BRAVA G.98 DS (1998-2001) 1910 JTD CF3 FIAT &#8211; 1L BRAVO G.98 DS (1998-2001) 1910 JTD CF2 (105 CV) FIAT &#8211; 1L BRAVO G.98 DS (1998-2001) 1910 JTD CF3 FIAT &#8211; 1R MAREA [&hellip;]<\/p>\n","protected":false},"featured_media":94393,"template":"","meta":{"_seopress_robots_primary_cat":"","_seopress_titles_title":"","_seopress_titles_desc":"","_seopress_robots_index":""},"product_cat":[49,16,81,82,20,21,120,95],"product_tag":[],"class_list":{"0":"post-94389","1":"product","2":"type-product","3":"status-publish","4":"has-post-thumbnail","6":"product_cat-recambios-alfa-romeo-156","7":"product_cat-recambios-alfa-romeo","8":"product_cat-recambios-fiat-brava","9":"product_cat-recambios-fiat-bravo","10":"product_cat-recambios-fiat","11":"product_cat-recambios-lancia","12":"product_cat-recambios-lancia-lybra","13":"product_cat-recambios-fiat-marea","15":"first","16":"outofstock","17":"taxable","18":"shipping-taxable","19":"purchasable","20":"product-type-simple"},"_links":{"self":[{"href":"https:\/\/galicianparts.com\/shop\/wp-json\/wp\/v2\/product\/94389"}],"collection":[{"href":"https:\/\/galicianparts.com\/shop\/wp-json\/wp\/v2\/product"}],"about":[{"href":"https:\/\/galicianparts.com\/shop\/wp-json\/wp\/v2\/types\/product"}],"wp:featuredmedia":[{"embeddable":true,"href":"https:\/\/galicianparts.com\/shop\/wp-json\/wp\/v2\/media\/94393"}],"wp:attachment":[{"href":"https:\/\/galicianparts.com\/shop\/wp-json\/wp\/v2\/media?parent=94389"}],"wp:term":[{"taxonomy":"product_cat","embeddable":true,"href":"https:\/\/galicianparts.com\/shop\/wp-json\/wp\/v2\/product_cat?post=94389"},{"taxonomy":"product_tag","embeddable":true,"href":"https:\/\/galicianparts.com\/shop\/wp-json\/wp\/v2\/product_tag?post=94389"}],"curies":[{"name":"wp","href":"https:\/\/api.w.org\/{rel}","templated":true}]}}