{"id":94559,"date":"2025-02-25T10:45:01","date_gmt":"2025-02-25T08:45:01","guid":{"rendered":"https:\/\/galicianparts.com\/shop\/producto\/46540150-sensor-presion-servodireccion-m-1-2-16v-fiat-bravo-brava-marea-original\/"},"modified":"2025-09-27T13:32:40","modified_gmt":"2025-09-27T11:32:40","slug":"46540150-sensor-presion-servodireccion-m-1-2-16v-fiat-bravo-brava-marea-original","status":"publish","type":"product","link":"https:\/\/galicianparts.com\/shop\/producto\/46540150-sensor-presion-servodireccion-m-1-2-16v-fiat-bravo-brava-marea-original\/","title":{"rendered":"46540150 Sensor presion servodirecci\u00f3n M 1.2 16V Fiat Bravo \/Brava \/Marea ORIGINAL"},"content":{"rendered":"<p>Presostato, electrov\u00e1lvula de presi\u00f3n de la direcci\u00f3n asistida de:<br \/>\nFIAT &#8211; 1M BRAVA G.98 BZ (1998-2001) 1.2 16V CF2 \/ 1.2 16V CF3<br \/>\nFIAT &#8211; 1L BRAVO G.98 BZ (1998-2001) 1.2 16V CF2 \/ 1.2 16V CF3<br \/>\nFIAT &#8211; 1Q MAREA BZ GAMMA&#8217;99 (1999-2002) 1200 16V<\/p>\n<p>LA PIEZA ES NUEVA Y ORIGINAL.<\/p>\n","protected":false},"excerpt":{"rendered":"<p>Presostato, electrov\u00e1lvula de presi\u00f3n de la direcci\u00f3n asistida de: FIAT &#8211; 1M BRAVA G.98 BZ (1998-2001) 1.2 16V CF2 \/ 1.2 16V CF3 FIAT &#8211; 1L BRAVO G.98 BZ (1998-2001) 1.2 16V CF2 \/ 1.2 16V CF3 FIAT &#8211; 1Q MAREA BZ GAMMA&#8217;99 (1999-2002) 1200 16V LA PIEZA ES NUEVA Y ORIGINAL.<\/p>\n","protected":false},"featured_media":94562,"template":"","meta":{"_seopress_robots_primary_cat":"","_seopress_titles_title":"","_seopress_titles_desc":"","_seopress_robots_index":""},"product_cat":[81,82,20,95],"product_tag":[],"class_list":{"0":"post-94559","1":"product","2":"type-product","3":"status-publish","4":"has-post-thumbnail","6":"product_cat-recambios-fiat-brava","7":"product_cat-recambios-fiat-bravo","8":"product_cat-recambios-fiat","9":"product_cat-recambios-fiat-marea","11":"first","12":"outofstock","13":"taxable","14":"shipping-taxable","15":"purchasable","16":"product-type-simple"},"_links":{"self":[{"href":"https:\/\/galicianparts.com\/shop\/wp-json\/wp\/v2\/product\/94559"}],"collection":[{"href":"https:\/\/galicianparts.com\/shop\/wp-json\/wp\/v2\/product"}],"about":[{"href":"https:\/\/galicianparts.com\/shop\/wp-json\/wp\/v2\/types\/product"}],"wp:featuredmedia":[{"embeddable":true,"href":"https:\/\/galicianparts.com\/shop\/wp-json\/wp\/v2\/media\/94562"}],"wp:attachment":[{"href":"https:\/\/galicianparts.com\/shop\/wp-json\/wp\/v2\/media?parent=94559"}],"wp:term":[{"taxonomy":"product_cat","embeddable":true,"href":"https:\/\/galicianparts.com\/shop\/wp-json\/wp\/v2\/product_cat?post=94559"},{"taxonomy":"product_tag","embeddable":true,"href":"https:\/\/galicianparts.com\/shop\/wp-json\/wp\/v2\/product_tag?post=94559"}],"curies":[{"name":"wp","href":"https:\/\/api.w.org\/{rel}","templated":true}]}}