{"id":9480,"date":"2020-12-01T12:04:27","date_gmt":"2020-12-01T10:04:27","guid":{"rendered":"https:\/\/galicianparts.com\/shop\/producto\/1474860080-tapon-deposito-servofreno-fiat-ulysse-scudo-lancia-z-peugeot-citroen\/"},"modified":"2024-08-23T18:16:02","modified_gmt":"2024-08-23T16:16:02","slug":"1474860080-tapon-deposito-servofreno-fiat-ulysse-scudo-lancia-z-peugeot-citroen","status":"publish","type":"product","link":"https:\/\/galicianparts.com\/shop\/producto\/1474860080-tapon-deposito-servofreno-fiat-ulysse-scudo-lancia-z-peugeot-citroen\/","title":{"rendered":"1474860080 Tap\u00f3n dep\u00f3sito servofreno Fiat Ulysse \/ Scudo \/ Lancia Z \/ Peugeot \/ Citroen"},"content":{"rendered":"<p>Tap\u00f3n del dep\u00f3sito del l\u00edquido de frenos de:<br \/>\nFIAT &#8211; PG ULYSSE (1994-2002)<br \/>\nLANCIA &#8211; SK \u00abZ\u00bb (1994-2002)<br \/>\nFIAT PROFESSIONAL &#8211; PL SCUDO (1995-2004)<br \/>\nCITROEN JUMPY<br \/>\nPEUGEOT BOXER<br \/>\nLA PIEZA ES NUEVA Y ORIGINAL.<\/p>\n","protected":false},"excerpt":{"rendered":"<p>Tap\u00f3n del dep\u00f3sito del l\u00edquido de frenos de: FIAT &#8211; PG ULYSSE (1994-2002) LANCIA &#8211; SK \u00abZ\u00bb (1994-2002) FIAT PROFESSIONAL &#8211; PL SCUDO (1995-2004) CITROEN JUMPY PEUGEOT BOXER LA PIEZA ES NUEVA Y ORIGINAL.<\/p>\n","protected":false},"featured_media":9481,"template":"","meta":{"_seopress_robots_primary_cat":"","_seopress_titles_title":"","_seopress_titles_desc":"","_seopress_robots_index":""},"product_cat":[155,23,20,138,21,24,104,113,128],"product_tag":[],"class_list":{"0":"post-9480","1":"product","2":"type-product","3":"status-publish","4":"has-post-thumbnail","6":"product_cat-recambios-peugeot-boxer","7":"product_cat-recambios-citroen","8":"product_cat-recambios-fiat","9":"product_cat-recambios-citroen-jumpy","10":"product_cat-recambios-lancia","11":"product_cat-recambios-peugeot","12":"product_cat-recambios-fiat-scudo","13":"product_cat-recambios-fiat-ulysse","14":"product_cat-recambios-lancia-z","16":"first","17":"outofstock","18":"taxable","19":"shipping-taxable","20":"purchasable","21":"product-type-simple"},"_links":{"self":[{"href":"https:\/\/galicianparts.com\/shop\/wp-json\/wp\/v2\/product\/9480"}],"collection":[{"href":"https:\/\/galicianparts.com\/shop\/wp-json\/wp\/v2\/product"}],"about":[{"href":"https:\/\/galicianparts.com\/shop\/wp-json\/wp\/v2\/types\/product"}],"wp:featuredmedia":[{"embeddable":true,"href":"https:\/\/galicianparts.com\/shop\/wp-json\/wp\/v2\/media\/9481"}],"wp:attachment":[{"href":"https:\/\/galicianparts.com\/shop\/wp-json\/wp\/v2\/media?parent=9480"}],"wp:term":[{"taxonomy":"product_cat","embeddable":true,"href":"https:\/\/galicianparts.com\/shop\/wp-json\/wp\/v2\/product_cat?post=9480"},{"taxonomy":"product_tag","embeddable":true,"href":"https:\/\/galicianparts.com\/shop\/wp-json\/wp\/v2\/product_tag?post=9480"}],"curies":[{"name":"wp","href":"https:\/\/api.w.org\/{rel}","templated":true}]}}