{"id":94811,"date":"2025-03-07T11:52:25","date_gmt":"2025-03-07T09:52:25","guid":{"rendered":"https:\/\/galicianparts.com\/shop\/producto\/9940577-kit-pinon-motor-arranque-fiat-panda-seat-ronda-ibiza-nuevo-original-magneti-marelli\/"},"modified":"2025-03-07T12:09:38","modified_gmt":"2025-03-07T10:09:38","slug":"9940577-kit-pinon-motor-arranque-fiat-panda-seat-ronda-ibiza-nuevo-original-magneti-marelli","status":"publish","type":"product","link":"https:\/\/galicianparts.com\/shop\/producto\/9940577-kit-pinon-motor-arranque-fiat-panda-seat-ronda-ibiza-nuevo-original-magneti-marelli\/","title":{"rendered":"9940577 Kit pi\u00f1\u00f3n motor arranque Fiat Panda \/Seat Ronda \/Ibiza NUEVO ORIGINAL MAGNETI MARELLI"},"content":{"rendered":"<p>Juego, set del engranaje del motor de arranque MAGNETI MARELLI de:<br \/>\nN\u00famero de dientes: 9<br \/>\nDi\u00e1metro interior: 11.5mm<br \/>\nDi\u00e1metro pi\u00f1\u00f3n: 25.8mm<br \/>\nDi\u00e1metro total: 44.8mm<br \/>\nLargo: 64.5mm<\/p>\n<p>FIAT &#8211; LV PANDA 4X2 RL\/86(1985-1991) 750 ACT \/ 750 ACT DAV 15<br \/>\nFIAT &#8211; LV PANDA 4X2 RL\/86(1985-1991) 1000 ACT \/ 1000 ACT DAV-15 \/ 1000 SPI USA&#8217;83 \/ 1100 SPI USA&#8217;83 C.A. \/ 1000 ACT USA&#8217;77 (CH) \/ 1000 ACT B.N.O. (D)<br \/>\nFIAT &#8211; 2R PANDA 4X4 R\/86 (1985-1991)<\/p>\n<p>SEAT Ronda (022A)<br \/>\n1.2, A\u00f1o 10.1984 &#8211; 12.1986, 1193 ccm, 60 cv<br \/>\n1.2, A\u00f1o 08.1983 &#8211; 05.1985, 1197 ccm, 64 cv<br \/>\n1.5, A\u00f1o 09.1984 &#8211; 12.1986, 1461 ccm, 85 cv<br \/>\nSEAT Malaga (023A)<br \/>\n1.2, A\u00f1o 05.1985 &#8211; 12.1993, 1193 ccm, 60 cv<br \/>\n1.2, A\u00f1o 11.1984 &#8211; 12.1993, 1193 ccm, 64 cv<br \/>\n1.2 i, A\u00f1o 12.1989 &#8211; 12.1993, 1193 ccm, 71 cv<br \/>\n1.5, A\u00f1o 05.1985 &#8211; 12.1993, 1461 ccm, 85 cv<br \/>\n1.5 i, A\u00f1o 01.1987 &#8211; 12.1993, 1461 ccm, 100 cv<br \/>\n1.5 i Cat, A\u00f1o 10.1986 &#8211; 12.1993, 1461 ccm, 90 cv<br \/>\nSEAT Ibiza I Hatchback (021A)<br \/>\n1.2, A\u00f1o 11.1984 &#8211; 12.1993, 1193 ccm, 60 cv<br \/>\n1.2, A\u00f1o 11.1984 &#8211; 12.1993, 1193 ccm, 63 cv<br \/>\n1.2 i, A\u00f1o 01.1989 &#8211; 05.1993, 1193 ccm, 71 cv<br \/>\n1.5, A\u00f1o 11.1984 &#8211; 05.1993, 1461 ccm, 85 cv<br \/>\n1.5 i, A\u00f1o 10.1986 &#8211; 05.1993, 1461 ccm, 89 cv<br \/>\n1.5 i, A\u00f1o 10.1986 &#8211; 05.1993, 1461 ccm, 100 cv<br \/>\n1.5 i Cat, A\u00f1o 10.1986 &#8211; 05.1993, 1461 ccm, 90 cv<\/p>\n<p>LA PIEZA ES NUEVA Y ORIGINAL MAGNETI MARELLI.<\/p>\n","protected":false},"excerpt":{"rendered":"<p>Juego, set del engranaje del motor de arranque MAGNETI MARELLI de: N\u00famero de dientes: 9 Di\u00e1metro interior: 11.5mm Di\u00e1metro pi\u00f1\u00f3n: 25.8mm Di\u00e1metro total: 44.8mm Largo: 64.5mm FIAT &#8211; LV PANDA 4X2 RL\/86(1985-1991) 750 ACT \/ 750 ACT DAV 15 FIAT &#8211; LV PANDA 4X2 RL\/86(1985-1991) 1000 ACT \/ 1000 ACT DAV-15 \/ 1000 SPI USA&#8217;83 [&hellip;]<\/p>\n","protected":false},"featured_media":94813,"template":"","meta":{"_seopress_robots_primary_cat":"","_seopress_titles_title":"","_seopress_titles_desc":"","_seopress_robots_index":""},"product_cat":[20,162,164,99,165,26],"product_tag":[],"class_list":{"0":"post-94811","1":"product","2":"type-product","3":"status-publish","4":"has-post-thumbnail","6":"product_cat-recambios-fiat","7":"product_cat-recambios-seat-ibiza","8":"product_cat-recambios-seat-malaga","9":"product_cat-recambios-fiat-panda","10":"product_cat-recambios-seat-ronda","11":"product_cat-recambios-seat","13":"first","14":"instock","15":"taxable","16":"shipping-taxable","17":"purchasable","18":"product-type-simple"},"_links":{"self":[{"href":"https:\/\/galicianparts.com\/shop\/wp-json\/wp\/v2\/product\/94811"}],"collection":[{"href":"https:\/\/galicianparts.com\/shop\/wp-json\/wp\/v2\/product"}],"about":[{"href":"https:\/\/galicianparts.com\/shop\/wp-json\/wp\/v2\/types\/product"}],"wp:featuredmedia":[{"embeddable":true,"href":"https:\/\/galicianparts.com\/shop\/wp-json\/wp\/v2\/media\/94813"}],"wp:attachment":[{"href":"https:\/\/galicianparts.com\/shop\/wp-json\/wp\/v2\/media?parent=94811"}],"wp:term":[{"taxonomy":"product_cat","embeddable":true,"href":"https:\/\/galicianparts.com\/shop\/wp-json\/wp\/v2\/product_cat?post=94811"},{"taxonomy":"product_tag","embeddable":true,"href":"https:\/\/galicianparts.com\/shop\/wp-json\/wp\/v2\/product_tag?post=94811"}],"curies":[{"name":"wp","href":"https:\/\/api.w.org\/{rel}","templated":true}]}}