{"id":95062,"date":"2025-03-13T14:30:10","date_gmt":"2025-03-13T12:30:10","guid":{"rendered":"https:\/\/galicianparts.com\/shop\/producto\/7680997-filtro-gasolina-fiat-lancia-alfa-romeo-citroen-peugeot-original\/"},"modified":"2025-03-13T15:01:49","modified_gmt":"2025-03-13T13:01:49","slug":"7680997-filtro-gasolina-fiat-lancia-alfa-romeo-citroen-peugeot-original","status":"publish","type":"product","link":"https:\/\/galicianparts.com\/shop\/producto\/7680997-filtro-gasolina-fiat-lancia-alfa-romeo-citroen-peugeot-original\/","title":{"rendered":"7680997 Filtro gasolina Fiat \/Lancia \/Alfa Romeo \/Citro\u00ebn \/Peugeot ORIGINAL"},"content":{"rendered":"<p>Filtro de combustible de:<br \/>\nAltura: 127mm<br \/>\nDi\u00e1metro: 58mm<br \/>\nDi\u00e1metro entrada: 8mm<br \/>\nDi\u00e1metro salida: 8mm<\/p>\n<p>FIAT Cinquecento (170)<br \/>\n0.9, A\u00f1o 07.1991 &#8211; 12.1993, 903 ccm, 41 cv<br \/>\n0.9 i.e. (170AC), A\u00f1o 07.1991 &#8211; 09.1994, 903 ccm, 41 cv<br \/>\n0.9 i.e. S, A\u00f1o 07.1991 &#8211; 07.1999, 899 ccm, 40 cv<br \/>\n1.1 Sporting, A\u00f1o 10.1994 &#8211; 01.1998, 1108 ccm, 54 cv<br \/>\nFIAT Regata (138)<br \/>\n1.3 70, A\u00f1o 09.1983 &#8211; 07.1986, 1301 ccm, 68 cv<br \/>\n1.5 75, A\u00f1o 12.1983 &#8211; 07.1989, 1498 ccm, 75 cv<br \/>\nFIAT Ritmo I Cabrio<br \/>\n1.5 80, A\u00f1o 03.1983 &#8211; 12.1986, 1498 ccm, 82 cv<br \/>\n1.5 80, A\u00f1o 01.1980 &#8211; 07.1989, 1498 ccm, 86 cv<br \/>\nFIAT Ritmo I Hatchback (138)<br \/>\n1.1, A\u00f1o 04.1985 &#8211; 12.1987, 1116 ccm, 58 cv<br \/>\n1.5, A\u00f1o 01.1978 &#8211; 12.1988, 1498 ccm, 75 cv<br \/>\n1.5, A\u00f1o 08.1985 &#8211; 05.1987, 1498 ccm, 79 cv<br \/>\n1.5, A\u00f1o 01.1983 &#8211; 12.1987, 1498 ccm, 82 cv<br \/>\n1.5, A\u00f1o 01.1981 &#8211; 05.1987, 1498 ccm, 85 cv<br \/>\nFIAT Argenta (132)<br \/>\n2, A\u00f1o 06.1978 &#8211; 12.1985, 1995 ccm, 113 cv<br \/>\n2.0 i.e., A\u00f1o 06.1981 &#8211; 07.1986, 1995 ccm, 122 cv<br \/>\nFIAT Panda I Hatchback (141)<br \/>\n0.9, A\u00f1o 04.1992 &#8211; 12.1996, 899 ccm, 40 cv<br \/>\nFIAT Fiorino II Furg\u00f3n (146)<br \/>\n75 i.e. 1.5, A\u00f1o 05.1988 &#8211; 12.1993, 1498 ccm, 75 cv<br \/>\nFIAT Uno Hatchback (146)<br \/>\n1.4 i.e. 70, A\u00f1o 09.1989 &#8211; 07.1996, 1372 ccm, 70 cv<br \/>\n1.4 i.e. 70, A\u00f1o 09.1989 &#8211; 12.1993, 1372 ccm, 72 cv<br \/>\n1.4 S 70, A\u00f1o 10.1988 &#8211; 06.2006, 1372 ccm, 71 cv<br \/>\n75 i.e. 1.5, A\u00f1o 10.1985 &#8211; 12.1993, 1498 ccm, 75 cv<br \/>\nFIAT 132 (132_)<br \/>\n2.0, A\u00f1o 01.1976 &#8211; 06.1981, 1995 ccm, 113 cv<br \/>\n2.0 i.e., A\u00f1o 01.1980 &#8211; 12.1982, 1995 ccm, 122 cv<\/p>\n<p>ALFA ROMEO 164 (164)<br \/>\n2.0 Twin Spark (164.H3), A\u00f1o 09.1992 &#8211; 09.1998, 1995 ccm, 144 cv<br \/>\nALFA ROMEO 75 (162B)<br \/>\n1.8, A\u00f1o 08.1989 &#8211; 02.1992, 1779 ccm, 122 cv<br \/>\n2.0 T.S Cat (162.B4A), A\u00f1o 05.1985 &#8211; 02.1992, 1962 ccm, 148 cv<br \/>\n2.0 T.S., A\u00f1o 01.1987 &#8211; 02.1992, 1962 ccm, 146 cv<\/p>\n<p>LANCIA Dedra Berlina (835)<br \/>\n1.6 i.e., A\u00f1o 08.1989 &#8211; 06.1994, 1581 ccm, 90 cv<br \/>\nLANCIA Delta I (831)<br \/>\n1.6 GT (831AB.06), A\u00f1o 11.1982 &#8211; 04.1986, 1585 ccm, 105 cv<br \/>\nLANCIA Trevi (828)<br \/>\n2000 i.e. (828DB13), A\u00f1o 05.1980 &#8211; 01.1987, 1995 ccm, 122 cv<br \/>\nLANCIA Prisma (831)<br \/>\n1.6 i.e. Super (831AB), A\u00f1o 05.1987 &#8211; 12.1989, 1585 ccm, 90 cv<br \/>\nLANCIA Gamma Coup\u00e9 (830)<br \/>\n2500 (830AC_), A\u00f1o 09.1977 &#8211; 10.1986, 2484 ccm, 140 cv<\/p>\n<p>CITRO\u00cbN Xantia (X1, X2)<br \/>\n1.6 i, A\u00f1o 03.1993 &#8211; 03.2001, 1580 ccm, 88 cv<br \/>\n1.8 i, A\u00f1o 03.1993 &#8211; 01.1998, 1761 ccm, 101 cv<br \/>\n1.8 i 16V, A\u00f1o 06.1995 &#8211; 12.2001, 1761 ccm, 110 cv<br \/>\n2.0 i, A\u00f1o 03.1993 &#8211; 04.2003, 1998 ccm, 121 cv<br \/>\n2.0 i 16V, A\u00f1o 06.1995 &#8211; 04.2003, 1998 ccm, 132 cv<br \/>\n2.0 i 16V, A\u00f1o 06.1994 &#8211; 01.1998, 1998 ccm, 150 cv<br \/>\n2.0 i 16V, A\u00f1o 03.1993 &#8211; 01.1998, 1998 ccm, 152 cv<br \/>\n2.0 Turbo, A\u00f1o 06.1995 &#8211; 04.2003, 1998 ccm, 147 cv<br \/>\nCITRO\u00cbN XM I Hatchback (Y3)<br \/>\n2.0, A\u00f1o 05.1989 &#8211; 04.1994, 1998 ccm, 114 cv<br \/>\n2.0, A\u00f1o 05.1989 &#8211; 06.1994, 1998 ccm, 128 cv<br \/>\nCITRO\u00cbN ZX (N2)<br \/>\n1.1, A\u00f1o 03.1991 &#8211; 06.1997, 1124 ccm, 60 cv<br \/>\n1.4, A\u00f1o 03.1991 &#8211; 06.1997, 1360 ccm, 75 cv<br \/>\n1.4 i, A\u00f1o 03.1991 &#8211; 06.1997, 1360 ccm, 75 cv<br \/>\n1.6, A\u00f1o 07.1994 &#8211; 10.1997, 1580 ccm, 90 cv<br \/>\n1.6 i, A\u00f1o 03.1991 &#8211; 06.1997, 1580 ccm, 88 cv<br \/>\n1.8, A\u00f1o 03.1991 &#8211; 10.1997, 1761 ccm, 103 cv<br \/>\n1.8 i, A\u00f1o 07.1992 &#8211; 06.1997, 1761 ccm, 101 cv<br \/>\n1.9, A\u00f1o 03.1991 &#8211; 06.1997, 1905 ccm, 126 cv<br \/>\n1.9, A\u00f1o 03.1991 &#8211; 09.1993, 1905 ccm, 131 cv<br \/>\n1.9 i, A\u00f1o 03.1991 &#8211; 06.1997, 1905 ccm, 120 cv<br \/>\n2.0, A\u00f1o 07.1994 &#8211; 10.1997, 1998 ccm, 122 cv<br \/>\n2.0, A\u00f1o 09.1996 &#8211; 10.1997, 1998 ccm, 166 cv<br \/>\n2.0 i, A\u00f1o 07.1992 &#8211; 06.1997, 1998 ccm, 121 cv<br \/>\n2.0 i 16V, A\u00f1o 06.1994 &#8211; 06.1997, 1998 ccm, 150 cv<br \/>\n2.0 i 16V, A\u00f1o 07.1992 &#8211; 10.1994, 1998 ccm, 152 cv<br \/>\n2.0 i 16V, A\u00f1o 07.1992 &#8211; 10.1997, 1998 ccm, 155 cv<br \/>\n2.0 i 16V, A\u00f1o 05.1996 &#8211; 06.1997, 1998 ccm, 163 cv<br \/>\nCITRO\u00cbN CX I<br \/>\n2400, A\u00f1o 05.1980 &#8211; 05.1982, 2347 ccm, 120 cv<br \/>\n2400 GTi, A\u00f1o 06.1977 &#8211; 06.1982, 2347 ccm, 128 cv<br \/>\n2400 GTi, A\u00f1o 06.1977 &#8211; 06.1982, 2347 ccm, 131 cv<br \/>\n2.5 GTi Turbo 2, A\u00f1o 06.1984 &#8211; 08.1985, 2500 ccm, 166 cv<br \/>\n2.5 TRi, A\u00f1o 08.1985 &#8211; 12.1992, 2500 ccm, 136 cv<br \/>\nCITRO\u00cbN AX<br \/>\n1.4 GTi, A\u00f1o 08.1991 &#8211; 12.1996, 1360 ccm, 90 cv<br \/>\n1.4 GTi, A\u00f1o 06.1991 &#8211; 12.1996, 1360 ccm, 94 cv<br \/>\n1.4 GTi, A\u00f1o 06.1991 &#8211; 12.1992, 1360 ccm, 100 cv<br \/>\n1.0, A\u00f1o 09.1986 &#8211; 06.1992, 954 ccm, 44 cv<br \/>\n1.0, A\u00f1o 07.1986 &#8211; 12.1998, 954 ccm, 45 cv<br \/>\n1.0, A\u00f1o 02.1987 &#8211; 12.1998, 954 ccm, 50 cv<br \/>\n1.1, A\u00f1o 09.1986 &#8211; 12.1997, 1124 ccm, 60 cv<br \/>\n1.4, A\u00f1o 12.1986 &#8211; 12.1988, 1360 ccm, 60 cv<br \/>\n1.4, A\u00f1o 06.1988 &#8211; 12.1989, 1360 ccm, 67 cv<br \/>\n1.4, A\u00f1o 01.1989 &#8211; 12.1991, 1360 ccm, 69 cv<br \/>\n1.4, A\u00f1o 01.1988 &#8211; 12.1992, 1360 ccm, 84 cv<br \/>\n1.4, A\u00f1o 01.1988 &#8211; 12.1992, 1360 ccm, 85 cv<br \/>\n14 (ZA), A\u00f1o 04.1987 &#8211; 04.1997, 1360 ccm, 75 cv<br \/>\n14 4&#215;4, A\u00f1o 08.1991 &#8211; 12.1996, 1360 ccm, 75 cv<br \/>\n1.4 GT, A\u00f1o 01.1989 &#8211; 12.1991, 1360 ccm, 80 cv<br \/>\nCITRO\u00cbN BX Hatchback<br \/>\n1.6, A\u00f1o 01.1987 &#8211; 01.1992, 1580 ccm, 116 cv<br \/>\n1.9, A\u00f1o 10.1985 &#8211; 06.1994, 1905 ccm, 125 cv<br \/>\n1.1, A\u00f1o 10.1988 &#8211; 06.1992, 1124 ccm, 55 cv<br \/>\n1.1, A\u00f1o 10.1986 &#8211; 06.1992, 1124 ccm, 57 cv<br \/>\n1.4, A\u00f1o 01.1989 &#8211; 02.1993, 1360 ccm, 75 cv<br \/>\n1.6, A\u00f1o 09.1988 &#8211; 02.1993, 1580 ccm, 75 cv<br \/>\n16 (XB180Z), A\u00f1o 03.1986 &#8211; 02.1993, 1580 ccm, 103 cv<br \/>\n1.6 E, A\u00f1o 05.1989 &#8211; 02.1993, 1580 ccm, 88 cv<br \/>\n1.9, A\u00f1o 07.1986 &#8211; 05.1989, 1905 ccm, 102 cv<br \/>\n1.9 E, A\u00f1o 06.1988 &#8211; 02.1993, 1905 ccm, 109 cv<br \/>\n1.9 E 4&#215;4, A\u00f1o 04.1989 &#8211; 02.1993, 1905 ccm, 109 cv<br \/>\n1.9 GTi, A\u00f1o 06.1988 &#8211; 02.1993, 1905 ccm, 120 cv<br \/>\n1.9 GTi, A\u00f1o 07.1986 &#8211; 02.1993, 1905 ccm, 122 cv<br \/>\n1.9 GTi 16V, A\u00f1o 03.1988 &#8211; 02.1993, 1905 ccm, 147 cv<br \/>\n1.9 GTi 16V, A\u00f1o 09.1987 &#8211; 12.1988, 1905 ccm, 158 cv<br \/>\n1.9 GTi 4&#215;4, A\u00f1o 06.1988 &#8211; 02.1993, 1905 ccm, 120 cv<br \/>\nCITRO\u00cbN BX Familiar<br \/>\n1.4, A\u00f1o 01.1987 &#8211; 01.1992, 1360 ccm, 71 cv<br \/>\n1.6, A\u00f1o 01.1987 &#8211; 01.1992, 1580 ccm, 116 cv<br \/>\n1.9 TZi, A\u00f1o 02.1992 &#8211; 12.1994, 1905 ccm, 125 cv<br \/>\n1.4, A\u00f1o 01.1986 &#8211; 02.1993, 1360 ccm, 72 cv<br \/>\n1.4, A\u00f1o 01.1989 &#8211; 02.1993, 1360 ccm, 75 cv<br \/>\n1.5, A\u00f1o 10.1987 &#8211; 05.1992, 1580 ccm, 80 cv<br \/>\n1.6, A\u00f1o 09.1988 &#8211; 12.1994, 1580 ccm, 72 cv<br \/>\n1.6, A\u00f1o 09.1988 &#8211; 12.1994, 1580 ccm, 75 cv<br \/>\n1.6, A\u00f1o 05.1989 &#8211; 12.1994, 1580 ccm, 88 cv<br \/>\n16 (XB180Z), A\u00f1o 03.1986 &#8211; 12.1994, 1580 ccm, 103 cv<br \/>\n1.9, A\u00f1o 07.1986 &#8211; 12.1994, 1905 ccm, 102 cv<br \/>\n1.9, A\u00f1o 06.1988 &#8211; 12.1994, 1905 ccm, 120 cv<br \/>\n1.9 4&#215;4, A\u00f1o 06.1989 &#8211; 05.1991, 1905 ccm, 107 cv<br \/>\n1.9 4&#215;4, A\u00f1o 10.1990 &#8211; 05.1991, 1905 ccm, 109 cv<br \/>\nCITRO\u00cbN C15 Furg\u00f3n<br \/>\n1.1, A\u00f1o 10.1984 &#8211; 12.1996, 1124 ccm, 48 cv<br \/>\n1.1, A\u00f1o 11.1988 &#8211; 07.1996, 1124 ccm, 54 cv<br \/>\n1.1, A\u00f1o 10.1984 &#8211; 07.1987, 1118 ccm, 54 cv<br \/>\n1.1 i, A\u00f1o 07.1988 &#8211; 12.1996, 1124 ccm, 60 cv<br \/>\n1.4 E, A\u00f1o 07.1987 &#8211; 12.1996, 1360 ccm, 55 cv<br \/>\n1.4 i, A\u00f1o 05.1991 &#8211; 12.1996, 1360 ccm, 75 cv<br \/>\nCITRO\u00cbN Visa Hatchback<br \/>\n14, A\u00f1o 07.1984 &#8211; 03.1991, 1360 ccm, 60 cv<br \/>\n16 GTI, A\u00f1o 01.1985 &#8211; 06.1986, 1580 ccm, 103 cv<br \/>\n16 GTI, A\u00f1o 06.1986 &#8211; 03.1991, 1580 ccm, 113 cv<\/p>\n<p>PEUGEOT 106 I Hatchback<br \/>\n1.0, A\u00f1o 09.1991 &#8211; 04.1996, 954 ccm, 45 cv<br \/>\n1.0, A\u00f1o 09.1991 &#8211; 04.1996, 954 ccm, 50 cv<br \/>\n1.1, A\u00f1o 09.1991 &#8211; 04.1996, 1124 ccm, 60 cv<br \/>\n1.3, A\u00f1o 10.1993 &#8211; 04.1996, 1294 ccm, 98 cv<br \/>\n1.4, A\u00f1o 09.1991 &#8211; 04.1996, 1360 ccm, 75 cv<br \/>\n1.4 Le Mans, A\u00f1o 09.1991 &#8211; 11.1994, 1361 ccm, 94 cv<br \/>\n1.6, A\u00f1o 06.1993 &#8211; 04.1996, 1587 ccm, 88 cv<br \/>\n1.6, A\u00f1o 11.1994 &#8211; 04.1996, 1587 ccm, 103 cv<br \/>\nPEUGEOT 205 II<br \/>\n1.6, A\u00f1o 08.1990 &#8211; 07.1992, 1580 ccm, 90 cv<br \/>\n1.6 Aut., A\u00f1o 05.1990 &#8211; 09.1998, 1580 ccm, 88 cv<br \/>\nPEUGEOT 306<br \/>\n1.1, A\u00f1o 05.1993 &#8211; 05.2001, 1124 ccm, 60 cv<br \/>\n1.4, A\u00f1o 04.1993 &#8211; 07.2001, 1360 ccm, 75 cv<br \/>\n1.6, A\u00f1o 05.1993 &#8211; 10.2000, 1587 ccm, 89 cv<br \/>\n1.8, A\u00f1o 05.1993 &#8211; 05.2001, 1761 ccm, 101 cv<br \/>\n1.8, A\u00f1o 01.1993 &#8211; 08.1999, 1761 ccm, 105 cv<br \/>\n2.0, A\u00f1o 01.1994 &#8211; 12.1999, 1998 ccm, 125 cv<br \/>\n2.0 S16, A\u00f1o 06.1994 &#8211; 05.2001, 1998 ccm, 150 cv<br \/>\n2.0 S16, A\u00f1o 07.1994 &#8211; 08.1996, 1998 ccm, 151 cv<br \/>\n2.0 S16, A\u00f1o 05.1993 &#8211; 05.2001, 1998 ccm, 152 cv<br \/>\n2.0 S16, A\u00f1o 06.1996 &#8211; 05.2001, 1998 ccm, 163 cv<br \/>\n2.0 XSi, A\u00f1o 05.1993 &#8211; 05.2001, 1998 ccm, 121 cv<br \/>\nPEUGEOT 309 I Hatchback<br \/>\n1.6, A\u00f1o 08.1987 &#8211; 07.1989, 1580 ccm, 72 cv<br \/>\n1.6, A\u00f1o 10.1985 &#8211; 07.1989, 1580 ccm, 75 cv<br \/>\n1.6, A\u00f1o 10.1985 &#8211; 07.1989, 1580 ccm, 80 cv<br \/>\n1.6, A\u00f1o 11.1985 &#8211; 09.1988, 1580 ccm, 103 cv<br \/>\n1.6 Cat, A\u00f1o 09.1986 &#8211; 12.1989, 1580 ccm, 75 cv<br \/>\n1.9, A\u00f1o 03.1986 &#8211; 07.1989, 1905 ccm, 98 cv<br \/>\n1.9, A\u00f1o 10.1985 &#8211; 07.1989, 1905 ccm, 102 cv<br \/>\n1.9, A\u00f1o 07.1988 &#8211; 07.1989, 1905 ccm, 109 cv<br \/>\nPEUGEOT 106 II Hatchback (1A, 1C)<br \/>\n1.0 i, A\u00f1o 04.1996 &#8211; 03.2001, 954 ccm, 50 cv<br \/>\n1.1 i, A\u00f1o 01.1997 &#8211; 03.2001, 1124 ccm, 54 cv<br \/>\nPEUGEOT 309 II Hatchback<br \/>\n1.6, A\u00f1o 07.1989 &#8211; 12.1993, 1580 ccm, 88 cv<br \/>\n1.6, A\u00f1o 07.1989 &#8211; 12.1993, 1580 ccm, 94 cv<br \/>\n1.9, A\u00f1o 08.1989 &#8211; 12.1993, 1905 ccm, 98 cv<br \/>\n1.9, A\u00f1o 10.1990 &#8211; 12.1993, 1905 ccm, 109 cv<br \/>\n1.9 GTI, A\u00f1o 07.1989 &#8211; 12.1993, 1905 ccm, 120 cv<br \/>\n1.9 GTI 16V, A\u00f1o 10.1990 &#8211; 12.1993, 1905 ccm, 147 cv<\/p>\n<p>SEAT C\u00f3rdoba I (6K1, 6K2)<br \/>\n1.0 i, A\u00f1o 09.1996 &#8211; 10.2002, 999 ccm, 50 cv<br \/>\n1.3, A\u00f1o 02.1993 &#8211; 08.1994, 1272 ccm, 54 cv<br \/>\n1.4 i, A\u00f1o 06.1994 &#8211; 10.2002, 1389 ccm, 60 cv<br \/>\n1.4 i 16V, A\u00f1o 09.1996 &#8211; 10.2002, 1390 ccm, 101 cv<br \/>\n1.6 i, A\u00f1o 02.1993 &#8211; 10.2002, 1598 ccm, 75 cv<br \/>\n1.6 i, A\u00f1o 05.1994 &#8211; 06.1999, 1595 ccm, 75 cv<br \/>\n1.6 i, A\u00f1o 07.1996 &#8211; 10.2002, 1595 ccm, 101 cv<br \/>\n1.8 i, A\u00f1o 02.1993 &#8211; 09.2002, 1781 ccm, 90 cv<br \/>\n1.8 i 16V, A\u00f1o 10.1993 &#8211; 08.1996, 1781 ccm, 129 cv<br \/>\n2.0 i, A\u00f1o 02.1993 &#8211; 06.1999, 1984 ccm, 115 cv<br \/>\n2.0 i 16V, A\u00f1o 08.1996 &#8211; 06.1999, 1984 ccm, 150 cv<br \/>\nSEAT Ibiza II (6K1)<br \/>\n1.0, A\u00f1o 03.1993 &#8211; 09.1996, 1043 ccm, 45 cv<br \/>\n1.0 i, A\u00f1o 09.1996 &#8211; 02.2002, 999 ccm, 50 cv<br \/>\n1.3 i, A\u00f1o 03.1993 &#8211; 08.1999, 1272 ccm, 54 cv<br \/>\n1.4 i, A\u00f1o 09.1993 &#8211; 02.2002, 1389 ccm, 60 cv<br \/>\n1.4 i 16V, A\u00f1o 06.1997 &#8211; 02.2002, 1390 ccm, 101 cv<br \/>\n1.6 i, A\u00f1o 09.1994 &#8211; 06.1999, 1595 ccm, 75 cv<br \/>\n1.6 i, A\u00f1o 03.1993 &#8211; 02.2002, 1598 ccm, 75 cv<br \/>\n1.6 i, A\u00f1o 04.1996 &#8211; 02.2002, 1595 ccm, 101 cv<br \/>\n1.8 i, A\u00f1o 03.1993 &#8211; 08.1999, 1781 ccm, 90 cv<br \/>\n1.8 i 16V, A\u00f1o 11.1993 &#8211; 08.1996, 1781 ccm, 129 cv<br \/>\n2.0 i, A\u00f1o 03.1993 &#8211; 08.1999, 1984 ccm, 115 cv<br \/>\n2.0 i 16V, A\u00f1o 08.1996 &#8211; 08.1999, 1984 ccm, 150 cv<br \/>\nSEAT Inca (6K9)<br \/>\n1.4 16V, A\u00f1o 04.2000 &#8211; 06.2003, 1390 ccm, 75 cv<br \/>\n1.4 i, A\u00f1o 11.1995 &#8211; 06.2003, 1389 ccm, 60 cv<br \/>\n1.6 i, A\u00f1o 11.1995 &#8211; 05.1998, 1595 ccm, 75 cv<br \/>\n1.6 i, A\u00f1o 06.1997 &#8211; 09.2000, 1598 ccm, 75 cv <\/p>\n<p>LA PIEZA ES NUEVA Y ORIGINAL.<\/p>\n","protected":false},"excerpt":{"rendered":"<p>Filtro de combustible de: Altura: 127mm Di\u00e1metro: 58mm Di\u00e1metro entrada: 8mm Di\u00e1metro salida: 8mm FIAT Cinquecento (170) 0.9, A\u00f1o 07.1991 &#8211; 12.1993, 903 ccm, 41 cv 0.9 i.e. (170AC), A\u00f1o 07.1991 &#8211; 09.1994, 903 ccm, 41 cv 0.9 i.e. S, A\u00f1o 07.1991 &#8211; 07.1999, 899 ccm, 40 cv 1.1 Sporting, A\u00f1o 10.1994 &#8211; 01.1998, 1108 [&hellip;]<\/p>\n","protected":false},"featured_media":95064,"template":"","meta":{"_seopress_robots_primary_cat":"","_seopress_titles_title":"","_seopress_titles_desc":"","_seopress_robots_index":""},"product_cat":[145,71,54,235,147,149,58,16,79,311,130,131,84,23,210,136,117,118,20,91,231,162,211,21,99,24,123,102,103,26,225,114,140,141,142,144],"product_tag":[],"class_list":{"0":"post-95062","1":"product","2":"type-product","3":"status-publish","4":"has-post-thumbnail","6":"product_cat-recambios-peugeot-106","7":"product_cat-recambios-fiat-132","8":"product_cat-recambios-alfa-romeo-164","9":"product_cat-recambios-peugeot-205","10":"product_cat-recambios-peugeot-306","11":"product_cat-recambios-peugeot-309","12":"product_cat-recambios-alfa-romeo-75","13":"product_cat-recambios-alfa-romeo","14":"product_cat-recambios-fiat-argenta","15":"product_cat-recambios-citroen-ax","16":"product_cat-recambios-citroen-bx","17":"product_cat-recambios-citroen-c15","18":"product_cat-recambios-fiat-cinquecento","19":"product_cat-recambios-citroen","20":"product_cat-recambios-seat-cordoba","21":"product_cat-recambios-citroen-cx","22":"product_cat-recambios-lancia-dedra","23":"product_cat-recambios-lancia-delta","24":"product_cat-recambios-fiat","25":"product_cat-recambios-fiat-fiorino","26":"product_cat-recambios-lancia-gamma","27":"product_cat-recambios-seat-ibiza","28":"product_cat-recambios-seat-inca","29":"product_cat-recambios-lancia","30":"product_cat-recambios-fiat-panda","31":"product_cat-recambios-peugeot","32":"product_cat-recambios-lancia-prisma","33":"product_cat-recambios-fiat-regata","34":"product_cat-recambios-fiat-ritmo","35":"product_cat-recambios-seat","36":"product_cat-recambios-lancia-trevi","37":"product_cat-recambios-fiat-uno","38":"product_cat-recambios-citroen-visa","39":"product_cat-recambios-citroen-xantia","40":"product_cat-recambios-citroen-xm","41":"product_cat-recambios-citroen-zx","43":"first","44":"instock","45":"taxable","46":"shipping-taxable","47":"purchasable","48":"product-type-simple"},"_links":{"self":[{"href":"https:\/\/galicianparts.com\/shop\/wp-json\/wp\/v2\/product\/95062"}],"collection":[{"href":"https:\/\/galicianparts.com\/shop\/wp-json\/wp\/v2\/product"}],"about":[{"href":"https:\/\/galicianparts.com\/shop\/wp-json\/wp\/v2\/types\/product"}],"wp:featuredmedia":[{"embeddable":true,"href":"https:\/\/galicianparts.com\/shop\/wp-json\/wp\/v2\/media\/95064"}],"wp:attachment":[{"href":"https:\/\/galicianparts.com\/shop\/wp-json\/wp\/v2\/media?parent=95062"}],"wp:term":[{"taxonomy":"product_cat","embeddable":true,"href":"https:\/\/galicianparts.com\/shop\/wp-json\/wp\/v2\/product_cat?post=95062"},{"taxonomy":"product_tag","embeddable":true,"href":"https:\/\/galicianparts.com\/shop\/wp-json\/wp\/v2\/product_tag?post=95062"}],"curies":[{"name":"wp","href":"https:\/\/api.w.org\/{rel}","templated":true}]}}