{"id":95069,"date":"2025-03-14T11:06:40","date_gmt":"2025-03-14T09:06:40","guid":{"rendered":"https:\/\/galicianparts.com\/shop\/producto\/9950468-escobillas-motor-arranque-bosch-fiat-lancia-citroen-peugeot-nuevo-original\/"},"modified":"2025-07-31T12:17:51","modified_gmt":"2025-07-31T10:17:51","slug":"9950468-escobillas-motor-arranque-bosch-fiat-lancia-citroen-peugeot-nuevo-original","status":"publish","type":"product","link":"https:\/\/galicianparts.com\/shop\/producto\/9950468-escobillas-motor-arranque-bosch-fiat-lancia-citroen-peugeot-nuevo-original\/","title":{"rendered":"9950468 Escobillas motor arranque BOSCH Fiat \/Lancia \/Citroen \/Peugeot NUEVO ORIGINAL"},"content":{"rendered":"<p>Portaescobillas del motor de arranque BOSCH de:<br \/>\nFIAT Regata Berlina (138)<br \/>\n1.7 Di\u00e9sel 60, A\u00f1o 05.1985 &#8211; 03.1989, 1698 ccm, 60 cv<br \/>\nFIAT Regata Weekend<br \/>\n1.7 Di\u00e9sel 60, A\u00f1o 01.1984 &#8211; 12.1989, 1698 ccm, 60 cv<br \/>\nFIAT Ritmo I Hatchback (138)<br \/>\n1.7 Diesel, A\u00f1o 05.1985 &#8211; 12.1987, 1698 ccm, 60 cv<br \/>\nFIAT Tipo Hatchback (160)<br \/>\n1.7 D, A\u00f1o 01.1988 &#8211; 10.1994, 1697 ccm, 58 cv<br \/>\n1.7 D, A\u00f1o 01.1988 &#8211; 10.1995, 1697 ccm, 61 cv<br \/>\nFIAT Fiorino II Furg\u00f3n<br \/>\n1.7 D, A\u00f1o 01.1988 &#8211; 10.1999, 1697 ccm, 60 cv<br \/>\n1.7 TD, A\u00f1o 11.1996 &#8211; 05.2000, 1697 ccm, 63 cv<br \/>\n60 1.7 D, A\u00f1o 05.1988 &#8211; 10.1996, 1697 ccm, 57 cv<br \/>\n60 1.7 D, A\u00f1o 05.1988 &#8211; 05.2000, 1698 ccm, 60 cv<br \/>\n65 1.7 TD, A\u00f1o 01.1997 &#8211; 05.2001, 1698 ccm, 63 cv<br \/>\nFIAT Uno Hatchback (146)<br \/>\n1.7 Di\u00e9sel 60, A\u00f1o 07.1986 &#8211; 08.1989, 1698 ccm, 60 cv<br \/>\n60 Diesel 1.7 (146E), A\u00f1o 09.1989 &#8211; 12.1993, 1698 ccm, 57 cv<br \/>\n1.4 TD 70, A\u00f1o 10.1986 &#8211; 10.1990, 1367 ccm, 71 cv<br \/>\nFIAT Duna Berlina (146)<br \/>\n1.7 DS, A\u00f1o 01.1987 &#8211; 12.1991, 1698 ccm, 60 cv<br \/>\nFIAT Duna Weekend (146)<br \/>\n1.7 DS, A\u00f1o 01.1987 &#8211; 12.1991, 1698 ccm, 60 cv<br \/>\nFIAT Fiorino II Pick-up (146)<br \/>\n1.7 D, A\u00f1o 10.1993 &#8211; 10.1999, 1697 ccm, 57 cv<br \/>\n1.7 D, A\u00f1o 05.1988 &#8211; 10.1999, 1698 ccm, 60 cv<br \/>\n1.7 TD, A\u00f1o 01.1997 &#8211; 05.2001, 1698 ccm, 63 cv<br \/>\nFIAT Uno Furg\u00f3n (146)<br \/>\n1.7 D, A\u00f1o 02.1988 &#8211; 02.1992, 1697 ccm, 58 cv<\/p>\n<p>LANCIA Phedra (179)<br \/>\n2.0 D Multijet (179.AXL1B, 179.BXL1B), A\u00f1o 07.2006 &#8211; 11.2010, 1997 ccm, 136 cv<br \/>\n2.0 JTD (179.AXE1A), A\u00f1o 07.2003 &#8211; 11.2010, 1997 ccm, 107 cv<br \/>\n2.0 JTD (179.AXH1B, 179.BXH1B), A\u00f1o 06.2006 &#8211; 11.2010, 1997 ccm, 120 cv<br \/>\n2.0 JTD, A\u00f1o 09.2002 &#8211; 11.2010, 1997 ccm, 109 cv<br \/>\n2.2 JTD, A\u00f1o 09.2002 &#8211; 11.2010, 2179 ccm, 128 cv<\/p>\n<p>CITRO\u00cbN Jumper I Bus (230)<br \/>\n1.9 TD, A\u00f1o 08.1994 &#8211; 04.2002, 1905 ccm, 90 cv<br \/>\n1.9 TD, A\u00f1o 02.1994 &#8211; 04.2002, 1905 ccm, 92 cv<br \/>\n1.9 TD 4&#215;4, A\u00f1o 08.1996 &#8211; 04.2002, 1905 ccm, 92 cv<br \/>\nCITRO\u00cbN Xantia Hatchback (X1, X2)<br \/>\n1.9 D, A\u00f1o 06.1994 &#8211; 01.1998, 1905 ccm, 68 cv<br \/>\n1.9 D, A\u00f1o 06.1994 &#8211; 01.1998, 1905 ccm, 69 cv<br \/>\n1.9 SD, A\u00f1o 02.1996 &#8211; 04.2003, 1905 ccm, 75 cv<br \/>\n1.9 Turbo D, A\u00f1o 05.1993 &#8211; 04.2003, 1905 ccm, 90 cv<br \/>\n2.1 Turbo D 12V, A\u00f1o 06.1995 &#8211; 02.1999, 2088 ccm, 109 cv<br \/>\nCITRO\u00cbN ZX Hatchback (N2)<br \/>\n1.8 D, A\u00f1o 06.1993 &#8211; 06.1997, 1769 ccm, 60 cv<br \/>\n1.9 D, A\u00f1o 03.1991 &#8211; 06.1997, 1905 ccm, 64 cv<br \/>\n1.9 D, A\u00f1o 07.1993 &#8211; 06.1997, 1905 ccm, 68 cv<br \/>\n1.9 DT, A\u00f1o 06.1992 &#8211; 06.1994, 1905 ccm, 92 cv<br \/>\n1.9 TD, A\u00f1o 07.1992 &#8211; 06.1997, 1905 ccm, 90 cv<br \/>\nCITRO\u00cbN BX Hatchback<br \/>\n1.8 D, A\u00f1o 10.1985 &#8211; 09.1993, 1769 ccm, 60 cv<br \/>\n1.9 RD 4&#215;4, A\u00f1o 01.1987 &#8211; 01.1992, 1905 ccm, 71 cv<br \/>\n19 D, A\u00f1o 09.1983 &#8211; 09.1993, 1905 ccm, 64 cv<br \/>\n19 D, A\u00f1o 03.1987 &#8211; 02.1993, 1905 ccm, 69 cv<br \/>\n19 D, A\u00f1o 03.1992 &#8211; 10.1993, 1905 ccm, 72 cv<br \/>\n1.8 TRD Turbo, A\u00f1o 03.1988 &#8211; 02.1993, 1769 ccm, 90 cv<br \/>\nCITRO\u00cbN BX Familiar<br \/>\n1.9 D, A\u00f1o 01.1987 &#8211; 01.1992, 1905 ccm, 71 cv<br \/>\n1.8 D, A\u00f1o 10.1985 &#8211; 09.1993, 1769 ccm, 60 cv<br \/>\n1.9 D, A\u00f1o 09.1983 &#8211; 11.1994, 1905 ccm, 64 cv<br \/>\n1.9 D, A\u00f1o 03.1987 &#8211; 12.1994, 1905 ccm, 69 cv<br \/>\n1.8 TRD Turbo, A\u00f1o 03.1988 &#8211; 12.1994, 1769 ccm, 90 cv<br \/>\nCITRO\u00cbN C25 Bus<br \/>\n1.9 D, A\u00f1o 07.1987 &#8211; 02.1994, 1905 ccm, 69 cv<br \/>\n2.5 D, A\u00f1o 10.1985 &#8211; 02.1994, 2498 ccm, 73 cv<br \/>\n2.5 D, A\u00f1o 11.1981 &#8211; 01.1994, 2498 ccm, 75 cv<br \/>\n2.5 D 4&#215;4, A\u00f1o 01.1987 &#8211; 02.1994, 2498 ccm, 73 cv<br \/>\n2.5 D Turbo, A\u00f1o 08.1987 &#8211; 02.1994, 2500 ccm, 95 cv<br \/>\n2.5 D Turbo 4&#215;4, A\u00f1o 08.1987 &#8211; 02.1994, 2500 ccm, 95 cv<br \/>\nCITRO\u00cbN Visa Hatchback<br \/>\n17 D, A\u00f1o 04.1984 &#8211; 03.1991, 1769 ccm, 60 cv<br \/>\nCITRO\u00cbN Xantia Familiar (X1, X2)<br \/>\n1.9 SD, A\u00f1o 04.1997 &#8211; 04.2003, 1905 ccm, 75 cv<br \/>\n1.9 Turbo D, A\u00f1o 06.1995 &#8211; 04.2003, 1905 ccm, 90 cv<br \/>\n2.1 Turbo D 12V, A\u00f1o 06.1996 &#8211; 02.1999, 2088 ccm, 109 cv<br \/>\nCITRO\u00cbN Xsara Hatchback (N1)<br \/>\n1.8 D, A\u00f1o 04.1997 &#8211; 09.2000, 1769 ccm, 58 cv<br \/>\n1.9 D, A\u00f1o 04.1997 &#8211; 09.2000, 1905 ccm, 68 cv<br \/>\n1.9 SD, A\u00f1o 01.1998 &#8211; 09.2000, 1905 ccm, 75 cv<br \/>\n1.9 TD, A\u00f1o 04.1997 &#8211; 09.2000, 1905 ccm, 90 cv<br \/>\nCITRO\u00cbN Xsara Familiar (N2)<br \/>\n1.8 D, A\u00f1o 10.1997 &#8211; 09.2000, 1769 ccm, 58 cv<br \/>\n1.9 D, A\u00f1o 10.1997 &#8211; 09.2000, 1905 ccm, 68 cv<br \/>\n1.9 D, A\u00f1o 01.1998 &#8211; 09.2000, 1905 ccm, 75 cv<br \/>\n1.9 TD, A\u00f1o 10.1997 &#8211; 09.2000, 1905 ccm, 90 cv<br \/>\nCITRO\u00cbN Jumper I Furgoneta (230)<br \/>\n1.9 D, A\u00f1o 02.1994 &#8211; 04.2002, 1905 ccm, 69 cv<br \/>\n1.9 TD, A\u00f1o 03.1994 &#8211; 04.2002, 1905 ccm, 90 cv<br \/>\n1.9 TD, A\u00f1o 03.1994 &#8211; 04.2002, 1905 ccm, 92 cv<br \/>\nCITRO\u00cbN Xsara Coup\u00e9 (N0)<br \/>\n1.9 D, A\u00f1o 02.1998 &#8211; 09.2000, 1905 ccm, 68 cv<br \/>\n1.9 D, A\u00f1o 02.1998 &#8211; 05.1999, 1905 ccm, 75 cv<br \/>\n1.9 TD, A\u00f1o 02.1998 &#8211; 09.2000, 1905 ccm, 90 cv<br \/>\nCITRO\u00cbN ZX Familiar (N2)<br \/>\n1.8 D, A\u00f1o 10.1993 &#8211; 10.1997, 1769 ccm, 60 cv<br \/>\n1.9 D, A\u00f1o 10.1993 &#8211; 10.1997, 1905 ccm, 64 cv<br \/>\n1.9 D, A\u00f1o 06.1994 &#8211; 10.1997, 1905 ccm, 68 cv<br \/>\n1.9 TD, A\u00f1o 10.1993 &#8211; 10.1997, 1905 ccm, 90 cv<br \/>\nCITRO\u00cbN C25 Furg\u00f3n<br \/>\n1.9 D 1400, A\u00f1o 01.1988 &#8211; 01.1994, 1905 ccm, 69 cv<br \/>\n2.5 D, A\u00f1o 11.1981 &#8211; 01.1994, 2498 ccm, 75 cv<br \/>\n2.5 DT, A\u00f1o 08.1991 &#8211; 01.1994, 2498 ccm, 95 cv<br \/>\n2.5 DT 4&#215;4, A\u00f1o 08.1991 &#8211; 01.1994, 2498 ccm, 95 cv<br \/>\nCITRO\u00cbN C25 Cami\u00f3n de plataforma\/Chasis<br \/>\n2.5 D, A\u00f1o 11.1983 &#8211; 01.1994, 2498 ccm, 75 cv<br \/>\n2.5 DT, A\u00f1o 01.1987 &#8211; 01.1994, 2498 ccm, 95 cv<br \/>\nCITRO\u00cbN Jumper I Caja \/ Chasis (230)<br \/>\n1.9 TD, A\u00f1o 03.1994 &#8211; 04.2002, 1905 ccm, 90 cv<br \/>\n1.9 TD, A\u00f1o 03.1994 &#8211; 04.2002, 1905 ccm, 92 cv<\/p>\n<p>PEUGEOT 205 I Hatchback<br \/>\n1.7 Di\u00e9sel, A\u00f1o 08.1983 &#8211; 10.1987, 1769 ccm, 60 cv<br \/>\nPEUGEOT 205 II Hatchback<br \/>\n1.7 Di\u00e9sel, A\u00f1o 07.1987 &#8211; 09.1998, 1769 ccm, 60 cv<br \/>\n1.8 TD, A\u00f1o 01.1990 &#8211; 09.1998, 1769 ccm, 78 cv<br \/>\n1.8 XDT, A\u00f1o 08.1990 &#8211; 05.1997, 1769 ccm, 79 cv<br \/>\n1.9 Di\u00e9sel, A\u00f1o 10.1987 &#8211; 09.1998, 1905 ccm, 64 cv<br \/>\n1.9 Di\u00e9sel, A\u00f1o 08.1987 &#8211; 06.1994, 1905 ccm, 69 cv<br \/>\nPEUGEOT 305 II Familiar<br \/>\n1.8 D, A\u00f1o 11.1982 &#8211; 12.1988, 1769 ccm, 60 cv<br \/>\n1.9 Di\u00e9sel, A\u00f1o 10.1982 &#8211; 12.1988, 1905 ccm, 64 cv<br \/>\n1.9 Di\u00e9sel, A\u00f1o 10.1982 &#8211; 12.1988, 1905 ccm, 65 cv<br \/>\nPEUGEOT 305 II Berlina<br \/>\n1.8 D, A\u00f1o 11.1982 &#8211; 12.1988, 1769 ccm, 60 cv<br \/>\n1.9 D, A\u00f1o 10.1982 &#8211; 07.1988, 1905 ccm, 64 cv<br \/>\n1.9 D, A\u00f1o 10.1982 &#8211; 07.1988, 1905 ccm, 65 cv<br \/>\nPEUGEOT 306 Hatchback<br \/>\n1.8 D, A\u00f1o 05.1993 &#8211; 05.2001, 1769 ccm, 58 cv<br \/>\n1.8 D, A\u00f1o 04.1993 &#8211; 05.1999, 1769 ccm, 60 cv<br \/>\n1.9 D, A\u00f1o 05.1993 &#8211; 05.2001, 1905 ccm, 64 cv<br \/>\n1.9 D, A\u00f1o 06.1994 &#8211; 05.2001, 1905 ccm, 68 cv<br \/>\n1.9 D, A\u00f1o 04.1993 &#8211; 05.1999, 1905 ccm, 69 cv<br \/>\n1.9 D, A\u00f1o 01.1993 &#8211; 12.1997, 1905 ccm, 92 cv<br \/>\n1.9 DT, A\u00f1o 05.1993 &#8211; 05.2001, 1905 ccm, 90 cv<br \/>\n1.9 Td, A\u00f1o 07.1995 &#8211; 08.2000, 1905 ccm, 71 cv<br \/>\nPEUGEOT 306 Berlina<br \/>\n1.9 D, A\u00f1o 02.1994 &#8211; 12.1997, 1905 ccm, 92 cv<br \/>\n1.9 SLD, A\u00f1o 06.1994 &#8211; 05.2001, 1905 ccm, 64 cv<br \/>\n1.9 SLD, A\u00f1o 06.1994 &#8211; 05.2001, 1905 ccm, 68 cv<br \/>\n1.9 SRDT, A\u00f1o 06.1994 &#8211; 05.2001, 1905 ccm, 90 cv<br \/>\n1.9 STD, A\u00f1o 02.1994 &#8211; 10.1995, 1905 ccm, 69 cv<br \/>\nPEUGEOT 309 I Hatchback<br \/>\n1.9 D, A\u00f1o 06.1986 &#8211; 07.1989, 1905 ccm, 64 cv<br \/>\nPEUGEOT 405 I Familiar (15E)<br \/>\n1.8 DT 4&#215;4, A\u00f1o 05.1990 &#8211; 07.1992, 1769 ccm, 90 cv<br \/>\n1.8 GLD, A\u00f1o 04.1990 &#8211; 07.1992, 1769 ccm, 60 cv<br \/>\n1.8 TD, A\u00f1o 10.1988 &#8211; 08.1992, 1769 ccm, 90 cv<br \/>\n1.9 D, A\u00f1o 10.1988 &#8211; 08.1992, 1905 ccm, 64 cv<br \/>\n1.9 D, A\u00f1o 10.1988 &#8211; 08.1992, 1905 ccm, 69 cv<br \/>\nPEUGEOT 405 II Familiar (4E)<br \/>\n1.9 D, A\u00f1o 08.1992 &#8211; 10.1996, 1905 ccm, 64 cv<br \/>\n1.9 D, A\u00f1o 06.1994 &#8211; 10.1996, 1905 ccm, 68 cv<br \/>\n1.9 D, A\u00f1o 09.1993 &#8211; 12.1995, 1905 ccm, 69 cv<br \/>\n1.9 D, A\u00f1o 08.1992 &#8211; 10.1998, 1905 ccm, 71 cv<br \/>\n1.9 TD, A\u00f1o 08.1992 &#8211; 10.1996, 1905 ccm, 90 cv<br \/>\n1.9 TD, A\u00f1o 08.1992 &#8211; 10.1996, 1905 ccm, 93 cv<br \/>\nPEUGEOT 405 I Berlina (15B)<br \/>\n1.8 D 4&#215;4, A\u00f1o 10.1987 &#8211; 07.1992, 1769 ccm, 90 cv<br \/>\n1.8 Turbodi\u00e9sel, A\u00f1o 03.1988 &#8211; 12.1992, 1769 ccm, 90 cv<br \/>\n1.9 Di\u00e9sel, A\u00f1o 07.1988 &#8211; 09.1992, 1905 ccm, 64 cv<br \/>\n1.9 Di\u00e9sel, A\u00f1o 03.1988 &#8211; 12.1992, 1905 ccm, 69 cv<br \/>\nPEUGEOT 405 II Berlina (4B)<br \/>\n1.9 D, A\u00f1o 08.1992 &#8211; 10.1995, 1905 ccm, 64 cv<br \/>\n1.9 D, A\u00f1o 06.1994 &#8211; 10.1995, 1905 ccm, 68 cv<br \/>\n1.9 D, A\u00f1o 08.1992 &#8211; 08.1994, 1905 ccm, 69 cv<br \/>\n1.9 TD, A\u00f1o 08.1992 &#8211; 10.1995, 1905 ccm, 90 cv<br \/>\n1.9 TD, A\u00f1o 08.1992 &#8211; 05.1997, 1905 ccm, 94 cv<br \/>\nPEUGEOT Boxer Bus (230)<br \/>\n1.9 D, A\u00f1o 03.1994 &#8211; 04.2002, 1905 ccm, 69 cv<br \/>\n1.9 TD, A\u00f1o 08.1994 &#8211; 04.2002, 1905 ccm, 90 cv<br \/>\n1.9 TD, A\u00f1o 03.1994 &#8211; 04.2002, 1905 ccm, 92 cv<br \/>\n1.9 TD 4&#215;4, A\u00f1o 07.1996 &#8211; 04.2002, 1905 ccm, 92 cv<br \/>\nPEUGEOT 605 Berlina<br \/>\n2.1 D, A\u00f1o 06.1989 &#8211; 07.1995, 2138 ccm, 82 cv<br \/>\n2.1 TD 12V, A\u00f1o 08.1994 &#8211; 09.1999, 2088 ccm, 109 cv<br \/>\n2.1 Turbodi\u00e9sel, A\u00f1o 06.1989 &#8211; 09.1999, 2088 ccm, 109 cv<br \/>\nPEUGEOT 406 Berlina<br \/>\n1.9 D, A\u00f1o 10.1996 &#8211; 05.2004, 1905 ccm, 75 cv<br \/>\n1.9 TD, A\u00f1o 01.1996 &#8211; 05.2004, 1905 ccm, 90 cv<br \/>\n1.9 TD, A\u00f1o 01.1996 &#8211; 05.2004, 1905 ccm, 92 cv<br \/>\n1.9 TD, A\u00f1o 10.1995 &#8211; 10.1997, 1905 ccm, 94 cv<br \/>\n2.1 TD 12V, A\u00f1o 01.1996 &#8211; 05.2004, 2088 ccm, 109 cv<br \/>\nPEUGEOT J5 Furg\u00f3n (280)<br \/>\n1.9 D, A\u00f1o 09.1987 &#8211; 08.1990, 1905 ccm, 69 cv<br \/>\nPEUGEOT J5 Cami\u00f3n de plataforma\/Chasis (290)<br \/>\n1.9 D, A\u00f1o 10.1990 &#8211; 02.1994, 1905 ccm, 70 cv<br \/>\nPEUGEOT 406 Familiar<br \/>\n1.9 D, A\u00f1o 10.1996 &#8211; 10.2004, 1905 ccm, 75 cv<br \/>\n1.9 TD, A\u00f1o 10.1996 &#8211; 10.2004, 1905 ccm, 90 cv<br \/>\n2.1 TD 12V, A\u00f1o 10.1996 &#8211; 10.2004, 2088 ccm, 109 cv<br \/>\nPEUGEOT Boxer Furg\u00f3n (230)<br \/>\n1.9 D, A\u00f1o 03.1994 &#8211; 04.2002, 1905 ccm, 69 cv<br \/>\n1.9 DT 4&#215;4, A\u00f1o 03.1996 &#8211; 09.1998, 1905 ccm, 90 cv<br \/>\n1.9 TD, A\u00f1o 03.1994 &#8211; 04.2002, 1905 ccm, 92 cv<br \/>\nPEUGEOT Partner I Furgoneta<br \/>\n1.8 D, A\u00f1o 06.1996 &#8211; 12.2002, 1769 ccm, 58 cv<br \/>\n1.8 D, A\u00f1o 11.1996 &#8211; 02.1998, 1769 ccm, 60 cv<br \/>\n1.9 D, A\u00f1o 06.1996 &#8211; 12.1998, 1905 ccm, 68 cv<br \/>\n1.9 D, A\u00f1o 06.1996 &#8211; 12.2002, 1905 ccm, 69 cv<br \/>\nPEUGEOT Partner I Combispace<br \/>\n1.9 D, A\u00f1o 06.1996 &#8211; 12.2002, 1905 ccm, 68 cv<br \/>\n1.9 D, A\u00f1o 05.1996 &#8211; 12.1998, 1905 ccm, 69 cv<br \/>\nPEUGEOT J5 Bus (290)<br \/>\n1.9 D, A\u00f1o 10.1990 &#8211; 02.1994, 1905 ccm, 70 cv<br \/>\nPEUGEOT J5 Cami\u00f3n de plataforma\/Chasis (280)<br \/>\n1.9 D, A\u00f1o 09.1987 &#8211; 08.1990, 1905 ccm, 69 cv<br \/>\nPEUGEOT J5 Furg\u00f3n (290)<br \/>\n1.9 D, A\u00f1o 10.1990 &#8211; 03.1994, 1905 ccm, 70 cv<br \/>\nPEUGEOT 309 II Hatchback<br \/>\n1.8 D, A\u00f1o 10.1991 &#8211; 10.1993, 1769 ccm, 58 cv<br \/>\n1.8 Di\u00e9sel, A\u00f1o 07.1989 &#8211; 12.1993, 1769 ccm, 60 cv<br \/>\n1.8 TD, A\u00f1o 08.1989 &#8211; 12.1993, 1769 ccm, 78 cv<br \/>\n1.9 D, A\u00f1o 09.1989 &#8211; 10.1993, 1905 ccm, 68 cv<br \/>\n1.9 Di\u00e9sel, A\u00f1o 07.1989 &#8211; 12.1993, 1905 ccm, 64 cv<br \/>\nPEUGEOT 306 Familiar<br \/>\n1.9 TD, A\u00f1o 02.1997 &#8211; 04.2002, 1905 ccm, 90 cv<br \/>\nPEUGEOT Boxer Cami\u00f3n de plataforma\/Chasis (230)<br \/>\n1.9 TD, A\u00f1o 06.1994 &#8211; 04.2002, 1905 ccm, 90 cv<br \/>\n1.9 TD, A\u00f1o 07.1994 &#8211; 04.2002, 1905 ccm, 92 cv<br \/>\nPEUGEOT 205 F Furgoneta<br \/>\n1.7 Di\u00e9sel, A\u00f1o 03.1994 &#8211; 05.1997, 1769 ccm, 60 cv<br \/>\nPEUGEOT 205 XA\/XAD Furgoneta<br \/>\n1.8 D, A\u00f1o 02.1983 &#8211; 07.1990, 1769 ccm, 60 cv<br \/>\nPEUGEOT 306 Furg\u00f3n \/ Hatchback<br \/>\n1.8 D, A\u00f1o 04.1993 &#8211; 05.1999, 1769 ccm, 60 cv<br \/>\n1.9 STD, A\u00f1o 02.1994 &#8211; 10.1995, 1905 ccm, 69 cv<\/p>\n<p>LA PIEZA ES NUEVA Y ORIGINAL.<\/p>\n","protected":false},"excerpt":{"rendered":"<p>Portaescobillas del motor de arranque BOSCH de: FIAT Regata Berlina (138) 1.7 Di\u00e9sel 60, A\u00f1o 05.1985 &#8211; 03.1989, 1698 ccm, 60 cv FIAT Regata Weekend 1.7 Di\u00e9sel 60, A\u00f1o 01.1984 &#8211; 12.1989, 1698 ccm, 60 cv FIAT Ritmo I Hatchback (138) 1.7 Diesel, A\u00f1o 05.1985 &#8211; 12.1987, 1698 ccm, 60 cv FIAT Tipo Hatchback (160) [&hellip;]<\/p>\n","protected":false},"featured_media":95070,"template":"","meta":{"_seopress_robots_primary_cat":"","_seopress_titles_title":"","_seopress_titles_desc":"","_seopress_robots_index":""},"product_cat":[235,194,147,149,150,151,203,155,130,132,23,89,20,91,157,137,21,158,24,122,102,103,112,114,140,141,143,144],"product_tag":[],"class_list":{"0":"post-95069","1":"product","2":"type-product","3":"status-publish","4":"has-post-thumbnail","6":"product_cat-recambios-peugeot-205","7":"product_cat-recambios-peugeot-305","8":"product_cat-recambios-peugeot-306","9":"product_cat-recambios-peugeot-309","10":"product_cat-recambios-peugeot-405","11":"product_cat-recambios-peugeot-406","12":"product_cat-recambios-peugeot-605","13":"product_cat-recambios-peugeot-boxer","14":"product_cat-recambios-citroen-bx","15":"product_cat-recambios-citroen-c25","16":"product_cat-recambios-citroen","17":"product_cat-recambios-fiat-duna","18":"product_cat-recambios-fiat","19":"product_cat-recambios-fiat-fiorino","20":"product_cat-recambios-peugeot-j5","21":"product_cat-recambios-citroen-jumper","22":"product_cat-recambios-lancia","23":"product_cat-recambios-peugeot-partner","24":"product_cat-recambios-peugeot","25":"product_cat-recambios-lancia-phedra","26":"product_cat-recambios-fiat-regata","27":"product_cat-recambios-fiat-ritmo","28":"product_cat-recambios-fiat-tipo","29":"product_cat-recambios-fiat-uno","30":"product_cat-recambios-citroen-visa","31":"product_cat-recambios-citroen-xantia","32":"product_cat-recambios-citroen-xsara","33":"product_cat-recambios-citroen-zx","35":"first","36":"instock","37":"taxable","38":"shipping-taxable","39":"purchasable","40":"product-type-simple"},"_links":{"self":[{"href":"https:\/\/galicianparts.com\/shop\/wp-json\/wp\/v2\/product\/95069"}],"collection":[{"href":"https:\/\/galicianparts.com\/shop\/wp-json\/wp\/v2\/product"}],"about":[{"href":"https:\/\/galicianparts.com\/shop\/wp-json\/wp\/v2\/types\/product"}],"wp:featuredmedia":[{"embeddable":true,"href":"https:\/\/galicianparts.com\/shop\/wp-json\/wp\/v2\/media\/95070"}],"wp:attachment":[{"href":"https:\/\/galicianparts.com\/shop\/wp-json\/wp\/v2\/media?parent=95069"}],"wp:term":[{"taxonomy":"product_cat","embeddable":true,"href":"https:\/\/galicianparts.com\/shop\/wp-json\/wp\/v2\/product_cat?post=95069"},{"taxonomy":"product_tag","embeddable":true,"href":"https:\/\/galicianparts.com\/shop\/wp-json\/wp\/v2\/product_tag?post=95069"}],"curies":[{"name":"wp","href":"https:\/\/api.w.org\/{rel}","templated":true}]}}