{"id":95718,"date":"2025-04-04T09:50:19","date_gmt":"2025-04-04T07:50:19","guid":{"rendered":"https:\/\/galicianparts.com\/shop\/producto\/98419244-pinon-inferior-distribucion-m-2-5d-fiat-ducato-90-94-citroen-c25-peugeot-j5-original\/"},"modified":"2025-08-14T09:12:37","modified_gmt":"2025-08-14T07:12:37","slug":"98419244-pinon-inferior-distribucion-m-2-5d-fiat-ducato-90-94-citroen-c25-peugeot-j5-original","status":"publish","type":"product","link":"https:\/\/galicianparts.com\/shop\/producto\/98419244-pinon-inferior-distribucion-m-2-5d-fiat-ducato-90-94-citroen-c25-peugeot-j5-original\/","title":{"rendered":"98419244 Pi\u00f1\u00f3n inferior distribuci\u00f3n M 2.5D Fiat Ducato (90-94) Citroen C25 \/Peugeot J5 ORIGINAL"},"content":{"rendered":"<p>Engranaje del cig\u00fce\u00f1al de la correa dentada de:<br \/>\nDi\u00e1metro exterior: 68mm.<br \/>\nDi\u00e1metro interior: 37mm.<br \/>\nAncho: 46.4mm.<br \/>\nN\u00famero dientes: 23<\/p>\n<p>FIAT PROFESSIONAL &#8211; ND DUCATO 4X4 R.90 (1990-1994) 2500 DIESEL<br \/>\nFIAT PROFESSIONAL &#8211; NA NUOVO DUCATO DS.R.90 (1990-1994) 2500<br \/>\nCITROEN C25 &#8211; 2500 DIESEL<br \/>\nPEUGEOT J5 &#8211; 2500 DIESEL<\/p>\n<p>LA PIEZA ES NUEVA Y ORIGINAL.<\/p>\n","protected":false},"excerpt":{"rendered":"<p>Engranaje del cig\u00fce\u00f1al de la correa dentada de: Di\u00e1metro exterior: 68mm. Di\u00e1metro interior: 37mm. Ancho: 46.4mm. N\u00famero dientes: 23 FIAT PROFESSIONAL &#8211; ND DUCATO 4X4 R.90 (1990-1994) 2500 DIESEL FIAT PROFESSIONAL &#8211; NA NUOVO DUCATO DS.R.90 (1990-1994) 2500 CITROEN C25 &#8211; 2500 DIESEL PEUGEOT J5 &#8211; 2500 DIESEL LA PIEZA ES NUEVA Y ORIGINAL.<\/p>\n","protected":false},"featured_media":95720,"template":"","meta":{"_seopress_robots_primary_cat":"","_seopress_titles_title":"","_seopress_titles_desc":"","_seopress_robots_index":""},"product_cat":[132,23,88,20,157,24],"product_tag":[],"class_list":{"0":"post-95718","1":"product","2":"type-product","3":"status-publish","4":"has-post-thumbnail","6":"product_cat-recambios-citroen-c25","7":"product_cat-recambios-citroen","8":"product_cat-recambios-fiat-ducato","9":"product_cat-recambios-fiat","10":"product_cat-recambios-peugeot-j5","11":"product_cat-recambios-peugeot","13":"first","14":"outofstock","15":"taxable","16":"shipping-taxable","17":"purchasable","18":"product-type-simple"},"_links":{"self":[{"href":"https:\/\/galicianparts.com\/shop\/wp-json\/wp\/v2\/product\/95718"}],"collection":[{"href":"https:\/\/galicianparts.com\/shop\/wp-json\/wp\/v2\/product"}],"about":[{"href":"https:\/\/galicianparts.com\/shop\/wp-json\/wp\/v2\/types\/product"}],"wp:featuredmedia":[{"embeddable":true,"href":"https:\/\/galicianparts.com\/shop\/wp-json\/wp\/v2\/media\/95720"}],"wp:attachment":[{"href":"https:\/\/galicianparts.com\/shop\/wp-json\/wp\/v2\/media?parent=95718"}],"wp:term":[{"taxonomy":"product_cat","embeddable":true,"href":"https:\/\/galicianparts.com\/shop\/wp-json\/wp\/v2\/product_cat?post=95718"},{"taxonomy":"product_tag","embeddable":true,"href":"https:\/\/galicianparts.com\/shop\/wp-json\/wp\/v2\/product_tag?post=95718"}],"curies":[{"name":"wp","href":"https:\/\/api.w.org\/{rel}","templated":true}]}}