{"id":96249,"date":"2025-05-07T11:22:46","date_gmt":"2025-05-07T09:22:46","guid":{"rendered":"https:\/\/galicianparts.com\/shop\/producto\/7729198-latiguillo-pinza-freno-delantero-lancia-delta-hpe-dedra-fiat-coupe-original\/"},"modified":"2025-05-07T11:28:48","modified_gmt":"2025-05-07T09:28:48","slug":"7729198-latiguillo-pinza-freno-delantero-lancia-delta-hpe-dedra-fiat-coupe-original","status":"publish","type":"product","link":"https:\/\/galicianparts.com\/shop\/producto\/7729198-latiguillo-pinza-freno-delantero-lancia-delta-hpe-dedra-fiat-coupe-original\/","title":{"rendered":"7729198 Latiguillo pinza freno delantero Lancia Delta HPE \/Dedra \/Fiat Coupe ORIGINAL"},"content":{"rendered":"<p>Tubo de freno de la ruedas delanteras de:<br \/>\nM\u00e9trica macho: 10\u00d71<br \/>\nM\u00e9trica hembra: 10\u00d71<br \/>\nLargo: 439 mm<\/p>\n<p>FIAT &#8211; PC COUPE&#8217; (1994-1996) 2000 ASPIRATO \/ 2000 TURBO \/ 2000 ASP.(BRASILE)<br \/>\nLANCIA &#8211; SN DEDRA FL.94 T.DS (1994-1999)<br \/>\nLANCIA &#8211; SG N.DELTA 2.0 -1750 132CV (&#8217;93-&#8217;99) 2000 16V ASP. \/ 1750 16V 132CV<br \/>\nLANCIA &#8211; SG N.DELTA 2.0 -1750 132CV (&#8217;93-&#8217;99) 2000 16V ASP. \/ 2000 16V TB USA 83 \/ 2000 16V TB CEE F2<br \/>\nLANCIA &#8211; SQ N.DELTA TB\/DS (1994-1999)<\/p>\n<p>LA PIEZA ES NUEVA Y ORIGINAL.<\/p>\n","protected":false},"excerpt":{"rendered":"<p>Tubo de freno de la ruedas delanteras de: M\u00e9trica macho: 10\u00d71 M\u00e9trica hembra: 10\u00d71 Largo: 439 mm FIAT &#8211; PC COUPE&#8217; (1994-1996) 2000 ASPIRATO \/ 2000 TURBO \/ 2000 ASP.(BRASILE) LANCIA &#8211; SN DEDRA FL.94 T.DS (1994-1999) LANCIA &#8211; SG N.DELTA 2.0 -1750 132CV (&#8217;93-&#8217;99) 2000 16V ASP. \/ 1750 16V 132CV LANCIA &#8211; SG [&hellip;]<\/p>\n","protected":false},"featured_media":96252,"template":"","meta":{"_seopress_robots_primary_cat":"","_seopress_titles_title":"","_seopress_titles_desc":"","_seopress_robots_index":""},"product_cat":[85,117,118,20,21],"product_tag":[],"class_list":{"0":"post-96249","1":"product","2":"type-product","3":"status-publish","4":"has-post-thumbnail","6":"product_cat-recambios-fiat-coupe","7":"product_cat-recambios-lancia-dedra","8":"product_cat-recambios-lancia-delta","9":"product_cat-recambios-fiat","10":"product_cat-recambios-lancia","12":"first","13":"instock","14":"taxable","15":"shipping-taxable","16":"purchasable","17":"product-type-simple"},"_links":{"self":[{"href":"https:\/\/galicianparts.com\/shop\/wp-json\/wp\/v2\/product\/96249"}],"collection":[{"href":"https:\/\/galicianparts.com\/shop\/wp-json\/wp\/v2\/product"}],"about":[{"href":"https:\/\/galicianparts.com\/shop\/wp-json\/wp\/v2\/types\/product"}],"wp:featuredmedia":[{"embeddable":true,"href":"https:\/\/galicianparts.com\/shop\/wp-json\/wp\/v2\/media\/96252"}],"wp:attachment":[{"href":"https:\/\/galicianparts.com\/shop\/wp-json\/wp\/v2\/media?parent=96249"}],"wp:term":[{"taxonomy":"product_cat","embeddable":true,"href":"https:\/\/galicianparts.com\/shop\/wp-json\/wp\/v2\/product_cat?post=96249"},{"taxonomy":"product_tag","embeddable":true,"href":"https:\/\/galicianparts.com\/shop\/wp-json\/wp\/v2\/product_tag?post=96249"}],"curies":[{"name":"wp","href":"https:\/\/api.w.org\/{rel}","templated":true}]}}