{"id":96301,"date":"2025-05-08T11:05:38","date_gmt":"2025-05-08T09:05:38","guid":{"rendered":"https:\/\/galicianparts.com\/shop\/producto\/11278891-racor-diferencial-delantero-lancia-delta-evo-integrale-fiat-alfa-original\/"},"modified":"2025-07-17T14:38:31","modified_gmt":"2025-07-17T12:38:31","slug":"11278891-racor-diferencial-delantero-lancia-delta-evo-integrale-fiat-alfa-original","status":"publish","type":"product","link":"https:\/\/galicianparts.com\/shop\/producto\/11278891-racor-diferencial-delantero-lancia-delta-evo-integrale-fiat-alfa-original\/","title":{"rendered":"11278891 Racor diferencial delantero Lancia Delta Evo \/Integrale \/Fiat \/Alfa ORIGINAL"},"content":{"rendered":"<p>Boquilla del diferencial de la transmisi\u00f3n delantera de:<br \/>\nDi\u00e1metro interior 1: 12mm<br \/>\nDi\u00e1metro interior 2: 9mm<br \/>\nLargo: 43mm<\/p>\n<p>FIAT &#8211; MW TEMPRA 1750-2000 (1989-1993) S.W. 4X4<br \/>\nFIAT &#8211; NZ TEMPRA MAQ.93 1750-2000 (&#8217;93-&#8217;96) S.W.4X4 SX \/ S.W. 4X4 SLX<br \/>\nALFA ROMEO &#8211; U6 155 TURBO BZ-DS (1992-1996) 2000 TB\/BZ 4X4<br \/>\nALFA ROMEO &#8211; X1 156 M.Y.2002 BZ\/DS (2001-2005) 1910\u00a0JTD\u00a0CF3\u00a016V\u00a0150CV\/110KW\u00a04X4 \/ 1910\u00a0JTD\u00a0CF4\u00a016V\u00a0150CV\/110KW\u00a04X4<br \/>\nLANCIA &#8211; SM DEDRA FL.94 1750-2.0 (1994-1999) S.W. LS 4X4<br \/>\nLANCIA &#8211; RJ DEDRA IE.TB.INTEGRALE (1990-1994)  2000 4WD \/ 2000 4WD USA&#8217;83<br \/>\nLANCIA &#8211; RT DELTA 4WD (1986-1991)<br \/>\nLANCIA &#8211; SA DELTA EVOLUZIONE (1991-1994)<\/p>\n<p>Racor de los gases de escape de:<br \/>\nFIAT &#8211; NV PUNTO 55-60-75-90 (1993-1997) 1.6 MPI<br \/>\nFIAT &#8211; PF PUNTO CABRIO (1994-1997) 1580 MPI<br \/>\nFIAT &#8211; NY TEMPRA MAQ.93 1370-1580 (&#8217;93-&#8217;96) 1580 MPI \u00abGM\u00bb<br \/>\nLANCIA &#8211; SL DEDRA FL.94 1580-1750 8\/16V 2000 (1994-1999) 1580 MPI 8V<\/p>\n<p>Racor del latiguillo de la cremallera de direcci\u00f3n de:<br \/>\nFIAT PROFESSIONAL &#8211; PD DUCATO &#8217;94 BENZINA (1994-2002)<br \/>\nFIAT PROFESSIONAL &#8211; ND DUCATO 4X4 R.90 (1990-1994) 2500 DIESEL \/ 2500 TURBO DIESEL<br \/>\nFIAT PROFESSIONAL &#8211; ND DUCATO 4X4 R.90 (1990-1994) 2000 BENZINA<br \/>\nFIAT PROFESSIONAL &#8211; PE DUCATO&#8217;94 DIESEL (1994-2002) 1930 DS \/ 1930 TD \/ 1930 TD CAT \/ 1905 W3 \/ 1905 TD W3<br \/>\nFIAT PROFESSIONAL &#8211; PE DUCATO&#8217;94 DIESEL (1994-2002) CONDUCCION\u00a0A DERECHA \/ 2500 DS \/ 2500 TD \/ 2500 TD EGR \/ 2500 TD ECO \/ 2800 TD \/ 2800 TD EGR \/ 2800 ASP.<br \/>\nFIAT PROFESSIONAL &#8211; PE DUCATO&#8217;94 DIESEL (1994-2002) CONDUCCION A\u00a0IZQUIERDA \/ 2500 DS \/ 2500 TD \/ 2500 TD EGR \/ 2500 TD ECO \/ 2800 TD \/ 2800 TD EGR \/ 2800 ASP.<br \/>\nFIAT PROFESSIONAL &#8211; PE DUCATO&#8217;94 DIESEL (1994-2002) CONDUCCION\u00a0A DERECHA \/ 2800 JTD \/ 2800 JTD EGR<br \/>\nFIAT PROFESSIONAL &#8211; NB NUOVO DUCATO BZ R.90 (1990-1994)<br \/>\nFIAT PROFESSIONAL &#8211; NA NUOVO DUCATO DS.R.90 (1990-1994) 2500 \/ 2500 TURBO<br \/>\nCITROEN &#8211; C25 SEGUNDA SERIE<br \/>\nCITROEN &#8211; JUMPER<br \/>\nPEUGEOT &#8211; J5<br \/>\nPEUGEOT &#8211; BOXER<\/p>\n<p>LA PIEZA ES NUEVA Y ORIGINAL.<\/p>\n","protected":false},"excerpt":{"rendered":"<p>Boquilla del diferencial de la transmisi\u00f3n delantera de: Di\u00e1metro interior 1: 12mm Di\u00e1metro interior 2: 9mm Largo: 43mm FIAT &#8211; MW TEMPRA 1750-2000 (1989-1993) S.W. 4X4 FIAT &#8211; NZ TEMPRA MAQ.93 1750-2000 (&#8217;93-&#8217;96) S.W.4X4 SX \/ S.W. 4X4 SLX ALFA ROMEO &#8211; U6 155 TURBO BZ-DS (1992-1996) 2000 TB\/BZ 4X4 ALFA ROMEO &#8211; X1 156 [&hellip;]<\/p>\n","protected":false},"featured_media":96303,"template":"","meta":{"_seopress_robots_primary_cat":"","_seopress_titles_title":"","_seopress_titles_desc":"","_seopress_robots_index":""},"product_cat":[48,49,16,155,132,23,117,118,88,20,157,137,21,24,101,111],"product_tag":[],"class_list":{"0":"post-96301","1":"product","2":"type-product","3":"status-publish","4":"has-post-thumbnail","6":"product_cat-recambios-alfa-romeo-155","7":"product_cat-recambios-alfa-romeo-156","8":"product_cat-recambios-alfa-romeo","9":"product_cat-recambios-peugeot-boxer","10":"product_cat-recambios-citroen-c25","11":"product_cat-recambios-citroen","12":"product_cat-recambios-lancia-dedra","13":"product_cat-recambios-lancia-delta","14":"product_cat-recambios-fiat-ducato","15":"product_cat-recambios-fiat","16":"product_cat-recambios-peugeot-j5","17":"product_cat-recambios-citroen-jumper","18":"product_cat-recambios-lancia","19":"product_cat-recambios-peugeot","20":"product_cat-recambios-fiat-punto","21":"product_cat-recambios-fiat-tempra","23":"first","24":"outofstock","25":"taxable","26":"shipping-taxable","27":"purchasable","28":"product-type-simple"},"_links":{"self":[{"href":"https:\/\/galicianparts.com\/shop\/wp-json\/wp\/v2\/product\/96301"}],"collection":[{"href":"https:\/\/galicianparts.com\/shop\/wp-json\/wp\/v2\/product"}],"about":[{"href":"https:\/\/galicianparts.com\/shop\/wp-json\/wp\/v2\/types\/product"}],"wp:featuredmedia":[{"embeddable":true,"href":"https:\/\/galicianparts.com\/shop\/wp-json\/wp\/v2\/media\/96303"}],"wp:attachment":[{"href":"https:\/\/galicianparts.com\/shop\/wp-json\/wp\/v2\/media?parent=96301"}],"wp:term":[{"taxonomy":"product_cat","embeddable":true,"href":"https:\/\/galicianparts.com\/shop\/wp-json\/wp\/v2\/product_cat?post=96301"},{"taxonomy":"product_tag","embeddable":true,"href":"https:\/\/galicianparts.com\/shop\/wp-json\/wp\/v2\/product_tag?post=96301"}],"curies":[{"name":"wp","href":"https:\/\/api.w.org\/{rel}","templated":true}]}}