{"id":96537,"date":"2025-05-20T11:02:01","date_gmt":"2025-05-20T09:02:01","guid":{"rendered":"https:\/\/galicianparts.com\/shop\/producto\/7599269-casquillo-sp-2141-palier-fiat-ducato-citroen-peugeot-nuevo-original\/"},"modified":"2025-05-20T11:05:56","modified_gmt":"2025-05-20T09:05:56","slug":"7599269-casquillo-sp-2141-palier-fiat-ducato-citroen-peugeot-nuevo-original","status":"publish","type":"product","link":"https:\/\/galicianparts.com\/shop\/producto\/7599269-casquillo-sp-2141-palier-fiat-ducato-citroen-peugeot-nuevo-original\/","title":{"rendered":"7599269 Casquillo SP 21,41 palier Fiat Ducato \/Citroen \/Peugeot NUEVO ORIGINAL"},"content":{"rendered":"<p>Casquillo del eje de transmisi\u00f3n de:<br \/>\nAltura: 21,41<br \/>\nDi\u00e1metro exterior: 57mm<br \/>\nDi\u00e1metro interior: 50mm<\/p>\n<p>FIAT PROFESSIONAL &#8211; PD DUCATO &#8217;94 BENZINA (1994-2002) CON CAPACIDAD 10Q \/ CON CAPACIDAD 14Q<br \/>\nFIAT PROFESSIONAL &#8211; PD DUCATO &#8217;94 BENZINA (1994-2002) FURGON 4X4 \/ PANORAMA 4X4 \/ COMBINATO 4X4 \/ AMBULANCIA 4X4 \/ COCHE VITRINA 4 X 4<br \/>\nFIAT PROFESSIONAL &#8211; ND DUCATO 4X4 R.90 (1990-1994)<br \/>\nFIAT PROFESSIONAL &#8211; PE DUCATO&#8217;94 DIESEL (1994-2002) CON CAPACIDAD 10Q \/ CON CAPACIDAD 14Q<br \/>\nFIAT PROFESSIONAL &#8211; PE DUCATO&#8217;94 DIESEL (1994-2002) CAMBIO AUTOMATICO<br \/>\nFIAT PROFESSIONAL &#8211; PE DUCATO&#8217;94 DIESEL (1994-2002) FURGON 4X4 \/ CHASIS-CABINA 4X4 \/ COCHE VITRINA 4 X 4<br \/>\nFIAT PROFESSIONAL &#8211; NB NUOVO DUCATO BZ R.90 (1990-1994)<br \/>\nFIAT PROFESSIONAL &#8211; NA NUOVO DUCATO DS.R.90 (1990-1994)<br \/>\nFIAT PROFESSIONAL &#8211; NC TALENTO R.90 (1990-1994)<br \/>\nCITROEN &#8211; C25 SEGUNDA SERIE<br \/>\nCITROEN &#8211; JUMPER<br \/>\nPEUGEOT &#8211; J5<br \/>\nPEUGEOT &#8211; BOXER<\/p>\n<p>LA PIEZA ES NUEVA Y ORIGINAL.<\/p>\n","protected":false},"excerpt":{"rendered":"<p>Casquillo del eje de transmisi\u00f3n de: Altura: 21,41 Di\u00e1metro exterior: 57mm Di\u00e1metro interior: 50mm FIAT PROFESSIONAL &#8211; PD DUCATO &#8217;94 BENZINA (1994-2002) CON CAPACIDAD 10Q \/ CON CAPACIDAD 14Q FIAT PROFESSIONAL &#8211; PD DUCATO &#8217;94 BENZINA (1994-2002) FURGON 4X4 \/ PANORAMA 4X4 \/ COMBINATO 4X4 \/ AMBULANCIA 4X4 \/ COCHE VITRINA 4 X 4 FIAT [&hellip;]<\/p>\n","protected":false},"featured_media":96540,"template":"","meta":{"_seopress_robots_primary_cat":"","_seopress_titles_title":"","_seopress_titles_desc":"","_seopress_robots_index":""},"product_cat":[155,132,23,88,20,157,137,24,110],"product_tag":[],"class_list":{"0":"post-96537","1":"product","2":"type-product","3":"status-publish","4":"has-post-thumbnail","6":"product_cat-recambios-peugeot-boxer","7":"product_cat-recambios-citroen-c25","8":"product_cat-recambios-citroen","9":"product_cat-recambios-fiat-ducato","10":"product_cat-recambios-fiat","11":"product_cat-recambios-peugeot-j5","12":"product_cat-recambios-citroen-jumper","13":"product_cat-recambios-peugeot","14":"product_cat-recambios-fiat-talento","16":"first","17":"instock","18":"taxable","19":"shipping-taxable","20":"purchasable","21":"product-type-simple"},"_links":{"self":[{"href":"https:\/\/galicianparts.com\/shop\/wp-json\/wp\/v2\/product\/96537"}],"collection":[{"href":"https:\/\/galicianparts.com\/shop\/wp-json\/wp\/v2\/product"}],"about":[{"href":"https:\/\/galicianparts.com\/shop\/wp-json\/wp\/v2\/types\/product"}],"wp:featuredmedia":[{"embeddable":true,"href":"https:\/\/galicianparts.com\/shop\/wp-json\/wp\/v2\/media\/96540"}],"wp:attachment":[{"href":"https:\/\/galicianparts.com\/shop\/wp-json\/wp\/v2\/media?parent=96537"}],"wp:term":[{"taxonomy":"product_cat","embeddable":true,"href":"https:\/\/galicianparts.com\/shop\/wp-json\/wp\/v2\/product_cat?post=96537"},{"taxonomy":"product_tag","embeddable":true,"href":"https:\/\/galicianparts.com\/shop\/wp-json\/wp\/v2\/product_tag?post=96537"}],"curies":[{"name":"wp","href":"https:\/\/api.w.org\/{rel}","templated":true}]}}