{"id":96711,"date":"2025-05-23T10:29:11","date_gmt":"2025-05-23T08:29:11","guid":{"rendered":"https:\/\/galicianparts.com\/shop\/producto\/1491438080-muelle-pedal-embrague-fiat-scudo-2-0-volante-der-2004-2006-original\/"},"modified":"2025-10-07T11:03:37","modified_gmt":"2025-10-07T09:03:37","slug":"1491438080-muelle-pedal-embrague-fiat-scudo-2-0-volante-der-2004-2006-original","status":"publish","type":"product","link":"https:\/\/galicianparts.com\/shop\/producto\/1491438080-muelle-pedal-embrague-fiat-scudo-2-0-volante-der-2004-2006-original\/","title":{"rendered":"1491438080 Muelle pedal embrague Fiat Scudo 2.0 volante der (2004-2006) ORIGINAL"},"content":{"rendered":"<p>Resorte del bomb\u00edn el pedal del embrague de:<br \/>\nLargo: 86mm<br \/>\nDi\u00e1metro exterior: 23mm<br \/>\nDi\u00e1metro interior: 17.5mm<\/p>\n<p>FIAT PROFESSIONAL &#8211; 2X SCUDO FL.2004 (2004-2006) 2000 BZ 16V CEE F3 \/ CONDUCCION\u00a0A DERECHA<\/p>\n<p>LA PIEZA ES NUEVA Y ORIGINAL.<\/p>\n","protected":false},"excerpt":{"rendered":"<p>Resorte del bomb\u00edn el pedal del embrague de: Largo: 86mm Di\u00e1metro exterior: 23mm Di\u00e1metro interior: 17.5mm FIAT PROFESSIONAL &#8211; 2X SCUDO FL.2004 (2004-2006) 2000 BZ 16V CEE F3 \/ CONDUCCION\u00a0A DERECHA LA PIEZA ES NUEVA Y ORIGINAL.<\/p>\n","protected":false},"featured_media":96713,"template":"","meta":{"_seopress_robots_primary_cat":"","_seopress_titles_title":"","_seopress_titles_desc":"","_seopress_robots_index":""},"product_cat":[20,104],"product_tag":[],"class_list":{"0":"post-96711","1":"product","2":"type-product","3":"status-publish","4":"has-post-thumbnail","6":"product_cat-recambios-fiat","7":"product_cat-recambios-fiat-scudo","9":"first","10":"outofstock","11":"taxable","12":"shipping-taxable","13":"purchasable","14":"product-type-simple"},"_links":{"self":[{"href":"https:\/\/galicianparts.com\/shop\/wp-json\/wp\/v2\/product\/96711"}],"collection":[{"href":"https:\/\/galicianparts.com\/shop\/wp-json\/wp\/v2\/product"}],"about":[{"href":"https:\/\/galicianparts.com\/shop\/wp-json\/wp\/v2\/types\/product"}],"wp:featuredmedia":[{"embeddable":true,"href":"https:\/\/galicianparts.com\/shop\/wp-json\/wp\/v2\/media\/96713"}],"wp:attachment":[{"href":"https:\/\/galicianparts.com\/shop\/wp-json\/wp\/v2\/media?parent=96711"}],"wp:term":[{"taxonomy":"product_cat","embeddable":true,"href":"https:\/\/galicianparts.com\/shop\/wp-json\/wp\/v2\/product_cat?post=96711"},{"taxonomy":"product_tag","embeddable":true,"href":"https:\/\/galicianparts.com\/shop\/wp-json\/wp\/v2\/product_tag?post=96711"}],"curies":[{"name":"wp","href":"https:\/\/api.w.org\/{rel}","templated":true}]}}