{"id":97290,"date":"2025-06-06T12:42:24","date_gmt":"2025-06-06T10:42:24","guid":{"rendered":"https:\/\/galicianparts.com\/shop\/producto\/46479330-cableado-electrico-ventilador-radiador-fiast-punto-lancia-ypsilon-original\/"},"modified":"2025-12-30T13:29:52","modified_gmt":"2025-12-30T11:29:52","slug":"46479330-cableado-electrico-ventilador-radiador-fiast-punto-lancia-ypsilon-original","status":"publish","type":"product","link":"https:\/\/galicianparts.com\/shop\/producto\/46479330-cableado-electrico-ventilador-radiador-fiast-punto-lancia-ypsilon-original\/","title":{"rendered":"46479330 Cableado el\u00e9ctrico ventilador radiador Fiat Punto \/Lancia Ypsilon ORIGINAL"},"content":{"rendered":"<p>Instalaci\u00f3n el\u00e9ctrica del electroventilador del radiador de refrigeraci\u00f3n del motor de:<br \/>\nFIAT &#8211; 1A PUNTO BZ. GAMMA &#8217;97 (1997-1999) 1108 SPI CF2 \/ 1242 SPI \/ AIRE ACONDICIONADO<br \/>\nLANCIA &#8211; SU Y (1995-2000) 1108 SPI \/ AIRE ACONDICIONADO<br \/>\nLANCIA &#8211; SU Y (1995-2000) 1242 SPI 8V \/ AIRE ACONDICIONADO<\/p>\n<p>LA PIEZA ES NUEVA Y ORIGINAL.<\/p>\n","protected":false},"excerpt":{"rendered":"<p>Instalaci\u00f3n el\u00e9ctrica del electroventilador del radiador de refrigeraci\u00f3n del motor de: FIAT &#8211; 1A PUNTO BZ. GAMMA &#8217;97 (1997-1999) 1108 SPI CF2 \/ 1242 SPI \/ AIRE ACONDICIONADO LANCIA &#8211; SU Y (1995-2000) 1108 SPI \/ AIRE ACONDICIONADO LANCIA &#8211; SU Y (1995-2000) 1242 SPI 8V \/ AIRE ACONDICIONADO LA PIEZA ES NUEVA Y ORIGINAL.<\/p>\n","protected":false},"featured_media":97296,"template":"","meta":{"_seopress_robots_primary_cat":"","_seopress_titles_title":"","_seopress_titles_desc":"","_seopress_robots_index":""},"product_cat":[20,21,101,127],"product_tag":[],"class_list":{"0":"post-97290","1":"product","2":"type-product","3":"status-publish","4":"has-post-thumbnail","6":"product_cat-recambios-fiat","7":"product_cat-recambios-lancia","8":"product_cat-recambios-fiat-punto","9":"product_cat-recambios-lancia-ypsilon","11":"first","12":"outofstock","13":"taxable","14":"shipping-taxable","15":"purchasable","16":"product-type-simple"},"_links":{"self":[{"href":"https:\/\/galicianparts.com\/shop\/wp-json\/wp\/v2\/product\/97290"}],"collection":[{"href":"https:\/\/galicianparts.com\/shop\/wp-json\/wp\/v2\/product"}],"about":[{"href":"https:\/\/galicianparts.com\/shop\/wp-json\/wp\/v2\/types\/product"}],"wp:featuredmedia":[{"embeddable":true,"href":"https:\/\/galicianparts.com\/shop\/wp-json\/wp\/v2\/media\/97296"}],"wp:attachment":[{"href":"https:\/\/galicianparts.com\/shop\/wp-json\/wp\/v2\/media?parent=97290"}],"wp:term":[{"taxonomy":"product_cat","embeddable":true,"href":"https:\/\/galicianparts.com\/shop\/wp-json\/wp\/v2\/product_cat?post=97290"},{"taxonomy":"product_tag","embeddable":true,"href":"https:\/\/galicianparts.com\/shop\/wp-json\/wp\/v2\/product_tag?post=97290"}],"curies":[{"name":"wp","href":"https:\/\/api.w.org\/{rel}","templated":true}]}}