{"id":97728,"date":"2025-06-19T12:05:51","date_gmt":"2025-06-19T10:05:51","guid":{"rendered":"https:\/\/galicianparts.com\/shop\/producto\/60809947-boton-espejos-electricos-fiat-ducato-1994-2002-nuevo-original\/"},"modified":"2025-06-29T16:49:15","modified_gmt":"2025-06-29T14:49:15","slug":"60809947-boton-espejos-electricos-fiat-ducato-1994-2002-nuevo-original","status":"publish","type":"product","link":"https:\/\/galicianparts.com\/shop\/producto\/60809947-boton-espejos-electricos-fiat-ducato-1994-2002-nuevo-original\/","title":{"rendered":"60809947 Bot\u00f3n espejos el\u00e9ctricos Fiat Ducato (1994-2002) NUEVO ORIGINAL"},"content":{"rendered":"<p>Interruptor, mando de regulaci\u00f3n de los espejos retrovisores el\u00e9ctricos de:<br \/>\nFIAT PROFESSIONAL &#8211; PD DUCATO &#8217;94 BENZINA (1994-2002) ELECTRIC HEATED,FOLDING DOOR MIRRORS<br \/>\nFIAT PROFESSIONAL &#8211; PE DUCATO&#8217;94 DIESEL (1994-2002) ELECTRIC HEATED,FOLDING DOOR MIRRORS<br \/>\nCITROEN &#8211; JUMPER<br \/>\nPEUGEOT &#8211; BOXER<\/p>\n<p>LA PIEZA ES NUEVA Y ORIGINAL.<\/p>\n","protected":false},"excerpt":{"rendered":"<p>Interruptor, mando de regulaci\u00f3n de los espejos retrovisores el\u00e9ctricos de: FIAT PROFESSIONAL &#8211; PD DUCATO &#8217;94 BENZINA (1994-2002) ELECTRIC HEATED,FOLDING DOOR MIRRORS FIAT PROFESSIONAL &#8211; PE DUCATO&#8217;94 DIESEL (1994-2002) ELECTRIC HEATED,FOLDING DOOR MIRRORS CITROEN &#8211; JUMPER PEUGEOT &#8211; BOXER LA PIEZA ES NUEVA Y ORIGINAL.<\/p>\n","protected":false},"featured_media":97733,"template":"","meta":{"_seopress_robots_primary_cat":"","_seopress_titles_title":"","_seopress_titles_desc":"","_seopress_robots_index":""},"product_cat":[88,20],"product_tag":[],"class_list":{"0":"post-97728","1":"product","2":"type-product","3":"status-publish","4":"has-post-thumbnail","6":"product_cat-recambios-fiat-ducato","7":"product_cat-recambios-fiat","9":"first","10":"outofstock","11":"taxable","12":"shipping-taxable","13":"purchasable","14":"product-type-simple"},"_links":{"self":[{"href":"https:\/\/galicianparts.com\/shop\/wp-json\/wp\/v2\/product\/97728"}],"collection":[{"href":"https:\/\/galicianparts.com\/shop\/wp-json\/wp\/v2\/product"}],"about":[{"href":"https:\/\/galicianparts.com\/shop\/wp-json\/wp\/v2\/types\/product"}],"wp:featuredmedia":[{"embeddable":true,"href":"https:\/\/galicianparts.com\/shop\/wp-json\/wp\/v2\/media\/97733"}],"wp:attachment":[{"href":"https:\/\/galicianparts.com\/shop\/wp-json\/wp\/v2\/media?parent=97728"}],"wp:term":[{"taxonomy":"product_cat","embeddable":true,"href":"https:\/\/galicianparts.com\/shop\/wp-json\/wp\/v2\/product_cat?post=97728"},{"taxonomy":"product_tag","embeddable":true,"href":"https:\/\/galicianparts.com\/shop\/wp-json\/wp\/v2\/product_tag?post=97728"}],"curies":[{"name":"wp","href":"https:\/\/api.w.org\/{rel}","templated":true}]}}